{"id":392,"date":"2020-10-27T14:04:43","date_gmt":"2020-10-27T13:04:43","guid":{"rendered":"https:\/\/websie.cefe.cnrs.fr\/sylvieblangy\/?page_id=392"},"modified":"2020-11-16T18:11:45","modified_gmt":"2020-11-16T17:11:45","slug":"wide-audience-or-popular-scientific-articles","status":"publish","type":"page","link":"https:\/\/websie.cefe.cnrs.fr\/sylvieblangy\/wide-audience-or-popular-scientific-articles\/","title":{"rendered":"Wide audience or popular scientific articles"},"content":{"rendered":"\t\t<div data-elementor-type=\"wp-page\" data-elementor-id=\"392\" class=\"elementor elementor-392\">\n\t\t\t\t\t\t<section class=\"elementor-section elementor-top-section elementor-element elementor-element-6cb332dd elementor-section-boxed elementor-section-height-default elementor-section-height-default\" data-id=\"6cb332dd\" data-element_type=\"section\" data-settings=\"{&quot;background_background&quot;:&quot;gradient&quot;}\">\n\t\t\t\t\t\t\t<div class=\"elementor-background-overlay\"><\/div>\n\t\t\t\t\t\t\t<div class=\"elementor-container elementor-column-gap-default\">\n\t\t\t\t\t<div class=\"elementor-column elementor-col-100 elementor-top-column elementor-element elementor-element-5e49032a\" data-id=\"5e49032a\" data-element_type=\"column\">\n\t\t\t<div class=\"elementor-widget-wrap elementor-element-populated\">\n\t\t\t\t\t\t<div class=\"elementor-element elementor-element-151a8632 elementor-widget elementor-widget-heading\" data-id=\"151a8632\" data-element_type=\"widget\" data-widget_type=\"heading.default\">\n\t\t\t\t<div class=\"elementor-widget-container\">\n\t\t\t\t\t<h2 class=\"elementor-heading-title elementor-size-default\"><b>Publication<\/b><\/h2>\t\t\t\t<\/div>\n\t\t\t\t<\/div>\n\t\t\t\t\t<\/div>\n\t\t<\/div>\n\t\t\t\t\t<\/div>\n\t\t<\/section>\n\t\t\t\t<section class=\"elementor-section elementor-top-section elementor-element elementor-element-e7a20cd elementor-section-boxed elementor-section-height-default elementor-section-height-default\" data-id=\"e7a20cd\" data-element_type=\"section\">\n\t\t\t\t\t\t<div class=\"elementor-container elementor-column-gap-default\">\n\t\t\t\t\t<div class=\"elementor-column elementor-col-100 elementor-top-column elementor-element elementor-element-2a609e4\" data-id=\"2a609e4\" data-element_type=\"column\">\n\t\t\t<div class=\"elementor-widget-wrap elementor-element-populated\">\n\t\t\t\t\t\t<div class=\"elementor-element elementor-element-1e7c6fa elementor-widget elementor-widget-spacer\" data-id=\"1e7c6fa\" data-element_type=\"widget\" data-widget_type=\"spacer.default\">\n\t\t\t\t<div class=\"elementor-widget-container\">\n\t\t\t\t\t\t\t<div class=\"elementor-spacer\">\n\t\t\t<div class=\"elementor-spacer-inner\"><\/div>\n\t\t<\/div>\n\t\t\t\t\t\t<\/div>\n\t\t\t\t<\/div>\n\t\t\t\t<div class=\"elementor-element elementor-element-c9a929f elementor-widget elementor-widget-heading\" data-id=\"c9a929f\" data-element_type=\"widget\" data-widget_type=\"heading.default\">\n\t\t\t\t<div class=\"elementor-widget-container\">\n\t\t\t\t\t<h2 class=\"elementor-heading-title elementor-size-default\">Articles in technical journals and for the wider public, conference proceedings and other publications (28)<\/h2>\t\t\t\t<\/div>\n\t\t\t\t<\/div>\n\t\t\t\t\t<\/div>\n\t\t<\/div>\n\t\t\t\t\t<\/div>\n\t\t<\/section>\n\t\t\t\t<section class=\"elementor-section elementor-top-section elementor-element elementor-element-f158704 elementor-section-boxed elementor-section-height-default elementor-section-height-default\" data-id=\"f158704\" data-element_type=\"section\">\n\t\t\t\t\t\t<div class=\"elementor-container elementor-column-gap-default\">\n\t\t\t\t\t<div class=\"elementor-column elementor-col-100 elementor-top-column elementor-element elementor-element-7eaa288\" data-id=\"7eaa288\" data-element_type=\"column\">\n\t\t\t<div class=\"elementor-widget-wrap elementor-element-populated\">\n\t\t\t\t\t\t<div class=\"elementor-element elementor-element-2e73234 elementor-widget elementor-widget-text-editor\" data-id=\"2e73234\" data-element_type=\"widget\" data-widget_type=\"text-editor.default\">\n\t\t\t\t<div class=\"elementor-widget-container\">\n\t\t\t\t\t\t\t\t\t<ul><li><span style=\"font-weight: 400;\">Dosias-Perla, Davia, Scotto d\u2019Apollonia, Lionel, Blangy, Sylvie. 2019. <\/span><i><span style=\"font-weight: 400;\">Un dispositif participatif stable au service de la qualit\u00e9 de l\u2019air: Le cas de l\u2019\u00e9laboration de l\u2019ing\u00e9nierie participative \u00ab Artivistes-atelier \u00bb.<\/span><\/i> <b>OPDE Conference proceedings<\/b><span style=\"font-weight: 400;\"> Clermont-Ferrand 15 and 16 Oct. 2019. \u2018How to adapt and hybridize participatory approaches in regions?\u2019<\/span><\/li><li><span style=\"font-weight: 400;\"> FELDMANN, P., BLANGY, S., CHEVALIER, J. 2017. <\/span><i><span style=\"font-weight: 400;\">Participatory action research in support of research integrity: engaging the parties concerned<\/span><\/i><span style=\"font-weight: 400;\">. In World Congress on Research Integrity: Abstract book. WCRI. Amsterdam, Netherlands: p. 122. May\/31.\u00a0 <\/span><a href=\"http:\/\/www.wcri2017.org\/\"><span style=\"font-weight: 400;\">http:\/\/www.wcri2017.org\/<\/span><\/a><span style=\"font-weight: 400;\">;\u00a0<\/span><span style=\"font-weight: 400;\"><a href=\"https:\/\/agritrop.cirad.fr\/584507\/\">https:\/\/agritrop.cirad.fr\/584507\/<\/a><\/span><\/li><li><span style=\"font-weight: 400;\"> Blangy, S. 2009. <\/span><i><span style=\"font-weight: 400;\">Ecotourisme autochtone en r\u00e9gions nordiques, changements globaux, style de vie et savoir faire Traditionnels (ECOTRAD): Ou comment initier des collaborations de recherche entre les Inuit chasseurs de caribous de Baker Lake au Nunavut et les Sami \u00e9leveurs de rennes de \u00d6vre Soppero en Su\u00e8de<\/span><\/i><span style=\"font-weight: 400;\">. <\/span><b>Bulletin DIALOG<\/b><span style=\"font-weight: 400;\">. March. <\/span><a href=\"http:\/\/www.reseaudialog.ca\/fr\/recherche\/publications\/Bulletin\"><span style=\"font-weight: 400;\">www.reseaudialog.ca\/fr\/recherche\/publications\/Bulletin<\/span><\/a><\/li><li><span style=\"font-weight: 400;\"> Blangy, S. 2009<\/span><b>. <\/b><i><span style=\"font-weight: 400;\">ECOTRAD: \u00e9tude comparative entre les Inuit chasseurs de caribous de Baker Lake au Nunavut et les Sami \u00e9leveurs de rennes de \u00d6vre Soppero en Su\u00e8de<\/span><\/i><span style=\"font-weight: 400;\">. In<\/span><b> RAPPORT D\u2019ACTIVIT\u00c9 DE L\u2019IPEV 2008-2009<\/b><b>. <\/b><span style=\"font-weight: 400;\">June.<\/span><\/li><li><span style=\"font-weight: 400;\"> Blangy, S. 2009. <\/span><i><span style=\"font-weight: 400;\">Une boursi\u00e8re Marie Curie accueillie \u00e0 l\u2019UPV<\/span><\/i><span style=\"font-weight: 400;\">. In\u00a0<\/span><b><i>Le <\/i><\/b><b>Dit de l\u2019UPV<\/b><span style=\"font-weight: 400;\">, University of Montpellier III, University Newsletter. April. Page 3.<\/span><\/li><li><span style=\"font-weight: 400;\"> Blangy, S. &amp; Mitchell, S. 2009.<\/span> <i><span style=\"font-weight: 400;\">Indigenous Ecotourism: Connecting Communities through Integrated, Open Source, Web-based Technologies<\/span><\/i><span style=\"font-weight: 400;\">.<\/span> <b>ECOCURRENT TIES NEWSLETTER<\/b><span style=\"font-weight: 400;\">. <\/span><span style=\"font-weight: 400;\">April.<\/span><\/li><li><span style=\"font-weight: 400;\"> Blangy, S. 2008. <\/span><i><span style=\"font-weight: 400;\">Evaluation de la durabilit\u00e9 dans les projets de tourisme autochtone au Canada<\/span><\/i><span style=\"font-weight: 400;\">. <\/span><b>ACTES DU COLLOQUE DE L<\/b><span style=\"font-weight: 400;\">\u2019<\/span><b>ECOLE TH\u00c9MATIQUE CNRS<\/b><span style=\"font-weight: 400;\">,<\/span><span style=\"font-weight: 400;\"> Carg\u00e8se. October.<\/span><\/li><li><a href=\"http:\/\/www.cnrs.fr\/inee\/recherche\/formation.htm\"><span style=\"font-weight: 400;\">http:\/\/www.cnrs.fr\/inee\/recherche\/formation.htm<\/span><\/a><span style=\"font-weight: 400;\">\u00a0<\/span><\/li><li><span style=\"font-weight: 400;\"> Blangy, S., &amp; Torrance, K. 2008. <\/span><i><span style=\"font-weight: 400;\">A Professional \u2018Tourist\u2019 experiences Aboriginal Canada<\/span><\/i><span style=\"font-weight: 400;\">. <\/span><b>MARIE CURIE FELLOWSHIP ASSOCIATION NEWSLETTER<\/b><span style=\"font-weight: 400;\">. September. <\/span><a href=\"http:\/\/mcfa.eu\"><span style=\"font-weight: 400;\">http:\/\/mcfa.eu<\/span><\/a><\/li><li><span style=\"font-weight: 400;\"> Blangy, S., O. Hillel, C. Robichaud. 2008. <\/span><i><span style=\"font-weight: 400;\">Indigenous Communities, Tourism and Biodiversity Workshop Series: New Information and Web-Based Technologies<\/span><\/i><span style=\"font-weight: 400;\">, Arctic Workshop in Quebec, Canada. <\/span><b>DIALOG.<\/b><span style=\"font-weight: 400;\"> Conference report. Newsletter. February. <\/span><a href=\"http:\/\/www.reseaudialog.ca\"><span style=\"font-weight: 400;\">http:\/\/www.reseaudialog.ca<\/span><\/a><\/li><li><span style=\"font-weight: 400;\"> Blangy, S, J-L Martin. 2007. <\/span><i><span style=\"font-weight: 400;\">Sur la route de Migration des Rennes en pays Sami<\/span><\/i><span style=\"font-weight: 400;\">. <\/span><b>ECOTOURISME MAGAZINE<\/b><span style=\"font-weight: 400;\">. No. 8. January.<\/span><\/li><li><span style=\"font-weight: 400;\"> Blangy, S., 2005. <\/span><i><span style=\"font-weight: 400;\">Le marketing du tourisme durable<\/span><\/i><span style=\"font-weight: 400;\">. In <\/span><b>ECOTOURISME MAGAZINE <\/b><span style=\"font-weight: 400;\">no. 3. March.\u00a0<\/span><\/li><li><span style=\"font-weight: 400;\"> Blangy, S. 2004. <\/span><i><span style=\"font-weight: 400;\">Reisepavillon et le Forum de Tourisme International en Allemagne renforcent leurs collaborations,<\/span><\/i> <b>ECOTOURISME MAGAZINE.<\/b><span style=\"font-weight: 400;\"> No. 2. December.<\/span><\/li><li><span style=\"font-weight: 400;\"> Blangy, S., 2004. <\/span><i><span style=\"font-weight: 400;\">TIES, La Soci\u00e9t\u00e9 d\u2019Ecotourisme International: les gardiens du temple<\/span><\/i><span style=\"font-weight: 400;\">. <\/span><i><span style=\"font-weight: 400;\">Interview de S Blangy. Reise Pavillon et TFI<\/span><\/i><span style=\"font-weight: 400;\">. In <\/span><b>ECOTOURISME MAGAZINE,<\/b><span style=\"font-weight: 400;\"> no. 1 July\/August.\u00a0<\/span><\/li><li><span style=\"font-weight: 400;\"> Martin J-L, S. Blangy, 2004. <\/span><i><span style=\"font-weight: 400;\">Home at the Edge of the World<\/span><\/i><span style=\"font-weight: 400;\">. <\/span><b>WaveLength Magazine. <\/b><span style=\"font-weight: 400;\">June\/July. <\/span><a href=\"http:\/\/www.wavelengthmagazine.com\/2004\/jj04homeworld.php\"><span style=\"font-weight: 400;\">http:\/\/www.wavelengthmagazine.com\/2004\/jj04homeworld.php<\/span><\/a><\/li><li><span style=\"font-weight: 400;\"> Blangy, S., G. Dubois, F. Kouchner. 2002. <\/span><i><span style=\"font-weight: 400;\">L\u2019\u00e9cotourisme, un concept fructueux pour le tourisme fran\u00e7ais<\/span><\/i><span style=\"font-weight: 400;\">, <\/span><b>ESPACES tourisme et loisirs<\/b><span style=\"font-weight: 400;\">, no. 195, p 48\u201355, July\/August.\u00a0<\/span><\/li><li><span style=\"font-weight: 400;\"> Blangy, S. 2000. <\/span><i><span style=\"font-weight: 400;\">Lignes directrices et chartes du tourisme durable dans les espaces prot\u00e9g\u00e9s en Europe. Analyse des initiatives existantes. Bonnes pratiques<\/span><\/i><span style=\"font-weight: 400;\">. Lisbon Conference Proceedings. In <\/span><b>Les CAHIERS d\u2019ESPACES<\/b><span style=\"font-weight: 400;\">. Issue on Sustainable Tourism. December.<\/span><\/li><li><span style=\"font-weight: 400;\"> Blangy, S. 1999. <\/span><i><span style=\"font-weight: 400;\">Les politiques d\u2019\u00e9cocertification et d\u2019\u00e9colabelling dans le monde et leurs d\u00e9clinaisons; chartes d\u2019\u00e9thique et codes de conduites<\/span><\/i><span style=\"font-weight: 400;\">. In<\/span><b> LES CAHIERS D\u2019ESPACES<\/b><span style=\"font-weight: 400;\">. Issue on Tourism and the Environment. October.<\/span><\/li><li><span style=\"font-weight: 400;\"> Blangy, S. &amp; F. Kouchner. 1999. <\/span><i><span style=\"font-weight: 400;\">La marque de confiance du parc national de Guadeloupe<\/span><\/i><span style=\"font-weight: 400;\">. In <\/span><b>LES CAHIERS D\u2019ESPACES no. 61<\/b><span style=\"font-weight: 400;\">, Quality and Tourism. July.<\/span><\/li><li><span style=\"font-weight: 400;\"> Porte, J.M., Blangy, S. 1999. <\/span><i><span style=\"font-weight: 400;\">La mont\u00e9e en puissance de l\u2019\u00e9cotourisme; la charte \u00e9thique du voyageur<\/span><\/i><span style=\"font-weight: 400;\">. In <\/span><b>GRANDS REPORTAGES.<\/b><span style=\"font-weight: 400;\"> April. (Interview with S. Blangy).<\/span><\/li><li><span style=\"font-weight: 400;\"> Bequette F., Blangy, S. 1999. <\/span><i><span style=\"font-weight: 400;\">Les limites de l\u2019\u00e9cotourisme. Dossier Les Espaces Naturels<\/span><\/i><span style=\"font-weight: 400;\">. In <\/span><b>MA PLANETE. FONDATION NICOLAS HULOT.<\/b><span style=\"font-weight: 400;\"> March\/April. (Interview with S. Blangy)<\/span><\/li><li><span style=\"font-weight: 400;\"> Blangy, S. 1999. <\/span><i><span style=\"font-weight: 400;\">Au c\u0153ur de la for\u00eat amazonienne au Venezuela. L\u2019exemple d\u2019un tour op\u00e9rateur Natura Raid<\/span><\/i><span style=\"font-weight: 400;\">. <\/span><b>SANTE MAGAZINE,<\/b><span style=\"font-weight: 400;\"> \u2018Terre et Vie\u2019. April.<\/span><\/li><li><span style=\"font-weight: 400;\"> Blangy, S. 1995. <\/span><i><span style=\"font-weight: 400;\">Ecotourisme, tourisme durable et tourisme rural<\/span><\/i><span style=\"font-weight: 400;\">, p.60\u201368, in \u2018Rural Tourism: the Path to Sustainable Tourism\u2019,<\/span><b> LES CAHIERS D\u2019ESPACES<\/b><span style=\"font-weight: 400;\"> no. 42, SARL E.T.E. Paris.<\/span><\/li><li><span style=\"font-weight: 400;\"> Blangy, S. 1993. <\/span><i><span style=\"font-weight: 400;\">L\u2019Ecotourisme dans le monde<\/span><\/i><span style=\"font-weight: 400;\">, p.223\u2013225, in \u2018Tourism and the Environment: from Nature Tourism to Ecotourism\u2019,<\/span> <span style=\"font-weight: 400;\">special issue of<\/span><b> ESPACES,<\/b><span style=\"font-weight: 400;\"> SARL E.T.E., Paris.<\/span><\/li><li><span style=\"font-weight: 400;\"> Blangy, S. 1993. <\/span><i><span style=\"font-weight: 400;\">Ecotourisme et D\u00e9veloppement; L\u2019Exemple de l\u2019Am\u00e9rique Latine,<\/span><\/i><span style=\"font-weight: 400;\"> p.228\u2013235 in \u2018Tourism and the Environment\u2019, special issue of<\/span> <b>ESPACES<\/b><span style=\"font-weight: 400;\">,<\/span><span style=\"font-weight: 400;\"> SARL E.T.E., Paris.<\/span><\/li><li><span style=\"font-weight: 400;\"> Blangy, S. 1993. <\/span><i><span style=\"font-weight: 400;\">Hotelplan: Un tour Op\u00e9rateur Ecologique<\/span><\/i><span style=\"font-weight: 400;\">, p.114\u2013118 in \u2018Tourism and the Environment\u2019, special issue of<\/span><b> ESPACES<\/b><span style=\"font-weight: 400;\">, SARL E.T.E., Paris.<\/span><\/li><li><span style=\"font-weight: 400;\"> Blangy, S. 1990. <\/span><i><span style=\"font-weight: 400;\">Rural tourism in the south of France; the roots of nature and cultural tourism<\/span><\/i><span style=\"font-weight: 400;\">, <\/span><b>TRAVEL AND TOURISM RESEARCH ASSOCIATION<\/b><b>,<\/b><span style=\"font-weight: 400;\"> New York Chapter, vol.10, no. 2.<\/span><\/li><li><span style=\"font-weight: 400;\"> Blangy, S. 1986. <\/span><i><span style=\"font-weight: 400;\">Pays d\u2019accueil; qui va payer?<\/span><\/i><b> ESPACES<\/b><span style=\"font-weight: 400;\">, no. 82.<\/span><\/li><li><span style=\"font-weight: 400;\"> Blangy, S. 1985. <\/span><i><span style=\"font-weight: 400;\">Monter des produits, les promouvoir et les vendre<\/span><\/i><span style=\"font-weight: 400;\">, <\/span><b>ESPACES<\/b><i><span style=\"font-weight: 400;\">,<\/span><\/i><span style=\"font-weight: 400;\"> no. 73.<\/span><\/li><\/ul>\t\t\t\t\t\t\t\t<\/div>\n\t\t\t\t<\/div>\n\t\t\t\t\t<\/div>\n\t\t<\/div>\n\t\t\t\t\t<\/div>\n\t\t<\/section>\n\t\t\t\t<\/div>\n\t\t","protected":false},"excerpt":{"rendered":"<p>Publication Articles in technical journals and for the wider public, conference proceedings and other publications (28) Dosias-Perla, Davia, Scotto d\u2019Apollonia, Lionel, Blangy, Sylvie. 2019. Un dispositif participatif stable au service de la qualit\u00e9 de l\u2019air: Le cas de l\u2019\u00e9laboration de l\u2019ing\u00e9nierie participative \u00ab Artivistes-atelier \u00bb. OPDE Conference proceedings Clermont-Ferrand 15 and 16 Oct. 2019. \u2018How [&hellip;]<\/p>\n","protected":false},"author":1,"featured_media":0,"parent":0,"menu_order":0,"comment_status":"closed","ping_status":"closed","template":"","meta":{"site-sidebar-layout":"no-sidebar","site-content-layout":"page-builder","ast-site-content-layout":"default","site-content-style":"default","site-sidebar-style":"default","ast-global-header-display":"","ast-banner-title-visibility":"","ast-main-header-display":"","ast-hfb-above-header-display":"","ast-hfb-below-header-display":"","ast-hfb-mobile-header-display":"","site-post-title":"disabled","ast-breadcrumbs-content":"","ast-featured-img":"disabled","footer-sml-layout":"","ast-disable-related-posts":"","theme-transparent-header-meta":"default","adv-header-id-meta":"","stick-header-meta":"","header-above-stick-meta":"","header-main-stick-meta":"","header-below-stick-meta":"","astra-migrate-meta-layouts":"default","ast-page-background-enabled":"default","ast-page-background-meta":{"desktop":{"background-color":"","background-image":"","background-repeat":"repeat","background-position":"center center","background-size":"auto","background-attachment":"scroll","background-type":"","background-media":"","overlay-type":"","overlay-color":"","overlay-opacity":"","overlay-gradient":""},"tablet":{"background-color":"","background-image":"","background-repeat":"repeat","background-position":"center center","background-size":"auto","background-attachment":"scroll","background-type":"","background-media":"","overlay-type":"","overlay-color":"","overlay-opacity":"","overlay-gradient":""},"mobile":{"background-color":"","background-image":"","background-repeat":"repeat","background-position":"center center","background-size":"auto","background-attachment":"scroll","background-type":"","background-media":"","overlay-type":"","overlay-color":"","overlay-opacity":"","overlay-gradient":""}},"ast-content-background-meta":{"desktop":{"background-color":"var(--ast-global-color-5)","background-image":"","background-repeat":"repeat","background-position":"center center","background-size":"auto","background-attachment":"scroll","background-type":"","background-media":"","overlay-type":"","overlay-color":"","overlay-opacity":"","overlay-gradient":""},"tablet":{"background-color":"var(--ast-global-color-5)","background-image":"","background-repeat":"repeat","background-position":"center center","background-size":"auto","background-attachment":"scroll","background-type":"","background-media":"","overlay-type":"","overlay-color":"","overlay-opacity":"","overlay-gradient":""},"mobile":{"background-color":"var(--ast-global-color-5)","background-image":"","background-repeat":"repeat","background-position":"center center","background-size":"auto","background-attachment":"scroll","background-type":"","background-media":"","overlay-type":"","overlay-color":"","overlay-opacity":"","overlay-gradient":""}},"footnotes":""},"class_list":["post-392","page","type-page","status-publish","hentry"],"_links":{"self":[{"href":"https:\/\/websie.cefe.cnrs.fr\/sylvieblangy\/wp-json\/wp\/v2\/pages\/392","targetHints":{"allow":["GET"]}}],"collection":[{"href":"https:\/\/websie.cefe.cnrs.fr\/sylvieblangy\/wp-json\/wp\/v2\/pages"}],"about":[{"href":"https:\/\/websie.cefe.cnrs.fr\/sylvieblangy\/wp-json\/wp\/v2\/types\/page"}],"author":[{"embeddable":true,"href":"https:\/\/websie.cefe.cnrs.fr\/sylvieblangy\/wp-json\/wp\/v2\/users\/1"}],"replies":[{"embeddable":true,"href":"https:\/\/websie.cefe.cnrs.fr\/sylvieblangy\/wp-json\/wp\/v2\/comments?post=392"}],"version-history":[{"count":5,"href":"https:\/\/websie.cefe.cnrs.fr\/sylvieblangy\/wp-json\/wp\/v2\/pages\/392\/revisions"}],"predecessor-version":[{"id":517,"href":"https:\/\/websie.cefe.cnrs.fr\/sylvieblangy\/wp-json\/wp\/v2\/pages\/392\/revisions\/517"}],"wp:attachment":[{"href":"https:\/\/websie.cefe.cnrs.fr\/sylvieblangy\/wp-json\/wp\/v2\/media?parent=392"}],"curies":[{"name":"wp","href":"https:\/\/api.w.org\/{rel}","templated":true}]}}