{"id":379,"date":"2020-10-27T13:49:12","date_gmt":"2020-10-27T12:49:12","guid":{"rendered":"https:\/\/websie.cefe.cnrs.fr\/sylvieblangy\/?page_id=379"},"modified":"2020-11-16T16:30:07","modified_gmt":"2020-11-16T15:30:07","slug":"scientific-responsabilities-2","status":"publish","type":"page","link":"https:\/\/websie.cefe.cnrs.fr\/sylvieblangy\/scientific-responsabilities-2\/","title":{"rendered":"Scientific responsabilities"},"content":{"rendered":"\t\t<div data-elementor-type=\"wp-page\" data-elementor-id=\"379\" class=\"elementor elementor-379\">\n\t\t\t\t\t\t<section class=\"elementor-section elementor-top-section elementor-element elementor-element-1e2be5c2 elementor-section-boxed elementor-section-height-default elementor-section-height-default\" data-id=\"1e2be5c2\" data-element_type=\"section\" data-settings=\"{&quot;background_background&quot;:&quot;gradient&quot;}\">\n\t\t\t\t\t\t\t<div class=\"elementor-background-overlay\"><\/div>\n\t\t\t\t\t\t\t<div class=\"elementor-container elementor-column-gap-default\">\n\t\t\t\t\t<div class=\"elementor-column elementor-col-100 elementor-top-column elementor-element elementor-element-29aacf31\" data-id=\"29aacf31\" data-element_type=\"column\">\n\t\t\t<div class=\"elementor-widget-wrap elementor-element-populated\">\n\t\t\t\t\t\t<div class=\"elementor-element elementor-element-2d0d30c8 elementor-widget elementor-widget-heading\" data-id=\"2d0d30c8\" data-element_type=\"widget\" data-widget_type=\"heading.default\">\n\t\t\t\t<div class=\"elementor-widget-container\">\n\t\t\t\t\t<h2 class=\"elementor-heading-title elementor-size-default\"><b>Scientific responsabilities<\/b><\/h2>\t\t\t\t<\/div>\n\t\t\t\t<\/div>\n\t\t\t\t\t<\/div>\n\t\t<\/div>\n\t\t\t\t\t<\/div>\n\t\t<\/section>\n\t\t\t\t<section class=\"elementor-section elementor-top-section elementor-element elementor-element-b9ffab4 elementor-section-boxed elementor-section-height-default elementor-section-height-default\" data-id=\"b9ffab4\" data-element_type=\"section\">\n\t\t\t\t\t\t<div class=\"elementor-container elementor-column-gap-default\">\n\t\t\t\t\t<div class=\"elementor-column elementor-col-100 elementor-top-column elementor-element elementor-element-3b5bad2\" data-id=\"3b5bad2\" data-element_type=\"column\">\n\t\t\t<div class=\"elementor-widget-wrap elementor-element-populated\">\n\t\t\t\t\t\t<div class=\"elementor-element elementor-element-8d03fc9 elementor-widget elementor-widget-spacer\" data-id=\"8d03fc9\" data-element_type=\"widget\" data-widget_type=\"spacer.default\">\n\t\t\t\t<div class=\"elementor-widget-container\">\n\t\t\t\t\t\t\t<div class=\"elementor-spacer\">\n\t\t\t<div class=\"elementor-spacer-inner\"><\/div>\n\t\t<\/div>\n\t\t\t\t\t\t<\/div>\n\t\t\t\t<\/div>\n\t\t\t\t<div class=\"elementor-element elementor-element-db61ddf elementor-widget elementor-widget-heading\" data-id=\"db61ddf\" data-element_type=\"widget\" data-widget_type=\"heading.default\">\n\t\t\t\t<div class=\"elementor-widget-container\">\n\t\t\t\t\t<h2 class=\"elementor-heading-title elementor-size-default\">Project reviews and participation in scientific committees<\/h2>\t\t\t\t<\/div>\n\t\t\t\t<\/div>\n\t\t\t\t<div class=\"elementor-element elementor-element-9cc0c2f elementor-widget elementor-widget-text-editor\" data-id=\"9cc0c2f\" data-element_type=\"widget\" data-widget_type=\"text-editor.default\">\n\t\t\t\t<div class=\"elementor-widget-container\">\n\t\t\t\t\t\t\t\t\t<ul><li><b>EUROPEAN SCIENCE FOUNDATION (ESF): 2020. <\/b><span style=\"font-weight: 400;\">\u00a0Expertise in the context of the assessment process carried out by the ESF for GE8 doctoral contracts.<\/span><\/li><li><b>NORDFORSK: 2019.\u00a0<\/b><span style=\"font-weight: 400;\">Nordic\u2013Russian call for projects, Nordic Council of Ministers. <\/span><a href=\"https:\/\/www.nordforsk.org\/no\/funding\/call-for-proposals-feasibility-study-for-co-production-between-researchers-and-local-indigenous-communities\"><span style=\"font-weight: 400;\">Feasibility study for co-production between researchers and local Indigenous communities<\/span><\/a><span style=\"font-weight: 400;\">. Evaluated three out of seven projects, with two recipients awarded.\u00a0<\/span><\/li><li><b>CO3 CO-CONSTRUCTION OF KNOWLEDGE: 2018, 2019, 2020. <\/b><span style=\"font-weight: 400;\">Member of the Multidisciplinary Science Steering Committee. Evaluation of 90 projects in 2018 and 2019. CO3 is supported by the French Environment and Energy Management Agency (ADEME), Agropolis Foundation, the Fondation de France and the Fondation Charles Leopold Mayer pour le Progr\u00e8s de l\u2019Homme. 90 applications in 2018 and 87 in 2019.<\/span><\/li><li><b>TIERS VEILLEUR. <\/b><span style=\"font-weight: 400;\">Participatory action research project for the French Environment and Energy Management Agency (ADEME).<\/span><\/li><li><b>GRAND PRIX IN PARTICIPATORY RESEARCH. <\/b><span style=\"font-weight: 400;\">Fondation de France.\u00a0<\/span><\/li><li><b>BIODIVERSITY &amp; BELMONT FORUM CALL: 2018. <\/b><span style=\"font-weight: 400;\">Scenarios of Biodiversity and Ecosystem Services. Policy\/management external reviewer. Evaluation of three projects.<\/span><\/li><li><b>INNOVIRIS, CO-CREATE: 2016, 2017, 2018, 2019. <\/b><span style=\"font-weight: 400;\">Evaluation of pre-proposals submitted to CO-CREATE and INNOVIRIS (Brussels region).\u00a0<\/span><\/li><li><b>REPERE. <\/b><span style=\"font-weight: 400;\">French Ministry of the Environment.<\/span><\/li><li><b>RESEARCH COUNCIL OF NORWAY: 2016. <\/b><span style=\"font-weight: 400;\">POLARPROG. Resource and environmental management in the Arctic and Antarctic. Twelve projects, three of which as lead reviewer.\u00a0<\/span><\/li><li><b>CRNSG\/NSERC Canada: 2016. <\/b><span style=\"font-weight: 400;\">Individual Discovery Grant Programme.\u00a0<\/span><\/li><li><b>FRQNT Quebec: 2015. <\/b><span style=\"font-weight: 400;\">Quebec Research Fund. Collaborative research programme on the sustainable development of the mining sector.<\/span> <span style=\"font-weight: 400;\">Theme: social perception of the mining industry and the social acceptability of mining projects.<\/span><\/li><li><b>ERANET-NETBIOME (EU &amp; French National Research Agency): 2015. <\/b><span style=\"font-weight: 400;\">Biodiversity and sustainable development in ultra-peripheral regions of Europe. Reviewed eight projects receiving mid-term funding (Guadeloupe, 2015).<\/span> <span style=\"font-weight: 400;\">Chair of the Evaluation Committee (Portugal, 2011).<\/span><\/li><li><b>SSHRC\/CRSSH Canada: 2009. <\/b><span style=\"font-weight: 400;\">Social Sciences and Humanities Research Council. OIF (Opportunity International Fund).\u00a0<\/span><\/li><li><b>EU, DG Enterprise:\u00a02001.<\/b><span style=\"font-weight: 400;\"> DG Environment.\u00a0<\/span><\/li><li><b>FRENCH FACILITY FOR GLOBAL ENVIRONMENT (FFEM): 1999.<\/b><span style=\"font-weight: 400;\"> Global Environment Fund (GEF). Review of FFEM Ecotourism projects for the Ministry of Foreign Affairs.\u00a0<\/span><\/li><li><b>GLOBAL ENVIRONMENT FUND (GEF)<\/b><span style=\"font-weight: 400;\">, WORLD BANK<\/span>\u00a0<\/li><li><b>FRENCH MINISTRY OF AGRICULTURE: 1992.<\/b><span style=\"font-weight: 400;\"> Inter-ministry Funds for Rural Development (FIDAR), European Funds for Regional Development (FEDER).<\/span><\/li><\/ul>\t\t\t\t\t\t\t\t<\/div>\n\t\t\t\t<\/div>\n\t\t\t\t<div class=\"elementor-element elementor-element-0cc0475 elementor-widget elementor-widget-heading\" data-id=\"0cc0475\" data-element_type=\"widget\" data-widget_type=\"heading.default\">\n\t\t\t\t<div class=\"elementor-widget-container\">\n\t\t\t\t\t<h2 class=\"elementor-heading-title elementor-size-default\">Evaluation for peer-reviewed journals\n<\/h2>\t\t\t\t<\/div>\n\t\t\t\t<\/div>\n\t\t\t\t\t<\/div>\n\t\t<\/div>\n\t\t\t\t\t<\/div>\n\t\t<\/section>\n\t\t\t\t<section class=\"elementor-section elementor-top-section elementor-element elementor-element-7a2ee41 elementor-section-boxed elementor-section-height-default elementor-section-height-default\" data-id=\"7a2ee41\" data-element_type=\"section\">\n\t\t\t\t\t\t<div class=\"elementor-container elementor-column-gap-default\">\n\t\t\t\t\t<div class=\"elementor-column elementor-col-100 elementor-top-column elementor-element elementor-element-a018334\" data-id=\"a018334\" data-element_type=\"column\">\n\t\t\t<div class=\"elementor-widget-wrap elementor-element-populated\">\n\t\t\t\t\t\t<div class=\"elementor-element elementor-element-30cca9d elementor-widget elementor-widget-text-editor\" data-id=\"30cca9d\" data-element_type=\"widget\" data-widget_type=\"text-editor.default\">\n\t\t\t\t<div class=\"elementor-widget-container\">\n\t\t\t\t\t\t\t\t\t<ul><li><b>JOURNAL OF PARK AND RECREATION ADMINISTRATION<\/b><span style=\"font-weight: 400;\">. 1 article. Nov. 2019.<\/span><\/li><li><b>CANADIAN JOURNAL OF DEVELOPMENT STUDIES (REVUE CANADIENNE D\u2019\u00c9TUDES DU D\u00c9VELOPPEMENT). <\/b><span style=\"font-weight: 400;\">2 articles.<\/span><\/li><li><b>ARCTIC SCIENCES. <\/b><a href=\"http:\/\/www.nrcresearchpress.com\/journal\/as\"><span style=\"font-weight: 400;\">http:\/\/www.nrcresearchpress.com\/journal\/as<\/span><\/a><span style=\"font-weight: 400;\">. 1 article.<\/span><\/li><li><b>TOURISM GEOGRAPHIES.<\/b><span style=\"font-weight: 400;\"> 1 article.<\/span><\/li><li><b>THE JOURNAL OF ECOTOURISM<\/b><span style=\"font-weight: 400;\">: research journal, Channel View Publications, UK (3 articles).<\/span><\/li><li><span style=\"font-weight: 400;\">Guest editor in collaboration with Raynald Lemelin for the special issue on Aboriginal Ecotourism. Publication January 2009.<\/span><\/li><li><b>THE JOURNAL OF SUSTAINABLE TOURISM. <\/b><span style=\"font-weight: 400;\">2 articles.<\/span><\/li><li><b>THE MILLENNIUM ECOSYSTEM ASSESSMENT.<\/b><span style=\"font-weight: 400;\"> Strengthening Capacity to Manage Ecosystem Sustainability for Human Well-Being. Guest reviewer of the second draft of the global assessment report, chapter 5 on Biodiversity, during the period of July\u2013September 2004.<\/span><\/li><li><b>TEOROS.<\/b><span style=\"font-weight: 400;\"> Tourism research journal, Universit\u00e9 du Qu\u00e9bec \u00e0 Montr\u00e9al, Canada. 3 articles.<\/span><\/li><li><b>TIES.<\/b><span style=\"font-weight: 400;\"> The International Ecotourism Society Publication, United States. 2 book chapters.<\/span><\/li><li><b>UNEP.<\/b><span style=\"font-weight: 400;\"> Industry and Environment publications, Division of Technology, Industry and Economics. Full issue.<\/span><\/li><li><b>ECOTOURISME MAGAZINE.<\/b><span style=\"font-weight: 400;\"> 2 articles.<\/span><\/li><\/ul>\t\t\t\t\t\t\t\t<\/div>\n\t\t\t\t<\/div>\n\t\t\t\t<div class=\"elementor-element elementor-element-4a3dc1f elementor-widget elementor-widget-spacer\" data-id=\"4a3dc1f\" data-element_type=\"widget\" data-widget_type=\"spacer.default\">\n\t\t\t\t<div class=\"elementor-widget-container\">\n\t\t\t\t\t\t\t<div class=\"elementor-spacer\">\n\t\t\t<div class=\"elementor-spacer-inner\"><\/div>\n\t\t<\/div>\n\t\t\t\t\t\t<\/div>\n\t\t\t\t<\/div>\n\t\t\t\t<div class=\"elementor-element elementor-element-c0ca6d5 elementor-widget elementor-widget-heading\" data-id=\"c0ca6d5\" data-element_type=\"widget\" data-widget_type=\"heading.default\">\n\t\t\t\t<div class=\"elementor-widget-container\">\n\t\t\t\t\t<h2 class=\"elementor-heading-title elementor-size-default\">Scientific expertise activities\n<\/h2>\t\t\t\t<\/div>\n\t\t\t\t<\/div>\n\t\t\t\t\t<\/div>\n\t\t<\/div>\n\t\t\t\t\t<\/div>\n\t\t<\/section>\n\t\t\t\t<section class=\"elementor-section elementor-top-section elementor-element elementor-element-aa83352 elementor-section-boxed elementor-section-height-default elementor-section-height-default\" data-id=\"aa83352\" data-element_type=\"section\">\n\t\t\t\t\t\t<div class=\"elementor-container elementor-column-gap-default\">\n\t\t\t\t\t<div class=\"elementor-column elementor-col-100 elementor-top-column elementor-element elementor-element-4837975\" data-id=\"4837975\" data-element_type=\"column\">\n\t\t\t<div class=\"elementor-widget-wrap elementor-element-populated\">\n\t\t\t\t\t\t<div class=\"elementor-element elementor-element-9a7430f elementor-widget elementor-widget-text-editor\" data-id=\"9a7430f\" data-element_type=\"widget\" data-widget_type=\"text-editor.default\">\n\t\t\t\t<div class=\"elementor-widget-container\">\n\t\t\t\t\t\t\t\t\t<ul>\n<li><b>National Research Institute for Agriculture, Food and the Environment (INRAE).<\/b><span style=\"font-weight: 400;\"> Oct. 2016. Mar. 2017. Design and mediation of three days of participatory workshops on participatory science for 35 participants at INRAE. Supporting Christophe Roturier, Science and Society delegate.&nbsp;<\/span><\/li>\n<li><b>French Agricultural Research Centre for International Development (CIRAD).<\/b><span style=\"font-weight: 400;\"> 2016\u20132019. Doctoral school of Guadeloupe and Martinique. PhD programme of the Agreenium International Research Facility. Seminars at CIRAD on R\u00e9union Island. Led several participatory workshops for CIRAD and INRAE researchers. Tested a system for scientific integrity and ethics in research in support of the scientific integrity mission of Philippe Feldmann.&nbsp;<\/span><\/li>\n<\/ul>\t\t\t\t\t\t\t\t<\/div>\n\t\t\t\t<\/div>\n\t\t\t\t\t<\/div>\n\t\t<\/div>\n\t\t\t\t\t<\/div>\n\t\t<\/section>\n\t\t\t\t<\/div>\n\t\t","protected":false},"excerpt":{"rendered":"<p>Scientific responsabilities Project reviews and participation in scientific committees EUROPEAN SCIENCE FOUNDATION (ESF): 2020. \u00a0Expertise in the context of the assessment process carried out by the ESF for GE8 doctoral contracts. NORDFORSK: 2019.\u00a0Nordic\u2013Russian call for projects, Nordic Council of Ministers. Feasibility study for co-production between researchers and local Indigenous communities. Evaluated three out of seven [&hellip;]<\/p>\n","protected":false},"author":1,"featured_media":0,"parent":0,"menu_order":0,"comment_status":"closed","ping_status":"closed","template":"","meta":{"site-sidebar-layout":"no-sidebar","site-content-layout":"page-builder","ast-site-content-layout":"default","site-content-style":"default","site-sidebar-style":"default","ast-global-header-display":"","ast-banner-title-visibility":"","ast-main-header-display":"","ast-hfb-above-header-display":"","ast-hfb-below-header-display":"","ast-hfb-mobile-header-display":"","site-post-title":"disabled","ast-breadcrumbs-content":"","ast-featured-img":"disabled","footer-sml-layout":"","ast-disable-related-posts":"","theme-transparent-header-meta":"default","adv-header-id-meta":"","stick-header-meta":"","header-above-stick-meta":"","header-main-stick-meta":"","header-below-stick-meta":"","astra-migrate-meta-layouts":"default","ast-page-background-enabled":"default","ast-page-background-meta":{"desktop":{"background-color":"","background-image":"","background-repeat":"repeat","background-position":"center center","background-size":"auto","background-attachment":"scroll","background-type":"","background-media":"","overlay-type":"","overlay-color":"","overlay-opacity":"","overlay-gradient":""},"tablet":{"background-color":"","background-image":"","background-repeat":"repeat","background-position":"center center","background-size":"auto","background-attachment":"scroll","background-type":"","background-media":"","overlay-type":"","overlay-color":"","overlay-opacity":"","overlay-gradient":""},"mobile":{"background-color":"","background-image":"","background-repeat":"repeat","background-position":"center center","background-size":"auto","background-attachment":"scroll","background-type":"","background-media":"","overlay-type":"","overlay-color":"","overlay-opacity":"","overlay-gradient":""}},"ast-content-background-meta":{"desktop":{"background-color":"var(--ast-global-color-5)","background-image":"","background-repeat":"repeat","background-position":"center center","background-size":"auto","background-attachment":"scroll","background-type":"","background-media":"","overlay-type":"","overlay-color":"","overlay-opacity":"","overlay-gradient":""},"tablet":{"background-color":"var(--ast-global-color-5)","background-image":"","background-repeat":"repeat","background-position":"center center","background-size":"auto","background-attachment":"scroll","background-type":"","background-media":"","overlay-type":"","overlay-color":"","overlay-opacity":"","overlay-gradient":""},"mobile":{"background-color":"var(--ast-global-color-5)","background-image":"","background-repeat":"repeat","background-position":"center center","background-size":"auto","background-attachment":"scroll","background-type":"","background-media":"","overlay-type":"","overlay-color":"","overlay-opacity":"","overlay-gradient":""}},"footnotes":""},"class_list":["post-379","page","type-page","status-publish","hentry"],"_links":{"self":[{"href":"https:\/\/websie.cefe.cnrs.fr\/sylvieblangy\/wp-json\/wp\/v2\/pages\/379","targetHints":{"allow":["GET"]}}],"collection":[{"href":"https:\/\/websie.cefe.cnrs.fr\/sylvieblangy\/wp-json\/wp\/v2\/pages"}],"about":[{"href":"https:\/\/websie.cefe.cnrs.fr\/sylvieblangy\/wp-json\/wp\/v2\/types\/page"}],"author":[{"embeddable":true,"href":"https:\/\/websie.cefe.cnrs.fr\/sylvieblangy\/wp-json\/wp\/v2\/users\/1"}],"replies":[{"embeddable":true,"href":"https:\/\/websie.cefe.cnrs.fr\/sylvieblangy\/wp-json\/wp\/v2\/comments?post=379"}],"version-history":[{"count":6,"href":"https:\/\/websie.cefe.cnrs.fr\/sylvieblangy\/wp-json\/wp\/v2\/pages\/379\/revisions"}],"predecessor-version":[{"id":491,"href":"https:\/\/websie.cefe.cnrs.fr\/sylvieblangy\/wp-json\/wp\/v2\/pages\/379\/revisions\/491"}],"wp:attachment":[{"href":"https:\/\/websie.cefe.cnrs.fr\/sylvieblangy\/wp-json\/wp\/v2\/media?parent=379"}],"curies":[{"name":"wp","href":"https:\/\/api.w.org\/{rel}","templated":true}]}}