{"id":2515,"date":"2020-03-30T18:23:40","date_gmt":"2020-03-30T16:23:40","guid":{"rendered":"https:\/\/websie.cefe.cnrs.fr\/soilforeurope\/?page_id=2515"},"modified":"2020-04-28T21:03:52","modified_gmt":"2020-04-28T19:03:52","slug":"biodiversity-approach-1-de","status":"publish","type":"page","link":"https:\/\/websie.cefe.cnrs.fr\/soilforeurope\/de\/biodiversity-approach-1-de\/","title":{"rendered":"Biodiversit\u00e4t &#8211; Ansatz 1"},"content":{"rendered":"\n<p>&nbsp;<\/p>\n<h5><strong>Heterotrophe Mikroorganismen im Boden und Mykorrhiza-Diversit\u00e4t<\/strong><\/h5>\n<p>Unter Verwendung molekularer Methoden (Next Generation Sequencing) bewerten wir die mikrobielle Vielfalt des Bodens in Reinarten- und in Mehrarten-Baumbest\u00e4nden und beurteilen, ob der Baumartenreichtum und die mikrobielle Vielfalt des Bodens in Beziehung zueinander stehen.<\/p>\n<p>&nbsp;<\/p>\n<h5><strong>Diversit\u00e4t der Bodenfauna<\/strong><\/h5>\n<h5><strong><img loading=\"lazy\" decoding=\"async\" class=\"wp-image-932 alignright\" src=\"https:\/\/websie.cefe.cnrs.fr\/soilforeurope\/wp-content\/uploads\/2019\/02\/Carabus_auronitens_gimp_crop_copyright2.png\" alt=\"\" width=\"459\" height=\"195\" srcset=\"https:\/\/websie.cefe.cnrs.fr\/soilforeurope\/wp-content\/uploads\/2019\/02\/Carabus_auronitens_gimp_crop_copyright2.png 847w, https:\/\/websie.cefe.cnrs.fr\/soilforeurope\/wp-content\/uploads\/2019\/02\/Carabus_auronitens_gimp_crop_copyright2-300x128.png 300w, https:\/\/websie.cefe.cnrs.fr\/soilforeurope\/wp-content\/uploads\/2019\/02\/Carabus_auronitens_gimp_crop_copyright2-768x326.png 768w, https:\/\/websie.cefe.cnrs.fr\/soilforeurope\/wp-content\/uploads\/2019\/02\/Carabus_auronitens_gimp_crop_copyright2-150x64.png 150w\" sizes=\"auto, (max-width: 459px) 100vw, 459px\" \/><\/strong><\/h5>\n<p style=\"text-align: justify;\">Mit Hilfe g\u00e4ngiger Feldprobenahme-Techniken erfassen wir die Vielfalt und H\u00e4ufigkeit von Mikro- und Makroarthropoden, Regenw\u00fcrmern und Nematoden im Boden, um m\u00f6gliche Verbindungen zwischen der Baumartenvielfalt und der Vielfalt der Bodenfauna herzustellen. Mit verf\u00fcgbaren Merkmalsdatenbanken wird die funktionelle Struktur von Bodenfauna-Gemeinschaften und ihre Beziehung zur funktionellen Baumartenvielfalt untersucht.<\/p>\n<p>&nbsp;<\/p>\n<h5><strong>Eigenschaften von Feinwurzeln<\/strong><\/h5>\n<h5><strong><img decoding=\"async\" class=\"wp-image-932 alignleft\" src=\"https:\/\/websie.cefe.cnrs.fr\/soilforeurope\/wp-content\/uploads\/2019\/04\/image652_Picea_abies_gimp_copyright_2.jpg\" alt=\"\" width=\"276.9\" height=\"195.1\"><\/strong><\/h5>\n<p style=\"text-align: justify;\">Wir quantifizieren funktionale Merkmale von Feinwurzeln und ihre r\u00e4umliche Anordnung innerhalb von Bodenprofilen auf der Ebene von Baumnachbarschaften, wo die Wurzelsysteme benachbarter B\u00e4ume interagieren. Dies erlaubt uns, die unterirdische Nischenbesetzung durch Baum-Feinwurzeln in Abh\u00e4ngigkeit von der taxonomischen und funktionellen Vielfalt der Baumarten zu bewerten und zu bestimmen, ob und wie Eigenschaften von Feinwurzeln mit der Vielfalt anderer Bodenorganismen zusammenh\u00e4ngen.<\/p>\n<p>&nbsp;<\/p>\n<h5><strong>Beziehungen zwischen unter- und oberirdischen Diversit\u00e4tsindizien<\/strong><\/h5>\n<p style=\"text-align: justify;\">Alle Daten zur Biodiversit\u00e4t des Bodens aus den sechs Organismengruppen werden verwendet, um die Beziehungen zwischen der ober- und unterirdischen Biodiversit\u00e4t mit multivariaten Ans\u00e4tzen zu bewerten. Weiterf\u00fchrende Beziehungen und Hypothesen werden mit Hilfe von Strukturgleichungsmodellen (SEM) getestet.<\/p>\n","protected":false},"excerpt":{"rendered":"<p>&nbsp; Heterotrophe Mikroorganismen im Boden und Mykorrhiza-Diversit\u00e4t Unter Verwendung molekularer Methoden (Next Generation Sequencing) bewerten wir die mikrobielle Vielfalt des Bodens in Reinarten- und in Mehrarten-Baumbest\u00e4nden und beurteilen, ob der Baumartenreichtum und die mikrobielle Vielfalt des Bodens in Beziehung zueinander stehen. &nbsp; Diversit\u00e4t der Bodenfauna Mit Hilfe g\u00e4ngiger Feldprobenahme-Techniken erfassen&#8230;<\/p>\n<p class=\"continue-reading-button\"> <a class=\"continue-reading-link\" href=\"https:\/\/websie.cefe.cnrs.fr\/soilforeurope\/de\/biodiversity-approach-1-de\/\">Continue reading<i class=\"crycon-right-dir\"><\/i><\/a><\/p>\n","protected":false},"author":1,"featured_media":0,"parent":0,"menu_order":0,"comment_status":"closed","ping_status":"closed","template":"","meta":{"inline_featured_image":false,"footnotes":""},"class_list":["post-2515","page","type-page","status-publish","hentry"],"_links":{"self":[{"href":"https:\/\/websie.cefe.cnrs.fr\/soilforeurope\/wp-json\/wp\/v2\/pages\/2515","targetHints":{"allow":["GET"]}}],"collection":[{"href":"https:\/\/websie.cefe.cnrs.fr\/soilforeurope\/wp-json\/wp\/v2\/pages"}],"about":[{"href":"https:\/\/websie.cefe.cnrs.fr\/soilforeurope\/wp-json\/wp\/v2\/types\/page"}],"author":[{"embeddable":true,"href":"https:\/\/websie.cefe.cnrs.fr\/soilforeurope\/wp-json\/wp\/v2\/users\/1"}],"replies":[{"embeddable":true,"href":"https:\/\/websie.cefe.cnrs.fr\/soilforeurope\/wp-json\/wp\/v2\/comments?post=2515"}],"version-history":[{"count":7,"href":"https:\/\/websie.cefe.cnrs.fr\/soilforeurope\/wp-json\/wp\/v2\/pages\/2515\/revisions"}],"predecessor-version":[{"id":3340,"href":"https:\/\/websie.cefe.cnrs.fr\/soilforeurope\/wp-json\/wp\/v2\/pages\/2515\/revisions\/3340"}],"wp:attachment":[{"href":"https:\/\/websie.cefe.cnrs.fr\/soilforeurope\/wp-json\/wp\/v2\/media?parent=2515"}],"curies":[{"name":"wp","href":"https:\/\/api.w.org\/{rel}","templated":true}]}}