{"id":2501,"date":"2020-03-30T18:20:38","date_gmt":"2020-03-30T16:20:38","guid":{"rendered":"https:\/\/websie.cefe.cnrs.fr\/soilforeurope\/?page_id=2501"},"modified":"2020-04-28T21:09:52","modified_gmt":"2020-04-28T19:09:52","slug":"climate-change-approach-3-fr","status":"publish","type":"page","link":"https:\/\/websie.cefe.cnrs.fr\/soilforeurope\/fr\/climate-change-approach-3-fr\/","title":{"rendered":"Changement climatique \u2013 Approche 3"},"content":{"rendered":"\n<p>&nbsp;<\/p>\n<h5><strong>R\u00e9sistance et r\u00e9silience microbiennes en r\u00e9ponse \u00e0 une s\u00e9cheresse extr\u00eame<img loading=\"lazy\" decoding=\"async\" class=\"wp-image-961 alignright\" src=\"https:\/\/websie.cefe.cnrs.fr\/soilforeurope\/wp-content\/uploads\/2019\/02\/Flacon_sans_bordure_copyright.png\" alt=\"\" width=\"114\" height=\"253\" srcset=\"https:\/\/websie.cefe.cnrs.fr\/soilforeurope\/wp-content\/uploads\/2019\/02\/Flacon_sans_bordure_copyright.png 345w, https:\/\/websie.cefe.cnrs.fr\/soilforeurope\/wp-content\/uploads\/2019\/02\/Flacon_sans_bordure_copyright-135x300.png 135w, https:\/\/websie.cefe.cnrs.fr\/soilforeurope\/wp-content\/uploads\/2019\/02\/Flacon_sans_bordure_copyright-68x150.png 68w\" sizes=\"auto, (max-width: 114px) 100vw, 114px\" \/><\/strong><\/h5>\n<p style=\"text-align: justify;\">Des cycles d\u2019ass\u00e8chement \u2013 r\u00e9humectation impactent fortement les communaut\u00e9s microbiennes du sol et peuvent modifier la r\u00e9silience des processus microbiens. Des sols \u00e9chantillonn\u00e9s sur les placettes mono- et pluri-sp\u00e9cifiques ont \u00e9t\u00e9 incub\u00e9s dans la plate-forme microcosmes de <a href=\"http:\/\/www.ecotron.cnrs.fr\/\" target=\"_blank\" rel=\"noopener noreferrer\">l\u2019Ecotron Europ\u00e9en <\/a> de Montpellier pour leur faire subir des cycles d\u2019ass\u00e8chement intense suivi d\u2019une r\u00e9humectation. Nous avons \u00e9valu\u00e9 ici la r\u00e9sistance et la r\u00e9silience en r\u00e9ponse \u00e0 ces cycles ass\u00e8chement \u2013 r\u00e9humectation en mesurant les flux de CO<sub>2<\/sub> and N<sub>2<\/sub>O fluxes before and after the drought event and after rewetting.<\/p>\n<p>&nbsp;<\/p>\n<h5><strong>R\u00e9sistance et r\u00e9silience de l\u2019\u00e9cosyst\u00e8me en r\u00e9ponse \u00e0 une s\u00e9cheresse extr\u00eame<\/strong><\/h5>\n<h5><strong><img loading=\"lazy\" decoding=\"async\" class=\"wp-image-1110 alignleft\" src=\"https:\/\/websie.cefe.cnrs.fr\/soilforeurope\/wp-content\/uploads\/2019\/05\/L1140837_gimp_copyright-1024x768.jpg\" alt=\"\" width=\"351\" height=\"263\" srcset=\"https:\/\/websie.cefe.cnrs.fr\/soilforeurope\/wp-content\/uploads\/2019\/05\/L1140837_gimp_copyright-1024x768.jpg 1024w, https:\/\/websie.cefe.cnrs.fr\/soilforeurope\/wp-content\/uploads\/2019\/05\/L1140837_gimp_copyright-300x225.jpg 300w, https:\/\/websie.cefe.cnrs.fr\/soilforeurope\/wp-content\/uploads\/2019\/05\/L1140837_gimp_copyright-768x576.jpg 768w, https:\/\/websie.cefe.cnrs.fr\/soilforeurope\/wp-content\/uploads\/2019\/05\/L1140837_gimp_copyright-150x113.jpg 150w\" sizes=\"auto, (max-width: 351px) 100vw, 351px\" \/><\/strong><\/h5>\n<p style=\"text-align: justify;\">A l\u2019occasion d\u2019une exp\u00e9rimentation r\u00e9alis\u00e9e sur le plateau m\u00e9socosmes de <a href=\"http:\/\/www.ecotron.cnrs.fr\/\" target=\"_blank\" rel=\"noopener noreferrer\">l\u2019Ecotron Europ\u00e9en <\/a> de Montpellier (seize unit\u00e9s d\u2019une surface de 1 m<sup>2<\/sup> et d\u2019une profondeur de sol de 1 m chacune), nous avons manipul\u00e9 la diversit\u00e9 de la macrofaune du sol dans le cadre de plusieurs traitements climatiques, notamment d\u2019\u00e9v\u00e8nements de s\u00e9cheresse extr\u00eame. Plus pr\u00e9cis\u00e9ment, nous avons test\u00e9 les effets interactifs de la diversit\u00e9 fonctionnelle de la macrofaune du sol et d\u2019une s\u00e9cheresse extr\u00eame sur les flux de H<sub>2<\/sub>O et CO<sub>2<\/sub> et \u00e9valu\u00e9 la r\u00e9sistance et la r\u00e9silience de l\u2019\u00e9cosyst\u00e8me.<\/p>\n<p>&nbsp;<\/p>\n<p><strong>&nbsp;<\/strong><\/p>\n<h5><strong>Effets interactifs du changement climatique et du changement de diversit\u00e9 des essences<\/strong><\/h5>\n<p style=\"text-align: justify;\">Dans cette troisi\u00e8me approche, nous avons utilis\u00e9 deux exp\u00e9rimentations qui combinent gradient de richesse sp\u00e9cifique des arbres et manipulation des variables climatiques : <a href=\"http:\/\/www.treedivnet.ugent.be\/ExpORPHEE.html\" target=\"_blank\" rel=\"noopener noreferrer\">ORPHEE<\/a> (France, traitement d\u2019irrigation pour pallier aux s\u00e9cheresses estivales) et and <a href=\"http:\/\/www.treedivnet.ugent.be\/ExpFORBIO.html\" target=\"_blank\" rel=\"noopener noreferrer\">FORBIO<\/a> (Belgique, exclusion de 30% de la pr\u00e9cipitation). Nous avons mesur\u00e9 la diversit\u00e9 de la faune du sol dans des placettes mono- et pluri-sp\u00e9cifiques pour \u00e9valuer les interactions potentielles entre les effets de la diversit\u00e9 des essences et ceux du changement climatique sur la diversit\u00e9 et le fonctionnement des organismes du sol.<\/p>\n<p>&nbsp;<\/p>\n","protected":false},"excerpt":{"rendered":"<p>&nbsp; R\u00e9sistance et r\u00e9silience microbiennes en r\u00e9ponse \u00e0 une s\u00e9cheresse extr\u00eame Des cycles d\u2019ass\u00e8chement \u2013 r\u00e9humectation impactent fortement les communaut\u00e9s microbiennes du sol et peuvent modifier la r\u00e9silience des processus microbiens. Des sols \u00e9chantillonn\u00e9s sur les placettes mono- et pluri-sp\u00e9cifiques ont \u00e9t\u00e9 incub\u00e9s dans la plate-forme microcosmes de l\u2019Ecotron Europ\u00e9en&#8230;<\/p>\n<p class=\"continue-reading-button\"> <a class=\"continue-reading-link\" href=\"https:\/\/websie.cefe.cnrs.fr\/soilforeurope\/fr\/climate-change-approach-3-fr\/\">Continue reading<i class=\"crycon-right-dir\"><\/i><\/a><\/p>\n","protected":false},"author":1,"featured_media":0,"parent":0,"menu_order":0,"comment_status":"closed","ping_status":"closed","template":"","meta":{"inline_featured_image":false,"footnotes":""},"class_list":["post-2501","page","type-page","status-publish","hentry"],"_links":{"self":[{"href":"https:\/\/websie.cefe.cnrs.fr\/soilforeurope\/wp-json\/wp\/v2\/pages\/2501","targetHints":{"allow":["GET"]}}],"collection":[{"href":"https:\/\/websie.cefe.cnrs.fr\/soilforeurope\/wp-json\/wp\/v2\/pages"}],"about":[{"href":"https:\/\/websie.cefe.cnrs.fr\/soilforeurope\/wp-json\/wp\/v2\/types\/page"}],"author":[{"embeddable":true,"href":"https:\/\/websie.cefe.cnrs.fr\/soilforeurope\/wp-json\/wp\/v2\/users\/1"}],"replies":[{"embeddable":true,"href":"https:\/\/websie.cefe.cnrs.fr\/soilforeurope\/wp-json\/wp\/v2\/comments?post=2501"}],"version-history":[{"count":7,"href":"https:\/\/websie.cefe.cnrs.fr\/soilforeurope\/wp-json\/wp\/v2\/pages\/2501\/revisions"}],"predecessor-version":[{"id":3345,"href":"https:\/\/websie.cefe.cnrs.fr\/soilforeurope\/wp-json\/wp\/v2\/pages\/2501\/revisions\/3345"}],"wp:attachment":[{"href":"https:\/\/websie.cefe.cnrs.fr\/soilforeurope\/wp-json\/wp\/v2\/media?parent=2501"}],"curies":[{"name":"wp","href":"https:\/\/api.w.org\/{rel}","templated":true}]}}