{"id":2489,"date":"2020-03-30T18:17:57","date_gmt":"2020-03-30T16:17:57","guid":{"rendered":"https:\/\/websie.cefe.cnrs.fr\/soilforeurope\/?page_id=2489"},"modified":"2020-04-28T21:13:30","modified_gmt":"2020-04-28T19:13:30","slug":"climate-change-objective-3-pl","status":"publish","type":"page","link":"https:\/\/websie.cefe.cnrs.fr\/soilforeurope\/pl\/climate-change-objective-3-pl\/","title":{"rendered":"Zmiany klimatu &#8211; Cel 3"},"content":{"rendered":"\n<p>&nbsp;<\/p>\n<p style=\"text-align: justify;\"><img loading=\"lazy\" decoding=\"async\" class=\"wp-image-885 alignleft\" src=\"https:\/\/websie.cefe.cnrs.fr\/soilforeurope\/wp-content\/uploads\/2019\/02\/Nematode_copyright2.png\" alt=\"\" width=\"49\" height=\"98\">R\u00f3\u017cnorodno\u015b\u0107 biologiczna gleby mo\u017ce mie\u0107 istotny wp\u0142yw na odporno\u015b\u0107 ekosystem\u00f3w i ich zdolno\u015b\u0107 do reakcji na zmiany klimatu, co ma szczeg\u00f3lne znaczenie dla przysz\u0142ej gospodarki le\u015bnej. W obecnych podej\u015bciach do przewidywania skutk\u00f3w zmieniaj\u0105cych si\u0119 warunk\u00f3w klimatycznych w le\u015bnictwie ca\u0142kowicie zaniedbuje si\u0119 r\u00f3\u017cnorodno\u015b\u0107 podziemn\u0105 (znajduj\u0105c\u0105 si\u0119 pod powierzchni\u0105 gleby).<\/p>\n<p>&nbsp;<\/p>\n<p style=\"text-align: justify;\"><img loading=\"lazy\" decoding=\"async\" class=\" wp-image-876 alignright\" src=\"https:\/\/websie.cefe.cnrs.fr\/soilforeurope\/wp-content\/uploads\/2019\/02\/Coleo_gimp_copyright.png\" alt=\"\" width=\"176\" height=\"191\">Wykorzystuj\u0105c szeroki gradient klimatyczny sieci powierzchni <a href=\"http:\/\/www.fundiveurope.eu\/\" target=\"_blank\" rel=\"noopener noreferrer\">FunDivEUROPE<\/a>, badamy zwi\u0105zki mi\u0119dzy r\u00f3\u017cnorodno\u015bci\u0105 pod- i nad powierzchni\u0105 gleby, funkcjonowaniem ekosystem\u00f3w i zmiennymi klimatycznymi za pomoc\u0105 analiz wielowymiarowych i modelowania r\u00f3wna\u0144 strukturalnych (SEM). U\u017cywaj\u0105c eksperymentalnego podej\u015bcia, wykorzystuj\u0105cego istniej\u0105ce eksperymenty nad r\u00f3\u017cnorodno\u015bci\u0105 drzew w po\u0142\u0105czeniu z manipulowaniem zmiennymi klimatycznymi w terenie (<a href=\"http:\/\/www.treedivnet.ugent.be\/ExpFORBIO.html\" target=\"_blank\" rel=\"noopener noreferrer\">FORBIO<\/a> i <a href=\"http:\/\/www.treedivnet.ugent.be\/ExpORPHEE.html\" target=\"_blank\" rel=\"noopener noreferrer\">ORPHEE<\/a>, cz\u0119\u015b\u0107 globalnej sieci eksperyment\u00f3w nad r\u00f3\u017cnorodno\u015bci\u0105 drzew <a href=\"http:\/\/www.treedivnet.ugent.be\/index.html\" target=\"_blank\" rel=\"noopener noreferrer\">TreeDivNet<\/a>) oraz <a href=\"http:\/\/www.ecotron.cnrs.fr\/\" target=\"_blank\" rel=\"noopener noreferrer\">CNRS European Ecotron<\/a>, oceniamy, w jaki spos\u00f3b zmiany klimatu wp\u0142ywaj\u0105 na r\u00f3\u017cnorodno\u015b\u0107 biologiczn\u0105 gleb oraz w jaki spos\u00f3b r\u00f3\u017cnorodno\u015b\u0107 biologiczna gleb wp\u0142ywa na odporno\u015b\u0107 ekosystem\u00f3w na powa\u017cne susze i ich zdolno\u015bci regeneracyjne.<\/p>\n<h5>&nbsp;<\/h5>\n","protected":false},"excerpt":{"rendered":"<p>&nbsp; R\u00f3\u017cnorodno\u015b\u0107 biologiczna gleby mo\u017ce mie\u0107 istotny wp\u0142yw na odporno\u015b\u0107 ekosystem\u00f3w i ich zdolno\u015b\u0107 do reakcji na zmiany klimatu, co ma szczeg\u00f3lne znaczenie dla przysz\u0142ej gospodarki le\u015bnej. W obecnych podej\u015bciach do przewidywania skutk\u00f3w zmieniaj\u0105cych si\u0119 warunk\u00f3w klimatycznych w le\u015bnictwie ca\u0142kowicie zaniedbuje si\u0119 r\u00f3\u017cnorodno\u015b\u0107 podziemn\u0105 (znajduj\u0105c\u0105 si\u0119 pod powierzchni\u0105 gleby). &nbsp;&#8230;<\/p>\n<p class=\"continue-reading-button\"> <a class=\"continue-reading-link\" href=\"https:\/\/websie.cefe.cnrs.fr\/soilforeurope\/pl\/climate-change-objective-3-pl\/\">Continue reading<i class=\"crycon-right-dir\"><\/i><\/a><\/p>\n","protected":false},"author":1,"featured_media":0,"parent":0,"menu_order":0,"comment_status":"closed","ping_status":"closed","template":"","meta":{"inline_featured_image":false,"footnotes":""},"class_list":["post-2489","page","type-page","status-publish","hentry"],"_links":{"self":[{"href":"https:\/\/websie.cefe.cnrs.fr\/soilforeurope\/wp-json\/wp\/v2\/pages\/2489","targetHints":{"allow":["GET"]}}],"collection":[{"href":"https:\/\/websie.cefe.cnrs.fr\/soilforeurope\/wp-json\/wp\/v2\/pages"}],"about":[{"href":"https:\/\/websie.cefe.cnrs.fr\/soilforeurope\/wp-json\/wp\/v2\/types\/page"}],"author":[{"embeddable":true,"href":"https:\/\/websie.cefe.cnrs.fr\/soilforeurope\/wp-json\/wp\/v2\/users\/1"}],"replies":[{"embeddable":true,"href":"https:\/\/websie.cefe.cnrs.fr\/soilforeurope\/wp-json\/wp\/v2\/comments?post=2489"}],"version-history":[{"count":5,"href":"https:\/\/websie.cefe.cnrs.fr\/soilforeurope\/wp-json\/wp\/v2\/pages\/2489\/revisions"}],"predecessor-version":[{"id":3354,"href":"https:\/\/websie.cefe.cnrs.fr\/soilforeurope\/wp-json\/wp\/v2\/pages\/2489\/revisions\/3354"}],"wp:attachment":[{"href":"https:\/\/websie.cefe.cnrs.fr\/soilforeurope\/wp-json\/wp\/v2\/media?parent=2489"}],"curies":[{"name":"wp","href":"https:\/\/api.w.org\/{rel}","templated":true}]}}