{"id":2483,"date":"2020-03-30T18:16:54","date_gmt":"2020-03-30T16:16:54","guid":{"rendered":"https:\/\/websie.cefe.cnrs.fr\/soilforeurope\/?page_id=2483"},"modified":"2020-04-28T21:12:57","modified_gmt":"2020-04-28T19:12:57","slug":"climate-change-objective-3-fr","status":"publish","type":"page","link":"https:\/\/websie.cefe.cnrs.fr\/soilforeurope\/fr\/climate-change-objective-3-fr\/","title":{"rendered":"Changement climatique \u2013 Objectif 3"},"content":{"rendered":"\n<p style=\"text-align: justify;\">&nbsp;<\/p>\n<p style=\"text-align: justify;\"><img loading=\"lazy\" decoding=\"async\" class=\"wp-image-885 alignleft\" src=\"https:\/\/websie.cefe.cnrs.fr\/soilforeurope\/wp-content\/uploads\/2019\/02\/Nematode_copyright2.png\" alt=\"\" width=\"49\" height=\"98\">La biodiversit\u00e9 du sol joue un r\u00f4le majeur dans la r\u00e9sistance et la r\u00e9silience de l\u2019\u00e9cosyst\u00e8me forestier en r\u00e9ponse au changement climatique. Elle devra donc \u00eatre prise en compte par les gestionnaires forestiers. Pourtant, les approches actuelles qui visent \u00e0 anticiper les effets du changement climatique en for\u00eat la n\u00e9gligent compl\u00e8tement.<\/p>\n<p>&nbsp;<\/p>\n<p style=\"text-align: justify;\"><img loading=\"lazy\" decoding=\"async\" class=\" wp-image-876 alignright\" src=\"https:\/\/websie.cefe.cnrs.fr\/soilforeurope\/wp-content\/uploads\/2019\/02\/Coleo_gimp_copyright.png\" alt=\"\" width=\"176\" height=\"191\">En utilisant le gradient climatique des for\u00eats du projet <a href=\"http:\/\/www.fundiveurope.eu\/\" target=\"_blank\" rel=\"noopener noreferrer\">FunDivEUROPE<\/a>, nous \u00e9valuons les relations entre biodiversit\u00e9 a\u00e9rienne et souterraine, fonctionnement de l\u2019\u00e9cosyst\u00e8me, et variables climatiques, \u00e0 l\u2019aide d\u2019analyses multivari\u00e9es et de mod\u00e9lisation par \u00e9quations structurelles (SEM). Avec les approches bas\u00e9es sur les exp\u00e9rimentations de diversit\u00e9 d\u2019essences combin\u00e9es \u00e0 des manipulations climatiques (<a href=\"http:\/\/www.treedivnet.ugent.be\/ExpFORBIO.html\" target=\"_blank\" rel=\"noopener noreferrer\">FORBIO<\/a> et <a href=\"http:\/\/www.treedivnet.ugent.be\/ExpORPHEE.html\" target=\"_blank\" rel=\"noopener noreferrer\">ORPHEE<\/a>, qui font partie du r\u00e9seau <a href=\"http:\/\/www.treedivnet.ugent.be\/index.html\" target=\"_blank\" rel=\"noopener noreferrer\">TreeDivNet<\/a>) et men\u00e9es \u00e0 <a href=\"http:\/\/www.ecotron.cnrs.fr\/\" target=\"_blank\" rel=\"noopener noreferrer\">l\u2019Ecotron Europ\u00e9en<\/a> de Montpellier, nous \u00e9valuons comment la biodiversit\u00e9 du sol influence la r\u00e9sistance et la r\u00e9sistance de l\u2019\u00e9cosyst\u00e8me en r\u00e9ponse \u00e0 une s\u00e9cheresse s\u00e9v\u00e8re.<\/p>\n<h5>&nbsp;<\/h5>\n","protected":false},"excerpt":{"rendered":"<p>&nbsp; La biodiversit\u00e9 du sol joue un r\u00f4le majeur dans la r\u00e9sistance et la r\u00e9silience de l\u2019\u00e9cosyst\u00e8me forestier en r\u00e9ponse au changement climatique. Elle devra donc \u00eatre prise en compte par les gestionnaires forestiers. Pourtant, les approches actuelles qui visent \u00e0 anticiper les effets du changement climatique en for\u00eat la&#8230;<\/p>\n<p class=\"continue-reading-button\"> <a class=\"continue-reading-link\" href=\"https:\/\/websie.cefe.cnrs.fr\/soilforeurope\/fr\/climate-change-objective-3-fr\/\">Continue reading<i class=\"crycon-right-dir\"><\/i><\/a><\/p>\n","protected":false},"author":1,"featured_media":0,"parent":0,"menu_order":0,"comment_status":"closed","ping_status":"closed","template":"","meta":{"inline_featured_image":false,"footnotes":""},"class_list":["post-2483","page","type-page","status-publish","hentry"],"_links":{"self":[{"href":"https:\/\/websie.cefe.cnrs.fr\/soilforeurope\/wp-json\/wp\/v2\/pages\/2483","targetHints":{"allow":["GET"]}}],"collection":[{"href":"https:\/\/websie.cefe.cnrs.fr\/soilforeurope\/wp-json\/wp\/v2\/pages"}],"about":[{"href":"https:\/\/websie.cefe.cnrs.fr\/soilforeurope\/wp-json\/wp\/v2\/types\/page"}],"author":[{"embeddable":true,"href":"https:\/\/websie.cefe.cnrs.fr\/soilforeurope\/wp-json\/wp\/v2\/users\/1"}],"replies":[{"embeddable":true,"href":"https:\/\/websie.cefe.cnrs.fr\/soilforeurope\/wp-json\/wp\/v2\/comments?post=2483"}],"version-history":[{"count":5,"href":"https:\/\/websie.cefe.cnrs.fr\/soilforeurope\/wp-json\/wp\/v2\/pages\/2483\/revisions"}],"predecessor-version":[{"id":3351,"href":"https:\/\/websie.cefe.cnrs.fr\/soilforeurope\/wp-json\/wp\/v2\/pages\/2483\/revisions\/3351"}],"wp:attachment":[{"href":"https:\/\/websie.cefe.cnrs.fr\/soilforeurope\/wp-json\/wp\/v2\/media?parent=2483"}],"curies":[{"name":"wp","href":"https:\/\/api.w.org\/{rel}","templated":true}]}}