{"id":2479,"date":"2020-03-30T18:15:43","date_gmt":"2020-03-30T16:15:43","guid":{"rendered":"https:\/\/websie.cefe.cnrs.fr\/soilforeurope\/?page_id=2479"},"modified":"2020-04-28T21:12:22","modified_gmt":"2020-04-28T19:12:22","slug":"climate-change-objective-3-de","status":"publish","type":"page","link":"https:\/\/websie.cefe.cnrs.fr\/soilforeurope\/de\/climate-change-objective-3-de\/","title":{"rendered":"Klimawandel &#8211; Ziel 3"},"content":{"rendered":"\n<p>&nbsp;<\/p>\n<p style=\"text-align: justify;\"><img loading=\"lazy\" decoding=\"async\" class=\"wp-image-885 alignleft\" src=\"https:\/\/websie.cefe.cnrs.fr\/soilforeurope\/wp-content\/uploads\/2019\/02\/Nematode_copyright2.png\" alt=\"\" width=\"49\" height=\"98\">Klimawandel &#8211; Untersuchung der Auswirkungen der Biodiversit\u00e4t des Bodens auf die Widerstands- und Erholungsf\u00e4higkeit der \u00d6kosysteme gegen\u00fcber dem Klimawandel. Die biologische Vielfalt des Bodens kann einen gro\u00dfen Einfluss auf die Widerstands- und Erholungsf\u00e4higkeit des \u00d6kosystems gegen\u00fcber dem Klimawandel haben, was f\u00fcr die k\u00fcnftige Waldbewirtschaftung von besonderer Bedeutung ist. Die derzeitigen Ans\u00e4tze, die Auswirkungen der sich \u00e4ndernden klimatischen Bedingungen in der Forstwirtschaft zu ber\u00fccksichtigen, vernachl\u00e4ssigen die unterirdische Vielfalt v\u00f6llig.<\/p>\n<p>&nbsp;<\/p>\n<p style=\"text-align: justify;\"><img loading=\"lazy\" decoding=\"async\" class=\" wp-image-876 alignright\" src=\"https:\/\/websie.cefe.cnrs.fr\/soilforeurope\/wp-content\/uploads\/2019\/02\/Coleo_gimp_copyright.png\" alt=\"\" width=\"176\" height=\"191\">Unter Verwendung des breiten Klimagradienten der <a href=\"http:\/\/www.fundiveurope.eu\/\" target=\"_blank\" rel=\"noopener noreferrer\">FunDivEUROPE<\/a>-Fl\u00e4chen untersuchen wir die Beziehungen zwischen unter- und oberirdischer Vielfalt, \u00d6kosystemfunktionen und klimatischen Variablen mit multivariaten Analysen und Strukturgleichungsmodellen (SEM). Mit experimentellen Ans\u00e4tzen, bei denen bestehende Baumdiversit\u00e4tsexperimente in Kombination mit Klima\u00e4nderungsmanipulationen im Feld (<a href=\"http:\/\/www.treedivnet.ugent.be\/ExpFORBIO.html\" target=\"_blank\" rel=\"noopener noreferrer\">FORBIO<\/a> und <a href=\"http:\/\/www.treedivnet.ugent.be\/ExpORPHEE.html\" target=\"_blank\" rel=\"noopener noreferrer\">ORPHEE<\/a>, Teil des globalen Netzwerks von Baumdiversit\u00e4tsexperimenten <a href=\"http:\/\/www.treedivnet.ugent.be\/index.html\" target=\"_blank\" rel=\"noopener noreferrer\">TreeDivNet<\/a>) und dem <a href=\"http:\/\/www.ecotron.cnrs.fr\/\" target=\"_blank\" rel=\"noopener noreferrer\">CNRS European Ecotron<\/a>, verwendet werden, bewerten wir, wie die Biodiversit\u00e4t des Bodens durch den Klimawandel beeinflusst wird und wie die Biodiversit\u00e4t des Bodens die Widerstands- und Erholungsf\u00e4higkeit des \u00d6kosystems gegen\u00fcber schweren D\u00fcrren beeinflusst.<\/p>\n<h5>&nbsp;<\/h5>\n","protected":false},"excerpt":{"rendered":"<p>&nbsp; Klimawandel &#8211; Untersuchung der Auswirkungen der Biodiversit\u00e4t des Bodens auf die Widerstands- und Erholungsf\u00e4higkeit der \u00d6kosysteme gegen\u00fcber dem Klimawandel. Die biologische Vielfalt des Bodens kann einen gro\u00dfen Einfluss auf die Widerstands- und Erholungsf\u00e4higkeit des \u00d6kosystems gegen\u00fcber dem Klimawandel haben, was f\u00fcr die k\u00fcnftige Waldbewirtschaftung von besonderer Bedeutung ist. Die&#8230;<\/p>\n<p class=\"continue-reading-button\"> <a class=\"continue-reading-link\" href=\"https:\/\/websie.cefe.cnrs.fr\/soilforeurope\/de\/climate-change-objective-3-de\/\">Continue reading<i class=\"crycon-right-dir\"><\/i><\/a><\/p>\n","protected":false},"author":1,"featured_media":0,"parent":0,"menu_order":0,"comment_status":"closed","ping_status":"closed","template":"","meta":{"inline_featured_image":false,"footnotes":""},"class_list":["post-2479","page","type-page","status-publish","hentry"],"_links":{"self":[{"href":"https:\/\/websie.cefe.cnrs.fr\/soilforeurope\/wp-json\/wp\/v2\/pages\/2479","targetHints":{"allow":["GET"]}}],"collection":[{"href":"https:\/\/websie.cefe.cnrs.fr\/soilforeurope\/wp-json\/wp\/v2\/pages"}],"about":[{"href":"https:\/\/websie.cefe.cnrs.fr\/soilforeurope\/wp-json\/wp\/v2\/types\/page"}],"author":[{"embeddable":true,"href":"https:\/\/websie.cefe.cnrs.fr\/soilforeurope\/wp-json\/wp\/v2\/users\/1"}],"replies":[{"embeddable":true,"href":"https:\/\/websie.cefe.cnrs.fr\/soilforeurope\/wp-json\/wp\/v2\/comments?post=2479"}],"version-history":[{"count":5,"href":"https:\/\/websie.cefe.cnrs.fr\/soilforeurope\/wp-json\/wp\/v2\/pages\/2479\/revisions"}],"predecessor-version":[{"id":3350,"href":"https:\/\/websie.cefe.cnrs.fr\/soilforeurope\/wp-json\/wp\/v2\/pages\/2479\/revisions\/3350"}],"wp:attachment":[{"href":"https:\/\/websie.cefe.cnrs.fr\/soilforeurope\/wp-json\/wp\/v2\/media?parent=2479"}],"curies":[{"name":"wp","href":"https:\/\/api.w.org\/{rel}","templated":true}]}}