{"id":2439,"date":"2020-03-30T18:06:40","date_gmt":"2020-03-30T16:06:40","guid":{"rendered":"https:\/\/websie.cefe.cnrs.fr\/soilforeurope\/?page_id=2439"},"modified":"2020-05-06T14:56:17","modified_gmt":"2020-05-06T12:56:17","slug":"function-approach-2-fi","status":"publish","type":"page","link":"https:\/\/websie.cefe.cnrs.fr\/soilforeurope\/fi\/function-approach-2-fi\/","title":{"rendered":"Toiminnallisuus \u2014 L\u00e4hestymistapa 2"},"content":{"rendered":"\n<p>&nbsp;<\/p>\n<h5><strong>Ohutjuurien hajoaminen ja yhteydet lehtikarikkeen hajoamiseen<\/strong><\/h5>\n<p>K\u00e4ytt\u00e4m\u00e4ll\u00e4 perinteist\u00e4 karikepussimenetelm\u00e4\u00e4 m\u00e4\u00e4rit\u00e4mme puiden juurien hajoamisnopeutta yhden puulajin metsik\u00f6iss\u00e4 ja sekametsik\u00f6iss\u00e4. Juuret eroavat kemiallisesti ja morfologiesti toisistaan. Ohutjuurien hajoaminen verrataan lehtikarikkeen hajoamiseen (m\u00e4\u00e4ritetty <a href=\"http:\/\/www.fundiveurope.eu\/\" target=\"_blank\" rel=\"noopener noreferrer\">FunDivEUROPE<\/a>-projetissa). Sen lis\u00e4ksi arvioidaan miten maanp\u00e4\u00e4llisten ja maanalaisten kasviomimaisuuksien suhteelliset t\u00e4rkeydet ja maaper\u00e4faunan monimuotoisuusindeksit ja ymp\u00e4rist\u00f6olosuhteet vaikuttavat hajoamiseen.<\/p>\n<h5>&nbsp;<\/h5>\n<h5><strong>Mikrobiaktiviteetti ja siihen liittyv\u00e4t alkuainevirrat<\/strong><\/h5>\n<p>Lukuisat mikrobiprosessit, mm. substraatti-indusoitu hengitys, denitrifikaation ja nitrifikaation entsyymiaktiviteetti ja katabolinen diversiteetti (k\u00e4ytt\u00e4m\u00e4ll\u00e4 MicrosRespTM) mitataan yhden puulajin metsik\u00f6iss\u00e4 ja sekametsik\u00f6iss\u00e4. Tutkimme n\u00e4iden prosessien yhteyksi\u00e4 maanp\u00e4\u00e4llisen ja maanalaisen monimuotoisuuden mittareihin ja miten ne liittyv\u00e4t maaper\u00e4mikrobien monimuotoisuuteen.<\/p>\n<h5>&nbsp;<\/h5>\n<p><img loading=\"lazy\" decoding=\"async\" class=\"size-large wp-image-788 aligncenter\" src=\"https:\/\/websie.cefe.cnrs.fr\/soilforeurope\/wp-content\/uploads\/2019\/02\/Dry_soils_1_gimp_copyright2-1024x235.jpg\" alt=\"\" width=\"900\" height=\"207\"><\/p>\n","protected":false},"excerpt":{"rendered":"<p>&nbsp; Ohutjuurien hajoaminen ja yhteydet lehtikarikkeen hajoamiseen K\u00e4ytt\u00e4m\u00e4ll\u00e4 perinteist\u00e4 karikepussimenetelm\u00e4\u00e4 m\u00e4\u00e4rit\u00e4mme puiden juurien hajoamisnopeutta yhden puulajin metsik\u00f6iss\u00e4 ja sekametsik\u00f6iss\u00e4. Juuret eroavat kemiallisesti ja morfologiesti toisistaan. Ohutjuurien hajoaminen verrataan lehtikarikkeen hajoamiseen (m\u00e4\u00e4ritetty FunDivEUROPE-projetissa). Sen lis\u00e4ksi arvioidaan miten maanp\u00e4\u00e4llisten ja maanalaisten kasviomimaisuuksien suhteelliset t\u00e4rkeydet ja maaper\u00e4faunan monimuotoisuusindeksit ja ymp\u00e4rist\u00f6olosuhteet vaikuttavat hajoamiseen. &nbsp;&#8230;<\/p>\n<p class=\"continue-reading-button\"> <a class=\"continue-reading-link\" href=\"https:\/\/websie.cefe.cnrs.fr\/soilforeurope\/fi\/function-approach-2-fi\/\">Continue reading<i class=\"crycon-right-dir\"><\/i><\/a><\/p>\n","protected":false},"author":1,"featured_media":0,"parent":0,"menu_order":0,"comment_status":"closed","ping_status":"closed","template":"","meta":{"inline_featured_image":false,"footnotes":""},"class_list":["post-2439","page","type-page","status-publish","hentry"],"_links":{"self":[{"href":"https:\/\/websie.cefe.cnrs.fr\/soilforeurope\/wp-json\/wp\/v2\/pages\/2439","targetHints":{"allow":["GET"]}}],"collection":[{"href":"https:\/\/websie.cefe.cnrs.fr\/soilforeurope\/wp-json\/wp\/v2\/pages"}],"about":[{"href":"https:\/\/websie.cefe.cnrs.fr\/soilforeurope\/wp-json\/wp\/v2\/types\/page"}],"author":[{"embeddable":true,"href":"https:\/\/websie.cefe.cnrs.fr\/soilforeurope\/wp-json\/wp\/v2\/users\/1"}],"replies":[{"embeddable":true,"href":"https:\/\/websie.cefe.cnrs.fr\/soilforeurope\/wp-json\/wp\/v2\/comments?post=2439"}],"version-history":[{"count":4,"href":"https:\/\/websie.cefe.cnrs.fr\/soilforeurope\/wp-json\/wp\/v2\/pages\/2439\/revisions"}],"predecessor-version":[{"id":3504,"href":"https:\/\/websie.cefe.cnrs.fr\/soilforeurope\/wp-json\/wp\/v2\/pages\/2439\/revisions\/3504"}],"wp:attachment":[{"href":"https:\/\/websie.cefe.cnrs.fr\/soilforeurope\/wp-json\/wp\/v2\/media?parent=2439"}],"curies":[{"name":"wp","href":"https:\/\/api.w.org\/{rel}","templated":true}]}}