{"id":2421,"date":"2020-03-30T18:02:32","date_gmt":"2020-03-30T16:02:32","guid":{"rendered":"https:\/\/websie.cefe.cnrs.fr\/soilforeurope\/?page_id=2421"},"modified":"2020-05-05T22:05:00","modified_gmt":"2020-05-05T20:05:00","slug":"function-objective-2-fi","status":"publish","type":"page","link":"https:\/\/websie.cefe.cnrs.fr\/soilforeurope\/fi\/function-objective-2-fi\/","title":{"rendered":"Toiminnallisuus \u2014 Tavoite 2"},"content":{"rendered":"\n<p>&nbsp;<\/p>\n<h4 style=\"text-align: left;\">Kehitt\u00e4\u00e4 viitekehys ennustamaan miten maaper\u00e4n monimuotoisuus vaikuttaa mets\u00e4ekosysteemien toimintaan.<\/h4>\n<p>&nbsp;<\/p>\n<p style=\"text-align: justify;\"><img loading=\"lazy\" decoding=\"async\" class=\"wp-image-858 alignright\" src=\"https:\/\/websie.cefe.cnrs.fr\/soilforeurope\/wp-content\/uploads\/2019\/02\/Millepatte_Stephan_H_gimp_cropped_copyright.png\" alt=\"\" width=\"488\" height=\"495\">Maaper\u00e4n monimuotoisuus (<a href=\"https:\/\/websie.cefe.cnrs.fr\/soilforeurope\/biodiversity-objective-1-fi\/\">Tavoite 1<\/a>) verrataan lukuisiin ekosysteemitoimintoihin tavoitteena kehitt\u00e4\u00e4 viitekehys ennustamaan miten maaper\u00e4n monimuotoisuus ennustaa mets\u00e4ekosysteemien toimintoja. Suuri m\u00e4\u00e4r\u00e4 ekosysteemitoimintoja on jo ker\u00e4tty <a href=\"http:\/\/www.fundiveurope.eu\/\" target=\"_blank\" rel=\"noopener noreferrer\">FunDivEUROPE<\/a>-projektin aikana. Muita maaper\u00e4spesifisi\u00e4 toimintoja (ohutjuurten hajoaminen, entsyymiaktiivisuuksia, nitrifikaatio ja denitrifikaatio, fysiologisia profiileja, mikrobiyhteis\u00f6jen biomassa ja maahengitys) tullaan mittaamaan SoilForEUROPE-projektissa t\u00e4ydent\u00e4m\u00e4\u00e4n jo olemassa olevaa dataa.<\/p>\n<p>&nbsp;<\/p>\n","protected":false},"excerpt":{"rendered":"<p>&nbsp; Kehitt\u00e4\u00e4 viitekehys ennustamaan miten maaper\u00e4n monimuotoisuus vaikuttaa mets\u00e4ekosysteemien toimintaan. &nbsp; Maaper\u00e4n monimuotoisuus (Tavoite 1) verrataan lukuisiin ekosysteemitoimintoihin tavoitteena kehitt\u00e4\u00e4 viitekehys ennustamaan miten maaper\u00e4n monimuotoisuus ennustaa mets\u00e4ekosysteemien toimintoja. Suuri m\u00e4\u00e4r\u00e4 ekosysteemitoimintoja on jo ker\u00e4tty FunDivEUROPE-projektin aikana. Muita maaper\u00e4spesifisi\u00e4 toimintoja (ohutjuurten hajoaminen, entsyymiaktiivisuuksia, nitrifikaatio ja denitrifikaatio, fysiologisia profiileja, mikrobiyhteis\u00f6jen biomassa ja&#8230;<\/p>\n<p class=\"continue-reading-button\"> <a class=\"continue-reading-link\" href=\"https:\/\/websie.cefe.cnrs.fr\/soilforeurope\/fi\/function-objective-2-fi\/\">Continue reading<i class=\"crycon-right-dir\"><\/i><\/a><\/p>\n","protected":false},"author":1,"featured_media":0,"parent":0,"menu_order":0,"comment_status":"closed","ping_status":"closed","template":"","meta":{"inline_featured_image":false,"footnotes":""},"class_list":["post-2421","page","type-page","status-publish","hentry"],"_links":{"self":[{"href":"https:\/\/websie.cefe.cnrs.fr\/soilforeurope\/wp-json\/wp\/v2\/pages\/2421","targetHints":{"allow":["GET"]}}],"collection":[{"href":"https:\/\/websie.cefe.cnrs.fr\/soilforeurope\/wp-json\/wp\/v2\/pages"}],"about":[{"href":"https:\/\/websie.cefe.cnrs.fr\/soilforeurope\/wp-json\/wp\/v2\/types\/page"}],"author":[{"embeddable":true,"href":"https:\/\/websie.cefe.cnrs.fr\/soilforeurope\/wp-json\/wp\/v2\/users\/1"}],"replies":[{"embeddable":true,"href":"https:\/\/websie.cefe.cnrs.fr\/soilforeurope\/wp-json\/wp\/v2\/comments?post=2421"}],"version-history":[{"count":6,"href":"https:\/\/websie.cefe.cnrs.fr\/soilforeurope\/wp-json\/wp\/v2\/pages\/2421\/revisions"}],"predecessor-version":[{"id":3493,"href":"https:\/\/websie.cefe.cnrs.fr\/soilforeurope\/wp-json\/wp\/v2\/pages\/2421\/revisions\/3493"}],"wp:attachment":[{"href":"https:\/\/websie.cefe.cnrs.fr\/soilforeurope\/wp-json\/wp\/v2\/media?parent=2421"}],"curies":[{"name":"wp","href":"https:\/\/api.w.org\/{rel}","templated":true}]}}