{"id":2411,"date":"2020-03-30T18:00:46","date_gmt":"2020-03-30T16:00:46","guid":{"rendered":"https:\/\/websie.cefe.cnrs.fr\/soilforeurope\/?page_id=2411"},"modified":"2020-04-29T11:44:53","modified_gmt":"2020-04-29T09:44:53","slug":"function-objective-2-fr","status":"publish","type":"page","link":"https:\/\/websie.cefe.cnrs.fr\/soilforeurope\/fr\/function-objective-2-fr\/","title":{"rendered":"Fonction \u2013 Objectif 2"},"content":{"rendered":"\n<p>&nbsp;<\/p>\n<h4>D\u00e9velopper un cadre pr\u00e9dictif pour expliquer comment la biodiversit\u00e9 du sol affecte le fonctionnement des \u00e9cosyst\u00e8mes forestiers.<\/h4>\n<p>&nbsp;<\/p>\n<p style=\"text-align: justify;\"><img loading=\"lazy\" decoding=\"async\" class=\"wp-image-858 alignright\" src=\"https:\/\/websie.cefe.cnrs.fr\/soilforeurope\/wp-content\/uploads\/2019\/02\/Millepatte_Stephan_H_gimp_cropped_copyright.png\" alt=\"\" width=\"488\" height=\"495\">Les donn\u00e9es de biodiversit\u00e9 collect\u00e9es (<a href=\"https:\/\/websie.cefe.cnrs.fr\/soilforeurope\/fr\/biodiversity-objective-1-fr\/\">Objectif 1<\/a>) ont \u00e9t\u00e9 analys\u00e9es en lien avec plusieurs fonctions \u00e9cosyst\u00e9miques afin de pr\u00e9dire comment la biodiversit\u00e9 du sol impacte le fonctionnement des \u00e9cosyst\u00e8mes forestiers. Un grand nombre de fonctions du sol ont d\u00e9j\u00e0 \u00e9t\u00e9 analys\u00e9es lors du projet pr\u00e9c\u00e9dent, <a href=\"http:\/\/www.fundiveurope.eu\/\" target=\"_blank\" rel=\"noopener noreferrer\">FunDivEUROPE<\/a>. En compl\u00e9ment, d\u2019autres fonctions sp\u00e9cifiques du sol (d\u00e9composition des racines fines, activit\u00e9s enzymatiques, respiration, nitrification et d\u00e9nitrification, profils m\u00e9taboliques et biomasse de la communaut\u00e9 microbienne) ont \u00e9t\u00e9 mesur\u00e9es pendant le projet SoilForEUROPE.<\/p>\n<p>&nbsp;<\/p>\n","protected":false},"excerpt":{"rendered":"<p>&nbsp; D\u00e9velopper un cadre pr\u00e9dictif pour expliquer comment la biodiversit\u00e9 du sol affecte le fonctionnement des \u00e9cosyst\u00e8mes forestiers. &nbsp; Les donn\u00e9es de biodiversit\u00e9 collect\u00e9es (Objectif 1) ont \u00e9t\u00e9 analys\u00e9es en lien avec plusieurs fonctions \u00e9cosyst\u00e9miques afin de pr\u00e9dire comment la biodiversit\u00e9 du sol impacte le fonctionnement des \u00e9cosyst\u00e8mes forestiers. Un&#8230;<\/p>\n<p class=\"continue-reading-button\"> <a class=\"continue-reading-link\" href=\"https:\/\/websie.cefe.cnrs.fr\/soilforeurope\/fr\/function-objective-2-fr\/\">Continue reading<i class=\"crycon-right-dir\"><\/i><\/a><\/p>\n","protected":false},"author":1,"featured_media":0,"parent":0,"menu_order":0,"comment_status":"closed","ping_status":"closed","template":"","meta":{"inline_featured_image":false,"footnotes":""},"class_list":["post-2411","page","type-page","status-publish","hentry"],"_links":{"self":[{"href":"https:\/\/websie.cefe.cnrs.fr\/soilforeurope\/wp-json\/wp\/v2\/pages\/2411","targetHints":{"allow":["GET"]}}],"collection":[{"href":"https:\/\/websie.cefe.cnrs.fr\/soilforeurope\/wp-json\/wp\/v2\/pages"}],"about":[{"href":"https:\/\/websie.cefe.cnrs.fr\/soilforeurope\/wp-json\/wp\/v2\/types\/page"}],"author":[{"embeddable":true,"href":"https:\/\/websie.cefe.cnrs.fr\/soilforeurope\/wp-json\/wp\/v2\/users\/1"}],"replies":[{"embeddable":true,"href":"https:\/\/websie.cefe.cnrs.fr\/soilforeurope\/wp-json\/wp\/v2\/comments?post=2411"}],"version-history":[{"count":6,"href":"https:\/\/websie.cefe.cnrs.fr\/soilforeurope\/wp-json\/wp\/v2\/pages\/2411\/revisions"}],"predecessor-version":[{"id":3450,"href":"https:\/\/websie.cefe.cnrs.fr\/soilforeurope\/wp-json\/wp\/v2\/pages\/2411\/revisions\/3450"}],"wp:attachment":[{"href":"https:\/\/websie.cefe.cnrs.fr\/soilforeurope\/wp-json\/wp\/v2\/media?parent=2411"}],"curies":[{"name":"wp","href":"https:\/\/api.w.org\/{rel}","templated":true}]}}