{"id":2407,"date":"2020-03-30T18:00:03","date_gmt":"2020-03-30T16:00:03","guid":{"rendered":"https:\/\/websie.cefe.cnrs.fr\/soilforeurope\/?page_id=2407"},"modified":"2020-04-29T11:44:18","modified_gmt":"2020-04-29T09:44:18","slug":"function-objective-2-de","status":"publish","type":"page","link":"https:\/\/websie.cefe.cnrs.fr\/soilforeurope\/de\/function-objective-2-de\/","title":{"rendered":"Funktion &#8211; Ziel 2"},"content":{"rendered":"\n<p>&nbsp;<\/p>\n<h4>Entwicklung eines Prognoserahmens daf\u00fcr, wie die biologische Vielfalt des Bodens die Funktionsweise von Wald\u00f6kosystemen beeinflusst.<\/h4>\n<p>&nbsp;<\/p>\n<p style=\"text-align: justify;\"><img loading=\"lazy\" decoding=\"async\" class=\"wp-image-858 alignright\" src=\"https:\/\/websie.cefe.cnrs.fr\/soilforeurope\/wp-content\/uploads\/2019\/02\/Millepatte_Stephan_H_gimp_cropped_copyright.png\" alt=\"\" width=\"488\" height=\"495\">Die gesammelten unterirdischen Biodiversit\u00e4tsdaten (<a href=\"https:\/\/websie.cefe.cnrs.fr\/soilforeurope\/de\/biodiversity-objective-1-de\/\">Ziel 1<\/a>) werden mit einer Reihe von \u00d6kosystemfunktionen in Beziehung gesetzt, um einen pr\u00e4diktiven Rahmen daf\u00fcr zu entwickeln, wie die Biodiversit\u00e4t des Bodens die Funktionsweise von Wald\u00f6kosystemen beeinflusst. Eine gro\u00dfe Anzahl von \u00d6kosystemfunktionen wurde bereits im Rahmen des <a href=\"http:\/\/www.fundiveurope.eu\/\" target=\"_blank\" rel=\"noopener noreferrer\">FunDivEUROPE-Projekts<\/a> gemessen. Andere bodenspezifische Funktionen (Feinwurzelabbau, Enzymaktivit\u00e4ten, Nitrifikations- und Denitrifikationsraten, physiologische Profile und Biomasse von Mikrobengemeinschaften sowie die Bodenatmung) werden in SoilForEUROPE gemessen, um diese bereits vorhandenen Daten zu erg\u00e4nzen.<\/p>\n<p>&nbsp;<\/p>\n","protected":false},"excerpt":{"rendered":"<p>&nbsp; Entwicklung eines Prognoserahmens daf\u00fcr, wie die biologische Vielfalt des Bodens die Funktionsweise von Wald\u00f6kosystemen beeinflusst. &nbsp; Die gesammelten unterirdischen Biodiversit\u00e4tsdaten (Ziel 1) werden mit einer Reihe von \u00d6kosystemfunktionen in Beziehung gesetzt, um einen pr\u00e4diktiven Rahmen daf\u00fcr zu entwickeln, wie die Biodiversit\u00e4t des Bodens die Funktionsweise von Wald\u00f6kosystemen beeinflusst. Eine&#8230;<\/p>\n<p class=\"continue-reading-button\"> <a class=\"continue-reading-link\" href=\"https:\/\/websie.cefe.cnrs.fr\/soilforeurope\/de\/function-objective-2-de\/\">Continue reading<i class=\"crycon-right-dir\"><\/i><\/a><\/p>\n","protected":false},"author":1,"featured_media":0,"parent":0,"menu_order":0,"comment_status":"closed","ping_status":"closed","template":"","meta":{"inline_featured_image":false,"footnotes":""},"class_list":["post-2407","page","type-page","status-publish","hentry"],"_links":{"self":[{"href":"https:\/\/websie.cefe.cnrs.fr\/soilforeurope\/wp-json\/wp\/v2\/pages\/2407","targetHints":{"allow":["GET"]}}],"collection":[{"href":"https:\/\/websie.cefe.cnrs.fr\/soilforeurope\/wp-json\/wp\/v2\/pages"}],"about":[{"href":"https:\/\/websie.cefe.cnrs.fr\/soilforeurope\/wp-json\/wp\/v2\/types\/page"}],"author":[{"embeddable":true,"href":"https:\/\/websie.cefe.cnrs.fr\/soilforeurope\/wp-json\/wp\/v2\/users\/1"}],"replies":[{"embeddable":true,"href":"https:\/\/websie.cefe.cnrs.fr\/soilforeurope\/wp-json\/wp\/v2\/comments?post=2407"}],"version-history":[{"count":6,"href":"https:\/\/websie.cefe.cnrs.fr\/soilforeurope\/wp-json\/wp\/v2\/pages\/2407\/revisions"}],"predecessor-version":[{"id":3448,"href":"https:\/\/websie.cefe.cnrs.fr\/soilforeurope\/wp-json\/wp\/v2\/pages\/2407\/revisions\/3448"}],"wp:attachment":[{"href":"https:\/\/websie.cefe.cnrs.fr\/soilforeurope\/wp-json\/wp\/v2\/media?parent=2407"}],"curies":[{"name":"wp","href":"https:\/\/api.w.org\/{rel}","templated":true}]}}