{"id":2391,"date":"2020-03-30T17:55:21","date_gmt":"2020-03-30T15:55:21","guid":{"rendered":"https:\/\/websie.cefe.cnrs.fr\/soilforeurope\/?page_id=2391"},"modified":"2020-05-29T13:32:21","modified_gmt":"2020-05-29T11:32:21","slug":"news-es","status":"publish","type":"page","link":"https:\/\/websie.cefe.cnrs.fr\/soilforeurope\/es\/news-es\/","title":{"rendered":"Noticias"},"content":{"rendered":"\n<p>&nbsp;<\/p>\n<p><img loading=\"lazy\" decoding=\"async\" class=\" wp-image-2171 alignright\" src=\"https:\/\/websie.cefe.cnrs.fr\/soilforeurope\/wp-content\/uploads\/2019\/05\/Forest_Janna_gimp_copyright_2-479x1024.jpg\" alt=\"\" width=\"393\" height=\"840\" srcset=\"https:\/\/websie.cefe.cnrs.fr\/soilforeurope\/wp-content\/uploads\/2019\/05\/Forest_Janna_gimp_copyright_2-479x1024.jpg 479w, https:\/\/websie.cefe.cnrs.fr\/soilforeurope\/wp-content\/uploads\/2019\/05\/Forest_Janna_gimp_copyright_2-140x300.jpg 140w, https:\/\/websie.cefe.cnrs.fr\/soilforeurope\/wp-content\/uploads\/2019\/05\/Forest_Janna_gimp_copyright_2-768x1642.jpg 768w, https:\/\/websie.cefe.cnrs.fr\/soilforeurope\/wp-content\/uploads\/2019\/05\/Forest_Janna_gimp_copyright_2-70x150.jpg 70w, https:\/\/websie.cefe.cnrs.fr\/soilforeurope\/wp-content\/uploads\/2019\/05\/Forest_Janna_gimp_copyright_2.jpg 1880w\" sizes=\"auto, (max-width: 393px) 100vw, 393px\" \/><\/p>\n<p><strong>Marzo de 2020<\/strong> <strong>\u2013 <\/strong>El consorcio SoilForEUROPE tuvo una reuni\u00f3n exitosa y productiva en Freiburg im Breisgau, organizada por Michael Scherer-Lorenzen en University of Freiburg, para presentar el estado de cada objetivo, se abordaron preguntas y dificultades y se describi\u00f3 el trabajo restante a finalizar.<\/p>\n<p><strong>Septiembre de 2019<\/strong> <strong>\u2013<\/strong> El video informativo sobre la biodiversidad del suelo, su papel en los bosques y su relaci\u00f3n con el manejo forestal ya est\u00e1 en el sitio web. <a href=\"https:\/\/websie.cefe.cnrs.fr\/soilforeurope\/es\/communication-es\/\">\u00a1\u00c9chale un vistazo!<\/a><\/p>\n<p><strong>Mayo de 2019<\/strong> <strong>\u2013<\/strong> Despu\u00e9s de un a\u00f1o en el campo, se recuperaron las bolsas de ra\u00edces de parcelas mono-espec\u00edficas y mixtas de Finlandia. Esto concluy\u00f3 la recuperaci\u00f3n de las bolsas de ra\u00edces para los cuatro sitios de estudio ubicados en Italia, Rumania, Polonia y Finlandia.<\/p>\n<p><strong>Mayo de 2019<\/strong> <strong>\u2013<\/strong> El experimento de elecci\u00f3n sobre las preferencias de manejo forestal fue finalizado con \u00e9xito por 300 ciudadanos en Flandes, B\u00e9lgica. Actualmente, un experimento de elecci\u00f3n similar se lleva acabo para recopilar datos en Finlandia e Italia en junio de 2019.<\/p>\n<p><strong>Abril de 2019 \u2013<\/strong> El consorcio SoilForEUROPE tuvo una reuni\u00f3n exitosa y productiva en Amsterdam, organizada por Matty Berg en VU Amsterdam, para presentar el estado de cada objetivo, se abordaron preguntas y dificultades y se describi\u00f3 el trabajo restante a finalizar.<\/p>\n<p><strong>Abril de 2019 \u2013<\/strong> April 2019 &#8211; Se completaron los an\u00e1lisis de laboratorio de PLFA para las 64 parcelas.<\/p>\n<p><strong>November 2018 \u2013<\/strong> Los 16 lis\u00edmetros, cada uno con 1 m<sup>3<\/sup> de suelo, se insertaron en los mesocosmos del Ecotr\u00f3n en Montpellier, se adicion\u00f3 la macrofauna espec\u00edfica de cada tratamiento al suelo y se iniciaron mediciones continuas de CO<sub>2<\/sub>.<\/p>\n","protected":false},"excerpt":{"rendered":"<p>&nbsp; Marzo de 2020 \u2013 El consorcio SoilForEUROPE tuvo una reuni\u00f3n exitosa y productiva en Freiburg im Breisgau, organizada por Michael Scherer-Lorenzen en University of Freiburg, para presentar el estado de cada objetivo, se abordaron preguntas y dificultades y se describi\u00f3 el trabajo restante a finalizar. Septiembre de 2019 \u2013&#8230;<\/p>\n<p class=\"continue-reading-button\"> <a class=\"continue-reading-link\" href=\"https:\/\/websie.cefe.cnrs.fr\/soilforeurope\/es\/news-es\/\">Continue reading<i class=\"crycon-right-dir\"><\/i><\/a><\/p>\n","protected":false},"author":1,"featured_media":0,"parent":0,"menu_order":0,"comment_status":"closed","ping_status":"closed","template":"","meta":{"inline_featured_image":false,"footnotes":""},"class_list":["post-2391","page","type-page","status-publish","hentry"],"_links":{"self":[{"href":"https:\/\/websie.cefe.cnrs.fr\/soilforeurope\/wp-json\/wp\/v2\/pages\/2391","targetHints":{"allow":["GET"]}}],"collection":[{"href":"https:\/\/websie.cefe.cnrs.fr\/soilforeurope\/wp-json\/wp\/v2\/pages"}],"about":[{"href":"https:\/\/websie.cefe.cnrs.fr\/soilforeurope\/wp-json\/wp\/v2\/types\/page"}],"author":[{"embeddable":true,"href":"https:\/\/websie.cefe.cnrs.fr\/soilforeurope\/wp-json\/wp\/v2\/users\/1"}],"replies":[{"embeddable":true,"href":"https:\/\/websie.cefe.cnrs.fr\/soilforeurope\/wp-json\/wp\/v2\/comments?post=2391"}],"version-history":[{"count":9,"href":"https:\/\/websie.cefe.cnrs.fr\/soilforeurope\/wp-json\/wp\/v2\/pages\/2391\/revisions"}],"predecessor-version":[{"id":3668,"href":"https:\/\/websie.cefe.cnrs.fr\/soilforeurope\/wp-json\/wp\/v2\/pages\/2391\/revisions\/3668"}],"wp:attachment":[{"href":"https:\/\/websie.cefe.cnrs.fr\/soilforeurope\/wp-json\/wp\/v2\/media?parent=2391"}],"curies":[{"name":"wp","href":"https:\/\/api.w.org\/{rel}","templated":true}]}}