{"id":2349,"date":"2020-03-30T17:37:08","date_gmt":"2020-03-30T15:37:08","guid":{"rendered":"https:\/\/websie.cefe.cnrs.fr\/soilforeurope\/?page_id=2349"},"modified":"2020-06-08T09:06:14","modified_gmt":"2020-06-08T07:06:14","slug":"socioeconomic-impact-appraoch-4-de","status":"publish","type":"page","link":"https:\/\/websie.cefe.cnrs.fr\/soilforeurope\/de\/socioeconomic-impact-appraoch-4-de\/","title":{"rendered":"Sozio\u00f6konomische Auswirkungen &#8211; Ansatz 4"},"content":{"rendered":"\n<p>&nbsp;<\/p>\n<h5><strong>Der \u00f6konomische Wert der Biodiversit\u00e4t von Waldb\u00f6den<\/strong><\/h5>\n<p style=\"text-align: justify;\"><img loading=\"lazy\" decoding=\"async\" class=\"wp-image-2131 alignleft\" src=\"https:\/\/websie.cefe.cnrs.fr\/soilforeurope\/wp-content\/uploads\/2019\/05\/Discussion_gimp_ronge-1024x795.png\" alt=\"\" width=\"381\" height=\"296\" srcset=\"https:\/\/websie.cefe.cnrs.fr\/soilforeurope\/wp-content\/uploads\/2019\/05\/Discussion_gimp_ronge-1024x795.png 1024w, https:\/\/websie.cefe.cnrs.fr\/soilforeurope\/wp-content\/uploads\/2019\/05\/Discussion_gimp_ronge-300x233.png 300w, https:\/\/websie.cefe.cnrs.fr\/soilforeurope\/wp-content\/uploads\/2019\/05\/Discussion_gimp_ronge-768x596.png 768w, https:\/\/websie.cefe.cnrs.fr\/soilforeurope\/wp-content\/uploads\/2019\/05\/Discussion_gimp_ronge-150x116.png 150w\" sizes=\"auto, (max-width: 381px) 100vw, 381px\" \/>Um die Wahrnehmung der Biodiversit\u00e4t des Bodens durch die Forstwirt*innen zu bewerten, verwenden wir eine speziell entwickelte Umfrage. Mit einem Fragebogen sammeln wir soziodemographische Daten sowie Wissen und Verst\u00e4ndnis \u00fcber die Bedeutung der Biodiversit\u00e4t des Bodens und der damit verbundenen \u00d6kosystemleistungen. Die Umfrage umfasst auch ein Auswahlexperiment, in dem verschiedene hypothetische Szenarien der Waldbewirtschaftung vorgeschlagen werden. Dies erlaubt uns zu bewerten, wie Informationen \u00fcber die Biodiversit\u00e4t des Bodens, die Bereitschaft f\u00fcr die Erhaltung der Biodiversit\u00e4t des Bodens zu zahlen (oder Zeit daf\u00fcr aufzuwenden) ver\u00e4ndern. Daraus werden Kommunikationsstrategien und politische Instrumente abgeleitet, um das Verhalten verschiedener Nutzer*innengruppen zu \u00e4ndern.<\/p>\n<p>&nbsp;<\/p>\n<h5><strong>Wissenstransfer an Interessensgruppen<\/strong><\/h5>\n<p style=\"text-align: justify;\">Die breitere \u00d6ffentlichkeit und die Entscheidungstr\u00e4ger in der europ\u00e4ischen Forstwirtschaft ben\u00f6tigen fundierte wissenschaftliche Informationen, um schwierige Entscheidungen f\u00fcr die Zukunft der europ\u00e4ischen W\u00e4lder im fortschreitenden Klimawandel und dem Biodiversit\u00e4tsverlust zu treffen.<\/p>\n<p style=\"text-align: justify;\">Wir werden einen Workshop mit allen Projektpartner*innen organisieren, um die Schl\u00fcsselbotschaften aus der sozio-\u00f6konomischen Analyse, aus Feldstudien und Experimenten zu extrahieren, um den Inhalt der Kommunikationsstrategie zu bestimmen. Diese wird dann f\u00fcr verschiedene Nutzerkategorien (z.B. Waldbewirtschafter*innen, Raumplaner*innen, Verbraucher*innen) entwickelt und mit geeigneten Mitteln verbreitet.<\/p>\n<p>&nbsp;<\/p>\n<h5><strong>Informationsvideo<\/strong><\/h5>\n<p>Das folgende Informationsvideo wurde erstellt, um die B\u00fcrger*innen \u00fcber die Biodiversit\u00e4t des Bodens, seine Rolle im Wald und seine Beziehung zur Waldbewirtschaftung zu informieren. Wir lie\u00dfen die B\u00fcrger*innen vor und nach dem Ansehen dieses Videos einen Fragebogen beantworten, um zu sehen, wie sich die Informationen auf ihr Bewusstsein und ihre Ansichten \u00fcber die Biodiversit\u00e4t des Bodens und die Waldbewirtschaftung auswirken. <a href=\"https:\/\/websie.cefe.cnrs.fr\/soilforeurope\/de\/communication-de\/\">Schauen Sie es sich an!<\/a><\/p>\n","protected":false},"excerpt":{"rendered":"<p>&nbsp; Der \u00f6konomische Wert der Biodiversit\u00e4t von Waldb\u00f6den Um die Wahrnehmung der Biodiversit\u00e4t des Bodens durch die Forstwirt*innen zu bewerten, verwenden wir eine speziell entwickelte Umfrage. Mit einem Fragebogen sammeln wir soziodemographische Daten sowie Wissen und Verst\u00e4ndnis \u00fcber die Bedeutung der Biodiversit\u00e4t des Bodens und der damit verbundenen \u00d6kosystemleistungen. Die&#8230;<\/p>\n<p class=\"continue-reading-button\"> <a class=\"continue-reading-link\" href=\"https:\/\/websie.cefe.cnrs.fr\/soilforeurope\/de\/socioeconomic-impact-appraoch-4-de\/\">Continue reading<i class=\"crycon-right-dir\"><\/i><\/a><\/p>\n","protected":false},"author":1,"featured_media":0,"parent":0,"menu_order":0,"comment_status":"closed","ping_status":"closed","template":"","meta":{"inline_featured_image":false,"footnotes":""},"class_list":["post-2349","page","type-page","status-publish","hentry"],"_links":{"self":[{"href":"https:\/\/websie.cefe.cnrs.fr\/soilforeurope\/wp-json\/wp\/v2\/pages\/2349","targetHints":{"allow":["GET"]}}],"collection":[{"href":"https:\/\/websie.cefe.cnrs.fr\/soilforeurope\/wp-json\/wp\/v2\/pages"}],"about":[{"href":"https:\/\/websie.cefe.cnrs.fr\/soilforeurope\/wp-json\/wp\/v2\/types\/page"}],"author":[{"embeddable":true,"href":"https:\/\/websie.cefe.cnrs.fr\/soilforeurope\/wp-json\/wp\/v2\/users\/1"}],"replies":[{"embeddable":true,"href":"https:\/\/websie.cefe.cnrs.fr\/soilforeurope\/wp-json\/wp\/v2\/comments?post=2349"}],"version-history":[{"count":10,"href":"https:\/\/websie.cefe.cnrs.fr\/soilforeurope\/wp-json\/wp\/v2\/pages\/2349\/revisions"}],"predecessor-version":[{"id":3676,"href":"https:\/\/websie.cefe.cnrs.fr\/soilforeurope\/wp-json\/wp\/v2\/pages\/2349\/revisions\/3676"}],"wp:attachment":[{"href":"https:\/\/websie.cefe.cnrs.fr\/soilforeurope\/wp-json\/wp\/v2\/media?parent=2349"}],"curies":[{"name":"wp","href":"https:\/\/api.w.org\/{rel}","templated":true}]}}