{"id":2337,"date":"2020-03-30T16:57:35","date_gmt":"2020-03-30T14:57:35","guid":{"rendered":"https:\/\/websie.cefe.cnrs.fr\/soilforeurope\/?page_id=2337"},"modified":"2020-05-29T11:48:01","modified_gmt":"2020-05-29T09:48:01","slug":"socioeconomic-impact-objective-4-it","status":"publish","type":"page","link":"https:\/\/websie.cefe.cnrs.fr\/soilforeurope\/it\/socioeconomic-impact-objective-4-it\/","title":{"rendered":"Impatto socio-economico \u2013 Obiettivo 4"},"content":{"rendered":"\n<p>&nbsp;<\/p>\n<h4>Valutare l\u2019impatto socio-economico dei cambiamenti nella biodiversit\u00e0 del suolo per la societ\u00e0 e i gestori e i portatori di interesse delle foreste.<\/h4>\n<p>&nbsp;<\/p>\n<p><img loading=\"lazy\" decoding=\"async\" class=\" wp-image-2118 alignleft\" src=\"https:\/\/websie.cefe.cnrs.fr\/soilforeurope\/wp-content\/uploads\/2019\/05\/Person_in_forest-1024x768.jpg\" alt=\"\" width=\"415\" height=\"312\" srcset=\"https:\/\/websie.cefe.cnrs.fr\/soilforeurope\/wp-content\/uploads\/2019\/05\/Person_in_forest-1024x768.jpg 1024w, https:\/\/websie.cefe.cnrs.fr\/soilforeurope\/wp-content\/uploads\/2019\/05\/Person_in_forest-300x225.jpg 300w, https:\/\/websie.cefe.cnrs.fr\/soilforeurope\/wp-content\/uploads\/2019\/05\/Person_in_forest-768x576.jpg 768w, https:\/\/websie.cefe.cnrs.fr\/soilforeurope\/wp-content\/uploads\/2019\/05\/Person_in_forest-150x113.jpg 150w\" sizes=\"auto, (max-width: 415px) 100vw, 415px\" \/>A differenza dei mammiferi, delle api o degli alberi, gli organismi del suolo sono quasi sconosciuti ai cittadini e raramente sono considerati un fattore socio-economico.\nI valori storici, educativi ed economici della biodiversit\u00e0 del suolo sono fortemente sottovalutati dai gestori delle foreste e dalla societ\u00e0, probabilmente a causa di una generale mancanza di conoscenze sulla biodiversit\u00e0 del suolo e perfino per l\u2019esistenza di sensazioni negative verso alcuni gruppi di organismi del suolo.\n<\/p>\n<p>Valutiamo come i fruitori della foresta, compresi i gestori e i portatori di interesse, conoscono e valutano la biodiversit\u00e0 del suolo e la sua relazione con i servizi ecosistemici, tramite sondaggi appositamente realizzati ed esperimenti di preferenze di scelta.<\/p>\n","protected":false},"excerpt":{"rendered":"<p>&nbsp; Valutare l\u2019impatto socio-economico dei cambiamenti nella biodiversit\u00e0 del suolo per la societ\u00e0 e i gestori e i portatori di interesse delle foreste. &nbsp; A differenza dei mammiferi, delle api o degli alberi, gli organismi del suolo sono quasi sconosciuti ai cittadini e raramente sono considerati un fattore socio-economico. I&#8230;<\/p>\n<p class=\"continue-reading-button\"> <a class=\"continue-reading-link\" href=\"https:\/\/websie.cefe.cnrs.fr\/soilforeurope\/it\/socioeconomic-impact-objective-4-it\/\">Continue reading<i class=\"crycon-right-dir\"><\/i><\/a><\/p>\n","protected":false},"author":1,"featured_media":0,"parent":0,"menu_order":0,"comment_status":"closed","ping_status":"closed","template":"","meta":{"inline_featured_image":false,"footnotes":""},"class_list":["post-2337","page","type-page","status-publish","hentry"],"_links":{"self":[{"href":"https:\/\/websie.cefe.cnrs.fr\/soilforeurope\/wp-json\/wp\/v2\/pages\/2337","targetHints":{"allow":["GET"]}}],"collection":[{"href":"https:\/\/websie.cefe.cnrs.fr\/soilforeurope\/wp-json\/wp\/v2\/pages"}],"about":[{"href":"https:\/\/websie.cefe.cnrs.fr\/soilforeurope\/wp-json\/wp\/v2\/types\/page"}],"author":[{"embeddable":true,"href":"https:\/\/websie.cefe.cnrs.fr\/soilforeurope\/wp-json\/wp\/v2\/users\/1"}],"replies":[{"embeddable":true,"href":"https:\/\/websie.cefe.cnrs.fr\/soilforeurope\/wp-json\/wp\/v2\/comments?post=2337"}],"version-history":[{"count":4,"href":"https:\/\/websie.cefe.cnrs.fr\/soilforeurope\/wp-json\/wp\/v2\/pages\/2337\/revisions"}],"predecessor-version":[{"id":3625,"href":"https:\/\/websie.cefe.cnrs.fr\/soilforeurope\/wp-json\/wp\/v2\/pages\/2337\/revisions\/3625"}],"wp:attachment":[{"href":"https:\/\/websie.cefe.cnrs.fr\/soilforeurope\/wp-json\/wp\/v2\/media?parent=2337"}],"curies":[{"name":"wp","href":"https:\/\/api.w.org\/{rel}","templated":true}]}}