{"id":2333,"date":"2020-03-30T16:56:35","date_gmt":"2020-03-30T14:56:35","guid":{"rendered":"https:\/\/websie.cefe.cnrs.fr\/soilforeurope\/?page_id=2333"},"modified":"2020-04-28T21:40:38","modified_gmt":"2020-04-28T19:40:38","slug":"socioeconomic-impact-objective-4-es","status":"publish","type":"page","link":"https:\/\/websie.cefe.cnrs.fr\/soilforeurope\/es\/socioeconomic-impact-objective-4-es\/","title":{"rendered":"Impacto socioecon\u00f3mico &#8211; Objetivo 4"},"content":{"rendered":"\n<p>&nbsp;<\/p>\n<h4>La evaluaci\u00f3n del impacto socioecon\u00f3mico de los cambios de la biodiversidad del suelo para el p\u00fablico, los administradores y las dem\u00e1s partes asociadas.<\/h4>\n<p>&nbsp;<\/p>\n<p><img loading=\"lazy\" decoding=\"async\" class=\" wp-image-2118 alignleft\" src=\"https:\/\/websie.cefe.cnrs.fr\/soilforeurope\/wp-content\/uploads\/2019\/05\/Person_in_forest-1024x768.jpg\" alt=\"\" width=\"415\" height=\"312\" srcset=\"https:\/\/websie.cefe.cnrs.fr\/soilforeurope\/wp-content\/uploads\/2019\/05\/Person_in_forest-1024x768.jpg 1024w, https:\/\/websie.cefe.cnrs.fr\/soilforeurope\/wp-content\/uploads\/2019\/05\/Person_in_forest-300x225.jpg 300w, https:\/\/websie.cefe.cnrs.fr\/soilforeurope\/wp-content\/uploads\/2019\/05\/Person_in_forest-768x576.jpg 768w, https:\/\/websie.cefe.cnrs.fr\/soilforeurope\/wp-content\/uploads\/2019\/05\/Person_in_forest-150x113.jpg 150w\" sizes=\"auto, (max-width: 415px) 100vw, 415px\" \/>A diferencia de los mam\u00edferos, las abejas o los \u00e1rboles, los organismos del suelo son casi desconocidos para el p\u00fablico en general y rara vez se consideran un factor socioecon\u00f3mico. El valor hist\u00f3rico, educativo y econ\u00f3mico de la biodiversidad del suelo es fuertemente subvalorado por los administradores forestales y el p\u00fablico en general, probablemente debido a una ignorancia general de la biodiversidad del suelo e incluso algunos sentimientos negativos sobre algunos grupos de organismos del suelo.<\/p>\n<p>Nosotros evaluamos el conocimiento y el valor que los usuarios de bosques, incluidos los administradores y las partes asociadas, tienen sobre la biodiversidad del suelo y su relaci\u00f3n con los servicios ecosist\u00e9micos por medio de encuestas espec\u00edficamente dise\u00f1adas y experimentos de elecci\u00f3n.<\/p>\n","protected":false},"excerpt":{"rendered":"<p>&nbsp; La evaluaci\u00f3n del impacto socioecon\u00f3mico de los cambios de la biodiversidad del suelo para el p\u00fablico, los administradores y las dem\u00e1s partes asociadas. &nbsp; A diferencia de los mam\u00edferos, las abejas o los \u00e1rboles, los organismos del suelo son casi desconocidos para el p\u00fablico en general y rara vez&#8230;<\/p>\n<p class=\"continue-reading-button\"> <a class=\"continue-reading-link\" href=\"https:\/\/websie.cefe.cnrs.fr\/soilforeurope\/es\/socioeconomic-impact-objective-4-es\/\">Continue reading<i class=\"crycon-right-dir\"><\/i><\/a><\/p>\n","protected":false},"author":1,"featured_media":0,"parent":0,"menu_order":0,"comment_status":"closed","ping_status":"closed","template":"","meta":{"inline_featured_image":false,"footnotes":""},"class_list":["post-2333","page","type-page","status-publish","hentry"],"_links":{"self":[{"href":"https:\/\/websie.cefe.cnrs.fr\/soilforeurope\/wp-json\/wp\/v2\/pages\/2333","targetHints":{"allow":["GET"]}}],"collection":[{"href":"https:\/\/websie.cefe.cnrs.fr\/soilforeurope\/wp-json\/wp\/v2\/pages"}],"about":[{"href":"https:\/\/websie.cefe.cnrs.fr\/soilforeurope\/wp-json\/wp\/v2\/types\/page"}],"author":[{"embeddable":true,"href":"https:\/\/websie.cefe.cnrs.fr\/soilforeurope\/wp-json\/wp\/v2\/users\/1"}],"replies":[{"embeddable":true,"href":"https:\/\/websie.cefe.cnrs.fr\/soilforeurope\/wp-json\/wp\/v2\/comments?post=2333"}],"version-history":[{"count":4,"href":"https:\/\/websie.cefe.cnrs.fr\/soilforeurope\/wp-json\/wp\/v2\/pages\/2333\/revisions"}],"predecessor-version":[{"id":3293,"href":"https:\/\/websie.cefe.cnrs.fr\/soilforeurope\/wp-json\/wp\/v2\/pages\/2333\/revisions\/3293"}],"wp:attachment":[{"href":"https:\/\/websie.cefe.cnrs.fr\/soilforeurope\/wp-json\/wp\/v2\/media?parent=2333"}],"curies":[{"name":"wp","href":"https:\/\/api.w.org\/{rel}","templated":true}]}}