{"id":2325,"date":"2020-03-30T16:54:09","date_gmt":"2020-03-30T14:54:09","guid":{"rendered":"https:\/\/websie.cefe.cnrs.fr\/soilforeurope\/?page_id=2325"},"modified":"2020-07-21T12:12:47","modified_gmt":"2020-07-21T10:12:47","slug":"biodiversity-objective-1-ro","status":"publish","type":"page","link":"https:\/\/websie.cefe.cnrs.fr\/soilforeurope\/ro\/biodiversity-objective-1-ro\/","title":{"rendered":"Biodiversitate \u2013 Obiectivul 1"},"content":{"rendered":"\n<p>&nbsp;<\/p>\n<h4>Explorarea acelor tr\u0103s\u0103turi ale plantelor capabile s\u0103 descrie abunden\u021ba, diversitatea \u0219i compozi\u021bia comunit\u0103\u021bii de organisme din sol.<\/h4>\n<p>&nbsp;<\/p>\n<p><img loading=\"lazy\" decoding=\"async\" class=\"wp-image-1001 alignleft\" src=\"http:\/\/websie.cefe.cnrs.fr\/soilforeurope\/wp-content\/uploads\/2019\/02\/Soils_fungi_3_gimp_cropped3_copyright3-1024x749.png\" alt=\"\" width=\"393\" height=\"287\" srcset=\"https:\/\/websie.cefe.cnrs.fr\/soilforeurope\/wp-content\/uploads\/2019\/02\/Soils_fungi_3_gimp_cropped3_copyright3-1024x749.png 1024w, https:\/\/websie.cefe.cnrs.fr\/soilforeurope\/wp-content\/uploads\/2019\/02\/Soils_fungi_3_gimp_cropped3_copyright3-300x219.png 300w, https:\/\/websie.cefe.cnrs.fr\/soilforeurope\/wp-content\/uploads\/2019\/02\/Soils_fungi_3_gimp_cropped3_copyright3-768x562.png 768w, https:\/\/websie.cefe.cnrs.fr\/soilforeurope\/wp-content\/uploads\/2019\/02\/Soils_fungi_3_gimp_cropped3_copyright3-150x110.png 150w, https:\/\/websie.cefe.cnrs.fr\/soilforeurope\/wp-content\/uploads\/2019\/02\/Soils_fungi_3_gimp_cropped3_copyright3.png 1956w\" sizes=\"auto, (max-width: 393px) 100vw, 393px\" \/><\/p>\n<p>Am \u00eencercat s\u0103 test\u0103m dac\u0103 biodiversitatea solului este legat\u0103 de diversitatea arborilor \u0219i ce caracteristici func\u021bionale ale arborilor \u0219i ale p\u0103r\u021bilor lor supraterane sau subterane pot prezice aceast\u0103 leg\u0103tur\u0103. <\/p>\n<p>Ne-am concentrat pe \u0219ase grupe cheie de organisme ale solului, adic\u0103 microorganisme heterotrofice ale solului, ciuperci micoritice, nematode, microartropode, viermi de p\u0103m\u00e2nt \u0219i macroartropode, toate av\u00e2nd un impact important asupra proceselor solului. Folosind analize multivariate, am explorat care tr\u0103s\u0103turi ale plantelor ar putea prezice abunden\u021ba, diversitatea \u0219i compozi\u021bia comunit\u0103\u021bii celor \u0219ase grupuri de organisme din sol.<\/p>\n<h5>&nbsp;<\/h5>\n<p>&nbsp;<\/p>\n","protected":false},"excerpt":{"rendered":"<p>&nbsp; Explorarea acelor tr\u0103s\u0103turi ale plantelor capabile s\u0103 descrie abunden\u021ba, diversitatea \u0219i compozi\u021bia comunit\u0103\u021bii de organisme din sol. &nbsp; Am \u00eencercat s\u0103 test\u0103m dac\u0103 biodiversitatea solului este legat\u0103 de diversitatea arborilor \u0219i ce caracteristici func\u021bionale ale arborilor \u0219i ale p\u0103r\u021bilor lor supraterane sau subterane pot prezice aceast\u0103 leg\u0103tur\u0103. Ne-am concentrat&#8230;<\/p>\n<p class=\"continue-reading-button\"> <a class=\"continue-reading-link\" href=\"https:\/\/websie.cefe.cnrs.fr\/soilforeurope\/ro\/biodiversity-objective-1-ro\/\">Continue reading<i class=\"crycon-right-dir\"><\/i><\/a><\/p>\n","protected":false},"author":1,"featured_media":0,"parent":0,"menu_order":1,"comment_status":"closed","ping_status":"closed","template":"","meta":{"inline_featured_image":false,"footnotes":""},"class_list":["post-2325","page","type-page","status-publish","hentry"],"_links":{"self":[{"href":"https:\/\/websie.cefe.cnrs.fr\/soilforeurope\/wp-json\/wp\/v2\/pages\/2325","targetHints":{"allow":["GET"]}}],"collection":[{"href":"https:\/\/websie.cefe.cnrs.fr\/soilforeurope\/wp-json\/wp\/v2\/pages"}],"about":[{"href":"https:\/\/websie.cefe.cnrs.fr\/soilforeurope\/wp-json\/wp\/v2\/types\/page"}],"author":[{"embeddable":true,"href":"https:\/\/websie.cefe.cnrs.fr\/soilforeurope\/wp-json\/wp\/v2\/users\/1"}],"replies":[{"embeddable":true,"href":"https:\/\/websie.cefe.cnrs.fr\/soilforeurope\/wp-json\/wp\/v2\/comments?post=2325"}],"version-history":[{"count":3,"href":"https:\/\/websie.cefe.cnrs.fr\/soilforeurope\/wp-json\/wp\/v2\/pages\/2325\/revisions"}],"predecessor-version":[{"id":3773,"href":"https:\/\/websie.cefe.cnrs.fr\/soilforeurope\/wp-json\/wp\/v2\/pages\/2325\/revisions\/3773"}],"wp:attachment":[{"href":"https:\/\/websie.cefe.cnrs.fr\/soilforeurope\/wp-json\/wp\/v2\/media?parent=2325"}],"curies":[{"name":"wp","href":"https:\/\/api.w.org\/{rel}","templated":true}]}}