{"id":2292,"date":"2020-03-30T16:43:32","date_gmt":"2020-03-30T14:43:32","guid":{"rendered":"https:\/\/websie.cefe.cnrs.fr\/soilforeurope\/?page_id=2292"},"modified":"2020-05-05T22:00:23","modified_gmt":"2020-05-05T20:00:23","slug":"background-fi","status":"publish","type":"page","link":"https:\/\/websie.cefe.cnrs.fr\/soilforeurope\/fi\/background-fi\/","title":{"rendered":"Tausta"},"content":{"rendered":"\n<h4 style=\"text-align: justify;\">Context:<\/h4>\n<h4><img loading=\"lazy\" decoding=\"async\" class=\"wp-image-764 alignright\" src=\"https:\/\/websie.cefe.cnrs.fr\/soilforeurope\/wp-content\/uploads\/2019\/02\/Millle_patte_sans_fond2_copyright.png\" alt=\"\" width=\"159\" height=\"265\"><\/h4>\n<ul style=\"text-align: justify; list-style-type: disc;\">\n<li>Mets\u00e4t ovat laajin ekosysteemityyppi Euroopassa (210 milj. ha), mutta niiden merkitys ekosysteemin toiminnoissa on j\u00e4\u00e4nyt tutkimuksessa usein huomioimatta.<\/li>\n<li>T\u00e4m\u00e4 vaikeuttaa arvioimaan miten maaper\u00e4n monimuotoisuuden v\u00e4heneminen vaikuttaa maaper\u00e4n prosesseihin ja niiden vastustuskykyyn ja sietokykyyn ilmastonmuutoksessa.<\/li>\n<li>Koska maaper\u00e4n monimuotoisuus on pitk\u00e4lti j\u00e4\u00e4nyt huomioimatta, mets\u00e4ammattilaiset ja kansalaiset voivat arvioida v\u00e4\u00e4rin sen historialliset, opetukselliset ja taloudelliset arvot.<\/li>\n<li>Puuston ja maaper\u00e4n monimuotoisuuksien yhteyksien ymm\u00e4rt\u00e4minen helpottaisi ennustamaan maaper\u00e4n monimuotoisuutta ja ekosysteemin toimintaa ilmaston muuttuessa ja tekem\u00e4\u00e4n oikeita ratkaisuja.<\/li>\n<\/ul>\n<p style=\"text-align: justify;\"><strong>&nbsp;<\/strong><\/p>\n<p style=\"text-align: justify;\"><strong><img loading=\"lazy\" decoding=\"async\" class=\"wp-image-902 alignleft\" src=\"https:\/\/websie.cefe.cnrs.fr\/soilforeurope\/wp-content\/uploads\/2019\/02\/IMG_1830_gimp_crop_2_copyright-592x1024.png\" alt=\"\" width=\"375\" height=\"648\" srcset=\"https:\/\/websie.cefe.cnrs.fr\/soilforeurope\/wp-content\/uploads\/2019\/02\/IMG_1830_gimp_crop_2_copyright-592x1024.png 592w, https:\/\/websie.cefe.cnrs.fr\/soilforeurope\/wp-content\/uploads\/2019\/02\/IMG_1830_gimp_crop_2_copyright-173x300.png 173w, https:\/\/websie.cefe.cnrs.fr\/soilforeurope\/wp-content\/uploads\/2019\/02\/IMG_1830_gimp_crop_2_copyright-87x150.png 87w, https:\/\/websie.cefe.cnrs.fr\/soilforeurope\/wp-content\/uploads\/2019\/02\/IMG_1830_gimp_crop_2_copyright.png 654w\" sizes=\"auto, (max-width: 375px) 100vw, 375px\" \/>SoilForEUROPE<\/strong> on eurooppalainen projekti (BiodivERsA) ja sen rahoittajat ovat EU:n lis\u00e4ksi: Agence Nationale de la Recherche (ANR, Ranska), Belgian Science Policy Office (BELSPO, Belgia), Deutsche Forschungsgemeinschaft (DFG, Saksa), Research Foundation of Flanders (FWO, Belgia), ja Swedish Research Council (FORMAS, Ruotsi). Tarkoituksena on <strong>(1)<\/strong> yhdist\u00e4\u00e4 maaper\u00e4n monimuotoisuus puulajim\u00e4\u00e4r\u00e4n runsauteen eurooppalaisissa metsiss\u00e4,<strong>(2)<\/strong> arvioida monimuotoisuuden merkitys ekosysteemin kuivuuden vastustuskykyyn ja sietokykyyn, ja <strong>(3)<\/strong> tutkia maaper\u00e4n monimuotoisuuden yhteiskunnallistaloudellinen merkitys ja sen vaikutus p\u00e4\u00e4t\u00f6ksentekoon.<\/p>\n<p style=\"text-align: justify;\">T\u00e4m\u00e4 projekti k\u00e4ytt\u00e4\u00e4 jo olemassa olevaa yli kahdensadan koealan verkostoa varttuneissa metsiss\u00e4, vaihdellen yhden puulajin metsist\u00e4 usean puulajin sekametsiin. Koealat perustettiin kuudessa Euroopalle tyypillisiss\u00e4 ja ilmastollisesti erilaisissa mets\u00e4tyypeiss\u00e4 <a href=\"http:\/\/www.fundiveurope.eu\/\" target=\"_blank\" rel=\"noopener noreferrer\">FunDivEUROPE<\/a>-projektissa<\/p>\n<p style=\"text-align: justify;\">T\u00e4m\u00e4n koealaverkoston t\u00e4ydennyksesi otimme mukaan my\u00f6s kaksi eurooppalaista tutkimuspaikkaa maailmalaajuisessa puulajien runsaus-tutkimusverkostosta (<a href=\"http:\/\/www.treedivnet.ugent.be\/\" target=\"_blank\" rel=\"noopener noreferrer\">TreeDivNet<\/a>), <a href=\"http:\/\/www.treedivnet.ugent.be\/ExpFORBIO.html\" target=\"_blank\" rel=\"noopener noreferrer\">FORBIO<\/a> ja <a href=\"http:\/\/www.treedivnet.ugent.be\/ExpORPHEE.html\">ORPHEE<\/a>, joissa manipuloidaan my\u00f6s ilmastollisia tekij\u00f6it\u00e4. Tutkiaksemme maaper\u00e4n monimuotoisuuden ja kuivuuden yhteisvaikutuksia ekosysteemin toimintaan, k\u00e4yt\u00e4mme my\u00f6s <a href=\"http:\/\/www.ecotron.cnrs.fr\/\" target=\"_blank\" rel=\"noopener noreferrer\">CNRS European Ecotronia<\/a> Montpellieriss\u00e4, joka on maailman johtava kontrolloitujen olosuhteiden ekosysteemitutkimusymp\u00e4rist\u00f6j\u00e4.<\/p>\n<h4 style=\"text-align: justify;\">Tavoitteet:<\/h4>\n<ol>\n<li><a href=\"https:\/\/websie.cefe.cnrs.fr\/soilforeurope\/biodiversity-objective-1-fi\/\"><strong>Monimuotoisuus<\/strong><\/a> &#8211; tutkia mitk\u00e4 maanp\u00e4\u00e4lliset ja maanlaiset kasvien ominaisuudet ennustavat maaper\u00e4eli\u00f6iden runsautta, monimuotoisuutta ja yhteiskuntarakennetta.<\/li>\n<li><a href=\"https:\/\/websie.cefe.cnrs.fr\/soilforeurope\/function-objective-2-fi\/\"><strong>Toiminnallisuus<\/strong><\/a> &#8211; kehitt\u00e4\u00e4 viitekehyst\u00e4 ennustamaan miten maaper\u00e4n monimuotoisuus vaikuttaa mets\u00e4ekosysteemien toimintaan.<\/li>\n<li><a href=\"https:\/\/websie.cefe.cnrs.fr\/soilforeurope\/climate-change-objective-3-fi\/\"><strong>Ilmastonmuutos<\/strong><\/a> &#8211; m\u00e4\u00e4ritt\u00e4\u00e4 maaper\u00e4n monimuotoisuuden merkitys ekosysteemin vastustuskykyyn ja sietokykyyn ilmaston muuttuessa.<\/li>\n<li><a href=\"https:\/\/websie.cefe.cnrs.fr\/soilforeurope\/socioeconomic-impact-objective-4-fi\/\"><strong>Yhteiskunnallis-taloudellinen vaikutus<\/strong><\/a> &#8211; arvioida maaper\u00e4n monimuotoisuuden muutosten yhteiskunnallistaloudellinen vaikutus kansalaisiin, mets\u00e4ammattilaisiin ja sidosryhmiin.<\/li>\n<\/ol>\n","protected":false},"excerpt":{"rendered":"<p>Context: Mets\u00e4t ovat laajin ekosysteemityyppi Euroopassa (210 milj. ha), mutta niiden merkitys ekosysteemin toiminnoissa on j\u00e4\u00e4nyt tutkimuksessa usein huomioimatta. T\u00e4m\u00e4 vaikeuttaa arvioimaan miten maaper\u00e4n monimuotoisuuden v\u00e4heneminen vaikuttaa maaper\u00e4n prosesseihin ja niiden vastustuskykyyn ja sietokykyyn ilmastonmuutoksessa. Koska maaper\u00e4n monimuotoisuus on pitk\u00e4lti j\u00e4\u00e4nyt huomioimatta, mets\u00e4ammattilaiset ja kansalaiset voivat arvioida v\u00e4\u00e4rin sen historialliset,&#8230;<\/p>\n<p class=\"continue-reading-button\"> <a class=\"continue-reading-link\" href=\"https:\/\/websie.cefe.cnrs.fr\/soilforeurope\/fi\/background-fi\/\">Continue reading<i class=\"crycon-right-dir\"><\/i><\/a><\/p>\n","protected":false},"author":1,"featured_media":0,"parent":0,"menu_order":0,"comment_status":"closed","ping_status":"closed","template":"","meta":{"inline_featured_image":false,"footnotes":""},"class_list":["post-2292","page","type-page","status-publish","hentry"],"_links":{"self":[{"href":"https:\/\/websie.cefe.cnrs.fr\/soilforeurope\/wp-json\/wp\/v2\/pages\/2292","targetHints":{"allow":["GET"]}}],"collection":[{"href":"https:\/\/websie.cefe.cnrs.fr\/soilforeurope\/wp-json\/wp\/v2\/pages"}],"about":[{"href":"https:\/\/websie.cefe.cnrs.fr\/soilforeurope\/wp-json\/wp\/v2\/types\/page"}],"author":[{"embeddable":true,"href":"https:\/\/websie.cefe.cnrs.fr\/soilforeurope\/wp-json\/wp\/v2\/users\/1"}],"replies":[{"embeddable":true,"href":"https:\/\/websie.cefe.cnrs.fr\/soilforeurope\/wp-json\/wp\/v2\/comments?post=2292"}],"version-history":[{"count":8,"href":"https:\/\/websie.cefe.cnrs.fr\/soilforeurope\/wp-json\/wp\/v2\/pages\/2292\/revisions"}],"predecessor-version":[{"id":3487,"href":"https:\/\/websie.cefe.cnrs.fr\/soilforeurope\/wp-json\/wp\/v2\/pages\/2292\/revisions\/3487"}],"wp:attachment":[{"href":"https:\/\/websie.cefe.cnrs.fr\/soilforeurope\/wp-json\/wp\/v2\/media?parent=2292"}],"curies":[{"name":"wp","href":"https:\/\/api.w.org\/{rel}","templated":true}]}}