{"id":2288,"date":"2020-03-30T16:42:44","date_gmt":"2020-03-30T14:42:44","guid":{"rendered":"https:\/\/websie.cefe.cnrs.fr\/soilforeurope\/?page_id=2288"},"modified":"2020-04-29T11:40:02","modified_gmt":"2020-04-29T09:40:02","slug":"background-pl","status":"publish","type":"page","link":"https:\/\/websie.cefe.cnrs.fr\/soilforeurope\/pl\/background-pl\/","title":{"rendered":"Wprowadzenie"},"content":{"rendered":"\n<p>&nbsp;<\/p>\n<h4>Kontekst:<\/h4>\n<h4><img loading=\"lazy\" decoding=\"async\" class=\"wp-image-764 alignright\" src=\"https:\/\/websie.cefe.cnrs.fr\/soilforeurope\/wp-content\/uploads\/2019\/02\/Millle_patte_sans_fond2_copyright.png\" alt=\"\" width=\"159\" height=\"265\"><\/h4>\n<ul>\n<li style=\"text-align: justify;\">Lasy s\u0105 w Europie typem ekosystemu, kt\u00f3ry pokrywa najwi\u0119kszy obszar l\u0105du (210 mln ha), jednak w poprzednich badaniach nad wp\u0142ywem r\u00f3\u017cnorodno\u015bci biologicznej gleb na funkcjonowanie ekosystem\u00f3w by\u0142y traktowane raczej marginalne.<\/li>\n<li style=\"text-align: justify;\">Utrudnia to ocen\u0119, w jaki spos\u00f3b utrata r\u00f3\u017cnorodno\u015bci biologicznej las\u00f3w wp\u0142ywa na procesy glebowe oraz ich odporno\u015b\u0107 i zdolno\u015b\u0107 do reakcji na zmiany klimatu.<\/li>\n<li style=\"text-align: justify;\">Poniewa\u017c r\u00f3\u017cnorodno\u015b\u0107 biologiczna gleb jest w du\u017cej mierze ignorowana, historyczne, edukacyjne i ekonomiczne warto\u015bci r\u00f3\u017cnorodno\u015bci biologicznej gleb s\u0105 prawdopodobnie niedoceniane przez zarz\u0105dc\u00f3w las\u00f3w i og\u00f3\u0142 spo\u0142ecze\u0144stwa.<\/li>\n<li style=\"text-align: justify;\">Zrozumienie powi\u0105za\u0144 pomi\u0119dzy r\u00f3\u017cnorodno\u015bci\u0105 drzew i r\u00f3\u017cnorodno\u015bci\u0105 biologiczn\u0105 gleby u\u0142atwi\u0142oby przewidywanie reakcji r\u00f3\u017cnorodno\u015bci biologicznej gleb i zmian zachodz\u0105cych w funkcjonowaniu ekosystem\u00f3w pod wp\u0142ywem zmian klimatu oraz podejmowanie w\u0142a\u015bciwych decyzji.<\/li>\n<\/ul>\n<p><strong>&nbsp;<\/strong><\/p>\n<p style=\"text-align: justify;\"><strong><img loading=\"lazy\" decoding=\"async\" class=\"wp-image-902 alignleft\" src=\"https:\/\/websie.cefe.cnrs.fr\/soilforeurope\/wp-content\/uploads\/2019\/02\/IMG_1830_gimp_crop_2_copyright-592x1024.png\" alt=\"\" width=\"375\" height=\"648\" srcset=\"https:\/\/websie.cefe.cnrs.fr\/soilforeurope\/wp-content\/uploads\/2019\/02\/IMG_1830_gimp_crop_2_copyright-592x1024.png 592w, https:\/\/websie.cefe.cnrs.fr\/soilforeurope\/wp-content\/uploads\/2019\/02\/IMG_1830_gimp_crop_2_copyright-173x300.png 173w, https:\/\/websie.cefe.cnrs.fr\/soilforeurope\/wp-content\/uploads\/2019\/02\/IMG_1830_gimp_crop_2_copyright-87x150.png 87w, https:\/\/websie.cefe.cnrs.fr\/soilforeurope\/wp-content\/uploads\/2019\/02\/IMG_1830_gimp_crop_2_copyright.png 654w\" sizes=\"auto, (max-width: 375px) 100vw, 375px\" \/>SoilForEUROPE<\/strong> jest projektem europejskim (BiodivERsA) finansowanym przez Agence Nationale de la Recherche (ANR, Francja), belgijskie Biuro Polityki Naukowej (BELSPO, Belgia), Deutsche Forschungsgemeinschaft (DFG, Niemcy), Fundacj\u0119 Badawcz\u0105 Flandrii (FWO, Belgia) i Szwedzk\u0105 Rad\u0119 ds. Bada\u0144 Naukowych (FORMAS, Szwecja). Celem projektu jest <strong>(1)<\/strong> powi\u0105zanie r\u00f3\u017cnorodno\u015bci biologicznej gleb z bogactwem gatunk\u00f3w drzew w lasach europejskich, <strong>(2)<\/strong> okre\u015blenie roli odgrywanej przez r\u00f3\u017cnorodno\u015b\u0107 biologiczn\u0105 w odporno\u015bci ekosystem\u00f3w na susz\u0119 oraz ich zdolno\u015bci do regeneracji, <strong>(3)<\/strong> ocena warto\u015bci spo\u0142eczno-gospodarczej r\u00f3\u017cnorodno\u015bci biologicznej gleb i jej wp\u0142ywu na podejmowanie decyzji.<\/p>\n<p style=\"text-align: justify;\">Projekt wykorzystuje istniej\u0105c\u0105 sie\u0107 ponad dwustu le\u015bnych powierzchni badawczych, od las\u00f3w jednogatunkowych do wielogatunkowych, w sze\u015bciu r\u00f3\u017cni\u0105cych si\u0119 klimatycznie europejskich typach las\u00f3w, gdzie sieci powierzchni zosta\u0142y za\u0142o\u017cone w ramach projektu <a href=\"http:\/\/www.fundiveurope.eu\/\" target=\"_blank\" rel=\"noopener noreferrer\">FunDivEUROPE<\/a>.<\/p>\n<p style=\"text-align: justify;\">W celu uzupe\u0142nienia sieci powierzchni por\u00f3wnawczych w lasach dojrza\u0142ych, badaniami obj\u0119li\u015bmy r\u00f3wnie\u017c dwa europejskie obiekty nale\u017c\u0105ce do globalnej sieci eksperyment\u00f3w nad znaczeniem r\u00f3\u017cnorodno\u015bci drzew (<a href=\"http:\/\/www.treedivnet.ugent.be\/\" target=\"_blank\" rel=\"noopener noreferrer\">TreeDivNet<\/a>), <a href=\"http:\/\/www.treedivnet.ugent.be\/ExpFORBIO.html\" target=\"_blank\" rel=\"noopener noreferrer\">FORBIO<\/a> i <a href=\"http:\/\/www.treedivnet.ugent.be\/ExpORPHEE.html\">ORPHEE<\/a>, kt\u00f3re dodatkowo manipuluj\u0105 zmiennymi klimatycznymi. Wykorzystujemy w badaniach r\u00f3wnie\u017c <a href=\"http:\/\/www.ecotron.cnrs.fr\/\" target=\"_blank\" rel=\"noopener noreferrer\">CNRS European Ecotron<\/a> w Montpellier, wiod\u0105cy na \u015bwiecie o\u015brodek bada\u0144 ekosystem\u00f3w w warunkach \u015brodowiska kontrolowanego, do badania interaktywnego wp\u0142ywu r\u00f3\u017cnorodno\u015bci biologicznej gleby i suszy na funkcjonowanie ekosystem\u00f3w.<\/p>\n<p>&nbsp;<\/p>\n<h4>Cele:<\/h4>\n<ol>\n<li style=\"text-align: left;\"><a href=\"https:\/\/websie.cefe.cnrs.fr\/soilforeurope\/pl\/biodiversity-objective-1-pl\/\"><strong>Bior\u00f3\u017cnorodno\u015b\u0107<\/strong><\/a> &#8211; Zbadanie, jakie cechy ro\u015blin, zar\u00f3wno naziemne jak i podziemne, pozwalaj\u0105 wiarygodnie oszacowa\u0107 liczebno\u015b\u0107, r\u00f3\u017cnorodno\u015b\u0107 i sk\u0142ad zespo\u0142\u00f3w organizm\u00f3w glebowych.<\/li>\n<li style=\"text-align: left;\"><a href=\"https:\/\/websie.cefe.cnrs.fr\/soilforeurope\/pl\/function-objective-2-pl\/\"><strong>Funkcja<\/strong><\/a> &#8211; Opracowanie ram prognostycznych dla okre\u015blania wp\u0142ywu r\u00f3\u017cnorodno\u015bci biologicznej gleb na funkcjonowanie ekosystem\u00f3w le\u015bnych.<\/li>\n<li style=\"text-align: left;\"><a href=\"https:\/\/websie.cefe.cnrs.fr\/soilforeurope\/pl\/climate-change-objective-3-pl\/\"><strong>Zmiana klimatu<\/strong><\/a> &#8211; Badanie wp\u0142ywu r\u00f3\u017cnorodno\u015bci biologicznej gleb na odporno\u015b\u0107 ekosystem\u00f3w i ich zdolno\u015b\u0107 do przystosowania si\u0119 do zmian klimatu.<\/li>\n<li style=\"text-align: left;\"><a href=\"https:\/\/websie.cefe.cnrs.fr\/soilforeurope\/pl\/socioeconomic-impact-objective-4-pl\/\"><strong>Skutki spo\u0142eczno-gospodarcze<\/strong><\/a> &#8211; Ocena spo\u0142eczno-ekonomicznych skutk\u00f3w zmian r\u00f3\u017cnorodno\u015bci biologicznej gleb i ich istotno\u015bci dla spo\u0142ecze\u0144stwa, podmiot\u00f3w zarz\u0105dzaj\u0105cych i zainteresowanych stron.<\/li>\n<\/ol>\n","protected":false},"excerpt":{"rendered":"<p>&nbsp; Kontekst: Lasy s\u0105 w Europie typem ekosystemu, kt\u00f3ry pokrywa najwi\u0119kszy obszar l\u0105du (210 mln ha), jednak w poprzednich badaniach nad wp\u0142ywem r\u00f3\u017cnorodno\u015bci biologicznej gleb na funkcjonowanie ekosystem\u00f3w by\u0142y traktowane raczej marginalne. Utrudnia to ocen\u0119, w jaki spos\u00f3b utrata r\u00f3\u017cnorodno\u015bci biologicznej las\u00f3w wp\u0142ywa na procesy glebowe oraz ich odporno\u015b\u0107 i&#8230;<\/p>\n<p class=\"continue-reading-button\"> <a class=\"continue-reading-link\" href=\"https:\/\/websie.cefe.cnrs.fr\/soilforeurope\/pl\/background-pl\/\">Continue reading<i class=\"crycon-right-dir\"><\/i><\/a><\/p>\n","protected":false},"author":1,"featured_media":0,"parent":0,"menu_order":0,"comment_status":"closed","ping_status":"closed","template":"","meta":{"inline_featured_image":false,"footnotes":""},"class_list":["post-2288","page","type-page","status-publish","hentry"],"_links":{"self":[{"href":"https:\/\/websie.cefe.cnrs.fr\/soilforeurope\/wp-json\/wp\/v2\/pages\/2288","targetHints":{"allow":["GET"]}}],"collection":[{"href":"https:\/\/websie.cefe.cnrs.fr\/soilforeurope\/wp-json\/wp\/v2\/pages"}],"about":[{"href":"https:\/\/websie.cefe.cnrs.fr\/soilforeurope\/wp-json\/wp\/v2\/types\/page"}],"author":[{"embeddable":true,"href":"https:\/\/websie.cefe.cnrs.fr\/soilforeurope\/wp-json\/wp\/v2\/users\/1"}],"replies":[{"embeddable":true,"href":"https:\/\/websie.cefe.cnrs.fr\/soilforeurope\/wp-json\/wp\/v2\/comments?post=2288"}],"version-history":[{"count":12,"href":"https:\/\/websie.cefe.cnrs.fr\/soilforeurope\/wp-json\/wp\/v2\/pages\/2288\/revisions"}],"predecessor-version":[{"id":3440,"href":"https:\/\/websie.cefe.cnrs.fr\/soilforeurope\/wp-json\/wp\/v2\/pages\/2288\/revisions\/3440"}],"wp:attachment":[{"href":"https:\/\/websie.cefe.cnrs.fr\/soilforeurope\/wp-json\/wp\/v2\/media?parent=2288"}],"curies":[{"name":"wp","href":"https:\/\/api.w.org\/{rel}","templated":true}]}}

<p>&nbsp;</p>
<h4>Kontekst:</h4>
<h4><img loading="lazy" decoding="async" class="wp-image-764 alignright" src="https://websie.cefe.cnrs.fr/soilforeurope/wp-content/uploads/2019/02/Millle_patte_sans_fond2_copyright.png" alt="" width="159" height="265"></h4>
<ul>
<li style="text-align: justify;">Lasy są w Europie typem ekosystemu, który pokrywa największy obszar lądu (210 mln ha), jednak w poprzednich badaniach nad wpływem różnorodności biologicznej gleb na funkcjonowanie ekosystemów były traktowane raczej marginalne.</li>
<li style="text-align: justify;">Utrudnia to ocenę, w jaki sposób utrata różnorodności biologicznej lasów wpływa na procesy glebowe oraz ich odporność i zdolność do reakcji na zmiany klimatu.</li>
<li style="text-align: justify;">Ponieważ różnorodność biologiczna gleb jest w dużej mierze ignorowana, historyczne, edukacyjne i ekonomiczne wartości różnorodności biologicznej gleb są prawdopodobnie niedoceniane przez zarządców lasów i ogół społeczeństwa.</li>
<li style="text-align: justify;">Zrozumienie powiązań pomiędzy różnorodnością drzew i różnorodnością biologiczną gleby ułatwiłoby przewidywanie reakcji różnorodności biologicznej gleb i zmian zachodzących w funkcjonowaniu ekosystemów pod wpływem zmian klimatu oraz podejmowanie właściwych decyzji.</li>
</ul>
<p><strong>&nbsp;</strong></p>
<p style="text-align: justify;"><strong><img loading="lazy" decoding="async" class="wp-image-902 alignleft" src="https://websie.cefe.cnrs.fr/soilforeurope/wp-content/uploads/2019/02/IMG_1830_gimp_crop_2_copyright-592x1024.png" alt="" width="375" height="648" srcset="https://websie.cefe.cnrs.fr/soilforeurope/wp-content/uploads/2019/02/IMG_1830_gimp_crop_2_copyright-592x1024.png 592w, https://websie.cefe.cnrs.fr/soilforeurope/wp-content/uploads/2019/02/IMG_1830_gimp_crop_2_copyright-173x300.png 173w, https://websie.cefe.cnrs.fr/soilforeurope/wp-content/uploads/2019/02/IMG_1830_gimp_crop_2_copyright-87x150.png 87w, https://websie.cefe.cnrs.fr/soilforeurope/wp-content/uploads/2019/02/IMG_1830_gimp_crop_2_copyright.png 654w" sizes="auto, (max-width: 375px) 100vw, 375px" />SoilForEUROPE</strong> jest projektem europejskim (BiodivERsA) finansowanym przez Agence Nationale de la Recherche (ANR, Francja), belgijskie Biuro Polityki Naukowej (BELSPO, Belgia), Deutsche Forschungsgemeinschaft (DFG, Niemcy), Fundację Badawczą Flandrii (FWO, Belgia) i Szwedzką Radę ds. Badań Naukowych (FORMAS, Szwecja). Celem projektu jest <strong>(1)</strong> powiązanie różnorodności biologicznej gleb z bogactwem gatunków drzew w lasach europejskich, <strong>(2)</strong> określenie roli odgrywanej przez różnorodność biologiczną w odporności ekosystemów na suszę oraz ich zdolności do regeneracji, <strong>(3)</strong> ocena wartości społeczno-gospodarczej różnorodności biologicznej gleb i jej wpływu na podejmowanie decyzji.</p>
<p style="text-align: justify;">Projekt wykorzystuje istniejącą sieć ponad dwustu leśnych powierzchni badawczych, od lasów jednogatunkowych do wielogatunkowych, w sześciu różniących się klimatycznie europejskich typach lasów, gdzie sieci powierzchni zostały założone w ramach projektu <a href="http://www.fundiveurope.eu/" target="_blank" rel="noopener noreferrer">FunDivEUROPE</a>.</p>
<p style="text-align: justify;">W celu uzupełnienia sieci powierzchni porównawczych w lasach dojrzałych, badaniami objęliśmy również dwa europejskie obiekty należące do globalnej sieci eksperymentów nad znaczeniem różnorodności drzew (<a href="http://www.treedivnet.ugent.be/" target="_blank" rel="noopener noreferrer">TreeDivNet</a>), <a href="http://www.treedivnet.ugent.be/ExpFORBIO.html" target="_blank" rel="noopener noreferrer">FORBIO</a> i <a href="http://www.treedivnet.ugent.be/ExpORPHEE.html">ORPHEE</a>, które dodatkowo manipulują zmiennymi klimatycznymi. Wykorzystujemy w badaniach również <a href="http://www.ecotron.cnrs.fr/" target="_blank" rel="noopener noreferrer">CNRS European Ecotron</a> w Montpellier, wiodący na świecie ośrodek badań ekosystemów w warunkach środowiska kontrolowanego, do badania interaktywnego wpływu różnorodności biologicznej gleby i suszy na funkcjonowanie ekosystemów.</p>
<p>&nbsp;</p>
<h4>Cele:</h4>
<ol>
<li style="text-align: left;"><a href="https://websie.cefe.cnrs.fr/soilforeurope/pl/biodiversity-objective-1-pl/"><strong>Bioróżnorodność</strong></a> &#8211; Zbadanie, jakie cechy roślin, zarówno naziemne jak i podziemne, pozwalają wiarygodnie oszacować liczebność, różnorodność i skład zespołów organizmów glebowych.</li>
<li style="text-align: left;"><a href="https://websie.cefe.cnrs.fr/soilforeurope/pl/function-objective-2-pl/"><strong>Funkcja</strong></a> &#8211; Opracowanie ram prognostycznych dla określania wpływu różnorodności biologicznej gleb na funkcjonowanie ekosystemów leśnych.</li>
<li style="text-align: left;"><a href="https://websie.cefe.cnrs.fr/soilforeurope/pl/climate-change-objective-3-pl/"><strong>Zmiana klimatu</strong></a> &#8211; Badanie wpływu różnorodności biologicznej gleb na odporność ekosystemów i ich zdolność do przystosowania się do zmian klimatu.</li>
<li style="text-align: left;"><a href="https://websie.cefe.cnrs.fr/soilforeurope/pl/socioeconomic-impact-objective-4-pl/"><strong>Skutki społeczno-gospodarcze</strong></a> &#8211; Ocena społeczno-ekonomicznych skutków zmian różnorodności biologicznej gleb i ich istotności dla społeczeństwa, podmiotów zarządzających i zainteresowanych stron.</li>
</ol>

<p>&nbsp; Kontekst: Lasy są w Europie typem ekosystemu, który pokrywa największy obszar lądu (210 mln ha), jednak w poprzednich badaniach nad wpływem różnorodności biologicznej gleb na funkcjonowanie ekosystemów były traktowane raczej marginalne. Utrudnia to ocenę, w jaki sposób utrata różnorodności biologicznej lasów wpływa na procesy glebowe oraz ich odporność i&#8230;</p>
<p class="continue-reading-button"> <a class="continue-reading-link" href="https://websie.cefe.cnrs.fr/soilforeurope/pl/background-pl/">Continue reading<i class="crycon-right-dir"></i></a></p>
