{"id":2284,"date":"2020-03-30T16:41:43","date_gmt":"2020-03-30T14:41:43","guid":{"rendered":"https:\/\/websie.cefe.cnrs.fr\/soilforeurope\/?page_id=2284"},"modified":"2020-05-29T11:31:08","modified_gmt":"2020-05-29T09:31:08","slug":"background-it","status":"publish","type":"page","link":"https:\/\/websie.cefe.cnrs.fr\/soilforeurope\/it\/background-it\/","title":{"rendered":"Introduzione"},"content":{"rendered":"\n<h4 style=\"text-align: justify;\">Contesto:<\/h4>\n<h4><img loading=\"lazy\" decoding=\"async\" class=\"wp-image-764 alignright\" src=\"https:\/\/websie.cefe.cnrs.fr\/soilforeurope\/wp-content\/uploads\/2019\/02\/Millle_patte_sans_fond2_copyright.png\" alt=\"\" width=\"159\" height=\"265\"><\/h4>\n<ul style=\"text-align: justify; list-style-type: disc;\">\n<li>Le foreste sono il tipo di ecosistema pi\u00f9 esteso in Europa (210 milioni di ettari), ma hanno occupato nella ricerca, fin dal passato, una posizione piuttosto marginale, soprattutto per quanto riguarda la biodiversit\u00e0 del suolo e la sua influenza sul funzionamento dell\u2019ecosistema stesso.<\/li>\n<li>Ci\u00f2 limita la valutazione di come la perdita di biodiversit\u00e0 delle foreste influenzi i processi del suolo, la loro resistenza e resilienza ai cambiamenti climatici.<\/li>\n<li>La biodiversit\u00e0 del suolo \u00e8 ampiamente ignorata e il suo valore storico, educativo ed economico sono, probabilmente, considerati  e valutati in modo sbagliato dai gestori delle foreste e dalla societ\u00e0.<\/li>\n<li>Comprendere le relazioni tra la diversit\u00e0 degli alberi e diversit\u00e0 del suolo faciliterebbe le previsioni sulla biodiversit\u00e0 del suolo, sul funzionamento degli ecosistemi nell\u2019ambito dei cambiamenti climatici e sarebbe a supporto di un efficace processo decisionale.<\/li>\n<\/ul>\n<p style=\"text-align: justify;\"><strong>&nbsp;<\/strong><\/p>\n<p style=\"text-align: justify;\"><strong><img loading=\"lazy\" decoding=\"async\" class=\"wp-image-902 alignleft\" src=\"https:\/\/websie.cefe.cnrs.fr\/soilforeurope\/wp-content\/uploads\/2019\/02\/IMG_1830_gimp_crop_2_copyright-592x1024.png\" alt=\"\" width=\"375\" height=\"648\" srcset=\"https:\/\/websie.cefe.cnrs.fr\/soilforeurope\/wp-content\/uploads\/2019\/02\/IMG_1830_gimp_crop_2_copyright-592x1024.png 592w, https:\/\/websie.cefe.cnrs.fr\/soilforeurope\/wp-content\/uploads\/2019\/02\/IMG_1830_gimp_crop_2_copyright-173x300.png 173w, https:\/\/websie.cefe.cnrs.fr\/soilforeurope\/wp-content\/uploads\/2019\/02\/IMG_1830_gimp_crop_2_copyright-87x150.png 87w, https:\/\/websie.cefe.cnrs.fr\/soilforeurope\/wp-content\/uploads\/2019\/02\/IMG_1830_gimp_crop_2_copyright.png 654w\" sizes=\"auto, (max-width: 375px) 100vw, 375px\" \/>SoilForEUROPE<\/strong> \u00e8 un progetto europeo (BiodivERsA) finanziato da Agence Nationale de la Recherche (ANR, Francia), Belgian Science Policy Office (BELSPO, Belgio),  Deutsche Forschungsgemeinschaft (DFG, Germania, Research Foundation of Flanders (FWO, Belgio) e Swedish Research Council (FORMAS, Svezia). I suoi obiettivi sono: <strong>(1)<\/strong> mettere in relazione la biodiversit\u00e0 del suolo con la ricchezza di specie arboree nelle foreste europee, <strong>(2)<\/strong> determinare il ruolo della biodiversit\u00e0 degli ecosistemi nella resistenza e resilienza alla siccit\u00e0, e <strong>(3)<\/strong> valutare il valore socio-economico della biodiversit\u00e0 del suolo e il suo impatto sul processo decisionale.<\/p>\n<p style=\"text-align: justify;\">Questo progetto utilizza una rete gi\u00e0 esistente di pi\u00f9 di un centinaio di aree di studio (plot) realizzati in foreste pure (monospecifiche) e miste, in sei diversi tipi di foreste europee. Questi plot sono stati realizzati come aree esplorative nel progetto <a href=\"http:\/\/www.fundiveurope.eu\/\" target=\"_blank\" rel=\"noopener noreferrer\">FunDivEUROPE<\/a>.<\/p>\n<p style=\"text-align: justify;\">Per completare la rete di plot comparativi in foreste mature, studiamo anche due siti europei della rete mondiale di esperimenti sulla diversit\u00e0 degli alberi (<a href=\"http:\/\/www.treedivnet.ugent.be\/\" target=\"_blank\" rel=\"noopener noreferrer\">TreeDivNet<\/a>), <a href=\"http:\/\/www.treedivnet.ugent.be\/ExpFORBIO.html\" target=\"_blank\" rel=\"noopener noreferrer\">FORBIO<\/a> e <a href=\"http:\/\/www.treedivnet.ugent.be\/ExpORPHEE.html\">ORPHEE<\/a>, che permettono di manipolare le variabili climatiche. Usiamo anche <a href=\"http:\/\/www.ecotron.cnrs.fr\/\" target=\"_blank\" rel=\"noopener noreferrer\">l\u2019ecotrone del CNRS<\/a> a Montpellier, che \u00e8 la struttura leader mondiale per ricerche in ambiente controllato, per studiare gli effetti interattivi della biodiversit\u00e0 del suolo e della siccit\u00e0 sul funzionamento degli ecosistemi.<\/p>\n<h4 style=\"text-align: justify;\">Obiettivi:<\/h4>\n<ol>\n<li><a href=\"https:\/\/websie.cefe.cnrs.fr\/soilforeurope\/biodiversity-objective-1-it\/\"><strong>Biodiversit\u00e0<\/strong><\/a> &#8211; Esplorare quali tratti funzionali delle piante, sia epigei sia ipogei, predicono l\u2019abbondanza, la diversit\u00e0 e la composizione della comunit\u00e0 degli organismi del suolo.<\/li>\n<li><a href=\"https:\/\/websie.cefe.cnrs.fr\/soilforeurope\/function-objective-2-it\/\"><strong>Funzione<\/strong><\/a> &#8211; Sviluppare una struttura predittiva su come la diversit\u00e0 del suolo influenzi il funzionamento degli ecosistemi forestali.<\/li>\n<li><a href=\"https:\/\/websie.cefe.cnrs.fr\/soilforeurope\/climate-change-objective-3-it\/\"><strong>Cambiamento climatico<\/strong><\/a> &#8211; Studiare l\u2019impatto della biodiversit\u00e0 del suolo sulla resistenza e resilienza dell\u2019ecosistema al cambiamento climatico.<\/li>\n<li><a href=\"https:\/\/websie.cefe.cnrs.fr\/soilforeurope\/socioeconomic-impact-objective-4-it\/\"><strong>Impatto socio-economico<\/strong><\/a> &#8211; Valutare l\u2019impatto socio-economico dei cambiamenti nella biodiversit\u00e0 del suolo per la societ\u00e0 e i gestori e i portatori di interesse delle foreste.<\/li>\n<\/ol>\n","protected":false},"excerpt":{"rendered":"<p>Contesto: Le foreste sono il tipo di ecosistema pi\u00f9 esteso in Europa (210 milioni di ettari), ma hanno occupato nella ricerca, fin dal passato, una posizione piuttosto marginale, soprattutto per quanto riguarda la biodiversit\u00e0 del suolo e la sua influenza sul funzionamento dell\u2019ecosistema stesso. Ci\u00f2 limita la valutazione di come&#8230;<\/p>\n<p class=\"continue-reading-button\"> <a class=\"continue-reading-link\" href=\"https:\/\/websie.cefe.cnrs.fr\/soilforeurope\/it\/background-it\/\">Continue reading<i class=\"crycon-right-dir\"><\/i><\/a><\/p>\n","protected":false},"author":1,"featured_media":0,"parent":0,"menu_order":0,"comment_status":"closed","ping_status":"closed","template":"","meta":{"inline_featured_image":false,"footnotes":""},"class_list":["post-2284","page","type-page","status-publish","hentry"],"_links":{"self":[{"href":"https:\/\/websie.cefe.cnrs.fr\/soilforeurope\/wp-json\/wp\/v2\/pages\/2284","targetHints":{"allow":["GET"]}}],"collection":[{"href":"https:\/\/websie.cefe.cnrs.fr\/soilforeurope\/wp-json\/wp\/v2\/pages"}],"about":[{"href":"https:\/\/websie.cefe.cnrs.fr\/soilforeurope\/wp-json\/wp\/v2\/types\/page"}],"author":[{"embeddable":true,"href":"https:\/\/websie.cefe.cnrs.fr\/soilforeurope\/wp-json\/wp\/v2\/users\/1"}],"replies":[{"embeddable":true,"href":"https:\/\/websie.cefe.cnrs.fr\/soilforeurope\/wp-json\/wp\/v2\/comments?post=2284"}],"version-history":[{"count":7,"href":"https:\/\/websie.cefe.cnrs.fr\/soilforeurope\/wp-json\/wp\/v2\/pages\/2284\/revisions"}],"predecessor-version":[{"id":3615,"href":"https:\/\/websie.cefe.cnrs.fr\/soilforeurope\/wp-json\/wp\/v2\/pages\/2284\/revisions\/3615"}],"wp:attachment":[{"href":"https:\/\/websie.cefe.cnrs.fr\/soilforeurope\/wp-json\/wp\/v2\/media?parent=2284"}],"curies":[{"name":"wp","href":"https:\/\/api.w.org\/{rel}","templated":true}]}}