{"id":2279,"date":"2020-03-30T16:38:52","date_gmt":"2020-03-30T14:38:52","guid":{"rendered":"https:\/\/websie.cefe.cnrs.fr\/soilforeurope\/?page_id=2279"},"modified":"2020-04-29T11:35:33","modified_gmt":"2020-04-29T09:35:33","slug":"background-de","status":"publish","type":"page","link":"https:\/\/websie.cefe.cnrs.fr\/soilforeurope\/de\/background-de\/","title":{"rendered":"Hintergrund"},"content":{"rendered":"\n<p>&nbsp;<\/p>\n<h4>Kontext:<\/h4>\n<h4><img loading=\"lazy\" decoding=\"async\" class=\"wp-image-764 alignright\" src=\"https:\/\/websie.cefe.cnrs.fr\/soilforeurope\/wp-content\/uploads\/2019\/02\/Millle_patte_sans_fond2_copyright.png\" alt=\"\" width=\"159\" height=\"265\"><\/h4>\n<ul>\n<li style=\"text-align: justify;\">W\u00e4lder sind der fl\u00e4chenm\u00e4\u00dfig gr\u00f6\u00dfte \u00d6kosystemtyp in Europa (210 Millionen ha). Dennoch wurden sie in bisherigen Forschungen zur biologischen Vielfalt der B\u00f6den und deren Auswirkung auf das Funktionieren der \u00d6kosysteme eher nebens\u00e4chlich behandelt.<\/li>\n<li style=\"text-align: justify;\">Da die Bodenbiodiversit\u00e4t nur selten Beachtung findet, werden ihre historischen, bildungsrelevanten und wirtschaftlichen Werte von Forstwirt*innen und der breiten \u00d6ffentlichkeit wahrscheinlich falsch eingesch\u00e4tzt.<\/li>\n<li style=\"text-align: justify;\">Das Verst\u00e4ndnis von Zusammenh\u00e4ngen zwischen Baumartenvielfalt und Bodenbiodiversit\u00e4t w\u00fcrde Vorhersagen \u00fcber die biologische Vielfalt der B\u00f6den und die Funktionsweise von \u00d6kosystemen unter Klimawandel, sowie angemessene Entscheidungsfindungen, erleichtern.<\/li>\n<\/ul>\n<p><strong>&nbsp;<\/strong><\/p>\n<p style=\"text-align: justify;\"><strong><img loading=\"lazy\" decoding=\"async\" class=\"wp-image-902 alignleft\" src=\"https:\/\/websie.cefe.cnrs.fr\/soilforeurope\/wp-content\/uploads\/2019\/02\/IMG_1830_gimp_crop_2_copyright-592x1024.png\" alt=\"\" width=\"375\" height=\"648\" srcset=\"https:\/\/websie.cefe.cnrs.fr\/soilforeurope\/wp-content\/uploads\/2019\/02\/IMG_1830_gimp_crop_2_copyright-592x1024.png 592w, https:\/\/websie.cefe.cnrs.fr\/soilforeurope\/wp-content\/uploads\/2019\/02\/IMG_1830_gimp_crop_2_copyright-173x300.png 173w, https:\/\/websie.cefe.cnrs.fr\/soilforeurope\/wp-content\/uploads\/2019\/02\/IMG_1830_gimp_crop_2_copyright-87x150.png 87w, https:\/\/websie.cefe.cnrs.fr\/soilforeurope\/wp-content\/uploads\/2019\/02\/IMG_1830_gimp_crop_2_copyright.png 654w\" sizes=\"auto, (max-width: 375px) 100vw, 375px\" \/>SoilForEUROPE<\/strong> ist ein europ\u00e4isches Projekt (BiodivERsA), das von der Agence Nationale de la Recherche (ANR, Frankreich), dem Belgian Science Policy Office (BELSPO, Belgien), der Deutschen Forschungsgemeinschaft (DFG, Deutschland), der Research Foundation of Flanders (FWO, Belgien) und dem Swedish Research Council (FORMAS, Schweden) gef\u00f6rdert wird. Ziel ist es, <strong>(1)<\/strong> die Beziehungen zwischen der Biodiversit\u00e4t der B\u00f6den und der Baumartenvielfalt europ\u00e4ischer W\u00e4lder zu untersuchen, <strong>(2)<\/strong> die Rolle der Biodiversit\u00e4t bei der Widerstands- und Erholungsf\u00e4higkeit der \u00d6kosysteme gegen\u00fcber D\u00fcrre zu bestimmen und <strong>(3)<\/strong> den sozio\u00f6konomischen Wert der Bodenbiodiversit\u00e4t und ihren Einfluss auf die Entscheidungsfindungen zu beurteilen.<\/p>\n<p style=\"text-align: justify;\">Dieses Projekt nutzt ein bereits bestehendes Netz von mehr als zweihundert Waldfl\u00e4chen, die von Monokulturen bis hin zu Mehrarten-W\u00e4ldern in sechs typischen und klimatisch unterschiedlichen europ\u00e4ischen Waldtypen reichen. Diese wurden im Rahmen des <a href=\"http:\/\/www.fundiveurope.eu\/\" target=\"_blank\" rel=\"noopener noreferrer\">FunDivEUROPE-Projekts<\/a> als Waldforschungseinrichtungen angelegt.<\/p>\n<p style=\"text-align: justify;\">Zur Erg\u00e4nzung des Netzes von Vergleichsfl\u00e4chen in vollentwickelten W\u00e4ldern untersuchen wir auch zwei europ\u00e4ische Standorte aus dem globalen Netzwerk von Baumdiversit\u00e4tsexperimenten (<a href=\"http:\/\/www.treedivnet.ugent.be\/\" target=\"_blank\" rel=\"noopener noreferrer\">TreeDivNet<\/a>), <a href=\"http:\/\/www.treedivnet.ugent.be\/ExpFORBIO.html\" target=\"_blank\" rel=\"noopener noreferrer\">FORBIO<\/a> und <a href=\"http:\/\/www.treedivnet.ugent.be\/ExpORPHEE.html\">ORPHEE<\/a> , that additionally manipulate climatic variables. die zus\u00e4tzlich klimatische Variablen manipulieren. Au\u00dferdem nutzen wir das <a href=\"http:\/\/www.ecotron.cnrs.fr\/\" target=\"_blank\" rel=\"noopener noreferrer\">CNRS European Ecotron<\/a> in Montpellier, eine weltweit f\u00fchrende Einrichtung in der \u00d6kosystemforschung unter kontrollierten Umweltbedingungen, um die interaktiven Auswirkungen von Bodenbiodiversit\u00e4t und D\u00fcrre auf die Funktionsweise von \u00d6kosystemen zu untersuchen.<\/p>\n<p>&nbsp;<\/p>\n<h4>Zielsetzungen:<\/h4>\n<ol>\n<li><a href=\"https:\/\/websie.cefe.cnrs.fr\/soilforeurope\/de\/biodiversity-objective-1-de\/\"><strong>Biodiversit\u00e4t<\/strong><\/a> &#8211; Erforschung der Frage welche Pflanzenmerkmale, sowohl oberirdisch als auch unterirdisch, die H\u00e4ufigkeit, Vielfalt und Zusammensetzung von Bodenorganismen vorhersagen.<\/li>\n<li><a href=\"https:\/\/websie.cefe.cnrs.fr\/soilforeurope\/de\/function-objective-2-de\/\"><strong>Funktion <\/strong><\/a> &#8211; Entwicklung eines Prognoserahmens daf\u00fcr, wie die biologische Vielfalt des Bodens die Funktionsweise von Wald\u00f6kosystemen beeinflusst.<\/li>\n<li><a href=\"https:\/\/websie.cefe.cnrs.fr\/soilforeurope\/de\/climate-change-objective-3-de\/\"><strong>Klimawandel<\/strong><\/a> &#8211; Untersuchung der Auswirkungen der Biodiversit\u00e4t des Bodens auf die Widerstands- und Erholungsf\u00e4higkeit der \u00d6kosysteme gegen\u00fcber dem Klimawandel.<\/li>\n<li><a href=\"https:\/\/websie.cefe.cnrs.fr\/soilforeurope\/de\/socioeconomic-impact-objective-4-de\/\"><strong>Sozio\u00f6konomische Auswirkungen<\/strong><\/a> &#8211; Bewertung der sozio\u00f6konomischen Auswirkungen von Ver\u00e4nderungen der Biodiversit\u00e4t des Bodens f\u00fcr die \u00d6ffentlichkeit, Bewirtschafter*innen und Interessensvertreter*innen.<\/li>\n<\/ol>\n","protected":false},"excerpt":{"rendered":"<p>&nbsp; Kontext: W\u00e4lder sind der fl\u00e4chenm\u00e4\u00dfig gr\u00f6\u00dfte \u00d6kosystemtyp in Europa (210 Millionen ha). Dennoch wurden sie in bisherigen Forschungen zur biologischen Vielfalt der B\u00f6den und deren Auswirkung auf das Funktionieren der \u00d6kosysteme eher nebens\u00e4chlich behandelt. Da die Bodenbiodiversit\u00e4t nur selten Beachtung findet, werden ihre historischen, bildungsrelevanten und wirtschaftlichen Werte von&#8230;<\/p>\n<p class=\"continue-reading-button\"> <a class=\"continue-reading-link\" href=\"https:\/\/websie.cefe.cnrs.fr\/soilforeurope\/de\/background-de\/\">Continue reading<i class=\"crycon-right-dir\"><\/i><\/a><\/p>\n","protected":false},"author":1,"featured_media":0,"parent":0,"menu_order":0,"comment_status":"closed","ping_status":"closed","template":"","meta":{"inline_featured_image":false,"footnotes":""},"class_list":["post-2279","page","type-page","status-publish","hentry"],"_links":{"self":[{"href":"https:\/\/websie.cefe.cnrs.fr\/soilforeurope\/wp-json\/wp\/v2\/pages\/2279","targetHints":{"allow":["GET"]}}],"collection":[{"href":"https:\/\/websie.cefe.cnrs.fr\/soilforeurope\/wp-json\/wp\/v2\/pages"}],"about":[{"href":"https:\/\/websie.cefe.cnrs.fr\/soilforeurope\/wp-json\/wp\/v2\/types\/page"}],"author":[{"embeddable":true,"href":"https:\/\/websie.cefe.cnrs.fr\/soilforeurope\/wp-json\/wp\/v2\/users\/1"}],"replies":[{"embeddable":true,"href":"https:\/\/websie.cefe.cnrs.fr\/soilforeurope\/wp-json\/wp\/v2\/comments?post=2279"}],"version-history":[{"count":9,"href":"https:\/\/websie.cefe.cnrs.fr\/soilforeurope\/wp-json\/wp\/v2\/pages\/2279\/revisions"}],"predecessor-version":[{"id":3437,"href":"https:\/\/websie.cefe.cnrs.fr\/soilforeurope\/wp-json\/wp\/v2\/pages\/2279\/revisions\/3437"}],"wp:attachment":[{"href":"https:\/\/websie.cefe.cnrs.fr\/soilforeurope\/wp-json\/wp\/v2\/media?parent=2279"}],"curies":[{"name":"wp","href":"https:\/\/api.w.org\/{rel}","templated":true}]}}