{"id":1394,"date":"2021-05-19T11:38:48","date_gmt":"2021-05-19T09:38:48","guid":{"rendered":"https:\/\/websie.cefe.cnrs.fr\/cit-enr\/?page_id=1394"},"modified":"2021-05-27T11:18:35","modified_gmt":"2021-05-27T09:18:35","slug":"demarche-de-recherche-du-projet-citenr","status":"publish","type":"page","link":"https:\/\/websie.cefe.cnrs.fr\/cit-enr\/demarche-de-recherche-du-projet-citenr\/","title":{"rendered":"D\u00e9marche de recherche du projet CIT&rsquo;EnR#"},"content":{"rendered":"\t\t<div data-elementor-type=\"wp-page\" data-elementor-id=\"1394\" class=\"elementor elementor-1394\">\n\t\t\t\t\t\t<section class=\"elementor-section elementor-top-section elementor-element elementor-element-1585af30 elementor-section-content-middle elementor-section-boxed elementor-section-height-default elementor-section-height-default\" data-id=\"1585af30\" data-element_type=\"section\">\n\t\t\t\t\t\t<div class=\"elementor-container elementor-column-gap-default\">\n\t\t\t\t\t<div class=\"elementor-column elementor-col-100 elementor-top-column elementor-element elementor-element-209a0796 elementor-invisible\" data-id=\"209a0796\" data-element_type=\"column\" data-settings=\"{&quot;animation&quot;:&quot;fadeInLeft&quot;}\">\n\t\t\t<div class=\"elementor-widget-wrap elementor-element-populated\">\n\t\t\t\t\t\t<section class=\"elementor-section elementor-inner-section elementor-element elementor-element-52a71d2 elementor-section-boxed elementor-section-height-default elementor-section-height-default\" data-id=\"52a71d2\" data-element_type=\"section\">\n\t\t\t\t\t\t<div class=\"elementor-container elementor-column-gap-default\">\n\t\t\t\t\t<div class=\"elementor-column elementor-col-100 elementor-inner-column elementor-element elementor-element-5faab76\" data-id=\"5faab76\" data-element_type=\"column\">\n\t\t\t<div class=\"elementor-widget-wrap elementor-element-populated\">\n\t\t\t\t\t\t<div class=\"elementor-element elementor-element-4a140a4 elementor-invisible elementor-widget elementor-widget-heading\" data-id=\"4a140a4\" data-element_type=\"widget\" data-settings=\"{&quot;_animation&quot;:&quot;pulse&quot;}\" data-widget_type=\"heading.default\">\n\t\t\t\t<div class=\"elementor-widget-container\">\n\t\t\t\t\t<h2 class=\"elementor-heading-title elementor-size-large\">La d\u00e9marche de recherche du projet citenr<\/h2>\t\t\t\t<\/div>\n\t\t\t\t<\/div>\n\t\t\t\t<div class=\"elementor-element elementor-element-6b9bb07b elementor-widget-divider--view-line elementor-widget elementor-widget-divider\" data-id=\"6b9bb07b\" data-element_type=\"widget\" data-widget_type=\"divider.default\">\n\t\t\t\t<div class=\"elementor-widget-container\">\n\t\t\t\t\t\t\t<div class=\"elementor-divider\">\n\t\t\t<span class=\"elementor-divider-separator\">\n\t\t\t\t\t\t<\/span>\n\t\t<\/div>\n\t\t\t\t\t\t<\/div>\n\t\t\t\t<\/div>\n\t\t\t\t<div class=\"elementor-element elementor-element-1866a1a8 elementor-widget elementor-widget-text-editor\" data-id=\"1866a1a8\" data-element_type=\"widget\" data-widget_type=\"text-editor.default\">\n\t\t\t\t<div class=\"elementor-widget-container\">\n\t\t\t\t\t\t\t\t\t<p>Pour analyser les projets d\u2019EnR en cod\u00e9v3, la d\u00e9marche de recherche du projet CIT&rsquo;EnR croise des dispositifs empiriques de nature quantitative (questionnaire et analyse de base de donn\u00e9es), qualitative (entretiens semi-directifs) et participative (ateliers de recherche-action participative). Ce travail s\u2019est enrichi de plusieurs m\u00e9thodologies d\u2019analyse des donn\u00e9es, comme l\u2019analyse processuelle par exemple.<\/p><p>\u00a0 <br \/>Une des grandes originalit\u00e9s du projet CIT&rsquo;EnR est l\u2019imbrication de ces diff\u00e9rents processus : recherche qualitative, recherche quantitative et recherche-action participative de recherche sur un m\u00eame espace-temps avec deux \u00e9quipes de chercheurs venant de disciplines diff\u00e9rentes et avec des exp\u00e9riences vari\u00e9es.<\/p>\t\t\t\t\t\t\t\t<\/div>\n\t\t\t\t<\/div>\n\t\t\t\t<div class=\"elementor-element elementor-element-a64cce6 elementor-widget elementor-widget-shortcode\" data-id=\"a64cce6\" data-element_type=\"widget\" data-widget_type=\"shortcode.default\">\n\t\t\t\t<div class=\"elementor-widget-container\">\n\t\t\t\t\t\t\t<div class=\"elementor-shortcode\"><div style=\"width: 100%;\"><div style=\"position: relative; padding-bottom: 56.25%; padding-top: 0; height: 0;\"><iframe frameborder=\"0\" width=\"1200\" height=\"675\" style=\"position: absolute; top: 0; left: 0; width: 100%; height: 100%;\" src=\"https:\/\/view.genial.ly\/607d9700bdbd9e0db2805ba0\" type=\"text\/html\" allowscriptaccess=\"always\" allowfullscreen=\"true\" scrolling=\"yes\" allownetworking=\"all\"><\/iframe> <\/div> <\/div><\/div>\n\t\t\t\t\t\t<\/div>\n\t\t\t\t<\/div>\n\t\t\t\t\t<\/div>\n\t\t<\/div>\n\t\t\t\t\t<\/div>\n\t\t<\/section>\n\t\t\t\t\t<\/div>\n\t\t<\/div>\n\t\t\t\t\t<\/div>\n\t\t<\/section>\n\t\t\t\t<\/div>\n\t\t","protected":false},"excerpt":{"rendered":"<p>La d\u00e9marche de recherche du projet citenr Pour analyser les projets d\u2019EnR en cod\u00e9v3, la d\u00e9marche de recherche du projet CIT&rsquo;EnR croise des dispositifs empiriques de nature quantitative (questionnaire et analyse de base de donn\u00e9es), qualitative (entretiens semi-directifs) et participative (ateliers de recherche-action participative). Ce travail s\u2019est enrichi de plusieurs m\u00e9thodologies d\u2019analyse des donn\u00e9es, comme [&hellip;]<\/p>\n","protected":false},"author":1,"featured_media":0,"parent":0,"menu_order":0,"comment_status":"closed","ping_status":"closed","template":"","meta":{"site-sidebar-layout":"no-sidebar","site-content-layout":"page-builder","ast-site-content-layout":"default","site-content-style":"default","site-sidebar-style":"default","ast-global-header-display":"","ast-banner-title-visibility":"","ast-main-header-display":"","ast-hfb-above-header-display":"","ast-hfb-below-header-display":"","ast-hfb-mobile-header-display":"","site-post-title":"disabled","ast-breadcrumbs-content":"","ast-featured-img":"disabled","footer-sml-layout":"","ast-disable-related-posts":"","theme-transparent-header-meta":"default","adv-header-id-meta":"","stick-header-meta":"","header-above-stick-meta":"","header-main-stick-meta":"","header-below-stick-meta":"","astra-migrate-meta-layouts":"default","ast-page-background-enabled":"default","ast-page-background-meta":{"desktop":{"background-color":"","background-image":"","background-repeat":"repeat","background-position":"center center","background-size":"auto","background-attachment":"scroll","background-type":"","background-media":"","overlay-type":"","overlay-color":"","overlay-opacity":"","overlay-gradient":""},"tablet":{"background-color":"","background-image":"","background-repeat":"repeat","background-position":"center center","background-size":"auto","background-attachment":"scroll","background-type":"","background-media":"","overlay-type":"","overlay-color":"","overlay-opacity":"","overlay-gradient":""},"mobile":{"background-color":"","background-image":"","background-repeat":"repeat","background-position":"center center","background-size":"auto","background-attachment":"scroll","background-type":"","background-media":"","overlay-type":"","overlay-color":"","overlay-opacity":"","overlay-gradient":""}},"ast-content-background-meta":{"desktop":{"background-color":"var(--ast-global-color-5)","background-image":"","background-repeat":"repeat","background-position":"center center","background-size":"auto","background-attachment":"scroll","background-type":"","background-media":"","overlay-type":"","overlay-color":"","overlay-opacity":"","overlay-gradient":""},"tablet":{"background-color":"var(--ast-global-color-5)","background-image":"","background-repeat":"repeat","background-position":"center center","background-size":"auto","background-attachment":"scroll","background-type":"","background-media":"","overlay-type":"","overlay-color":"","overlay-opacity":"","overlay-gradient":""},"mobile":{"background-color":"var(--ast-global-color-5)","background-image":"","background-repeat":"repeat","background-position":"center center","background-size":"auto","background-attachment":"scroll","background-type":"","background-media":"","overlay-type":"","overlay-color":"","overlay-opacity":"","overlay-gradient":""}},"footnotes":""},"class_list":["post-1394","page","type-page","status-publish","hentry"],"yoast_head":"<!-- This site is optimized with the Yoast SEO plugin v26.7 - https:\/\/yoast.com\/wordpress\/plugins\/seo\/ -->\n<title>D\u00e9marche de recherche du projet CIT&#039;EnR# - Cit&#039;ENR : Les projets d&#039;\u00e9nergies renouvelables en cod\u00e9veloppement \u2013 \u00e9mergence, coop\u00e9ration et impact<\/title>\n<meta name=\"robots\" content=\"index, follow, max-snippet:-1, max-image-preview:large, max-video-preview:-1\" \/>\n<link rel=\"canonical\" href=\"https:\/\/websie.cefe.cnrs.fr\/cit-enr\/demarche-de-recherche-du-projet-citenr\/\" \/>\n<meta property=\"og:locale\" content=\"fr_FR\" \/>\n<meta property=\"og:type\" content=\"article\" \/>\n<meta property=\"og:title\" content=\"D\u00e9marche de recherche du projet CIT&#039;EnR# - Cit&#039;ENR : Les projets d&#039;\u00e9nergies renouvelables en cod\u00e9veloppement \u2013 \u00e9mergence, coop\u00e9ration et impact\" \/>\n<meta property=\"og:description\" content=\"La d\u00e9marche de recherche du projet citenr Pour analyser les projets d\u2019EnR en cod\u00e9v3, la d\u00e9marche de recherche du projet CIT&rsquo;EnR croise des dispositifs empiriques de nature quantitative (questionnaire et analyse de base de donn\u00e9es), qualitative (entretiens semi-directifs) et participative (ateliers de recherche-action participative). Ce travail s\u2019est enrichi de plusieurs m\u00e9thodologies d\u2019analyse des donn\u00e9es, comme [&hellip;]\" \/>\n<meta property=\"og:url\" content=\"https:\/\/websie.cefe.cnrs.fr\/cit-enr\/demarche-de-recherche-du-projet-citenr\/\" \/>\n<meta property=\"og:site_name\" content=\"Cit&#039;ENR : Les projets d&#039;\u00e9nergies renouvelables en cod\u00e9veloppement \u2013 \u00e9mergence, coop\u00e9ration et impact\" \/>\n<meta property=\"article:modified_time\" content=\"2021-05-27T09:18:35+00:00\" \/>\n<meta name=\"twitter:card\" content=\"summary_large_image\" \/>\n<meta name=\"twitter:label1\" content=\"Dur\u00e9e de lecture estim\u00e9e\" \/>\n\t<meta name=\"twitter:data1\" content=\"1 minute\" \/>\n<script type=\"application\/ld+json\" class=\"yoast-schema-graph\">{\"@context\":\"https:\/\/schema.org\",\"@graph\":[{\"@type\":\"WebPage\",\"@id\":\"https:\/\/websie.cefe.cnrs.fr\/cit-enr\/demarche-de-recherche-du-projet-citenr\/\",\"url\":\"https:\/\/websie.cefe.cnrs.fr\/cit-enr\/demarche-de-recherche-du-projet-citenr\/\",\"name\":\"D\u00e9marche de recherche du projet CIT'EnR# - Cit&#039;ENR : Les projets d&#039;\u00e9nergies renouvelables en cod\u00e9veloppement \u2013 \u00e9mergence, coop\u00e9ration et impact\",\"isPartOf\":{\"@id\":\"https:\/\/websie.cefe.cnrs.fr\/cit-enr\/#website\"},\"datePublished\":\"2021-05-19T09:38:48+00:00\",\"dateModified\":\"2021-05-27T09:18:35+00:00\",\"breadcrumb\":{\"@id\":\"https:\/\/websie.cefe.cnrs.fr\/cit-enr\/demarche-de-recherche-du-projet-citenr\/#breadcrumb\"},\"inLanguage\":\"fr-FR\",\"potentialAction\":[{\"@type\":\"ReadAction\",\"target\":[\"https:\/\/websie.cefe.cnrs.fr\/cit-enr\/demarche-de-recherche-du-projet-citenr\/\"]}]},{\"@type\":\"BreadcrumbList\",\"@id\":\"https:\/\/websie.cefe.cnrs.fr\/cit-enr\/demarche-de-recherche-du-projet-citenr\/#breadcrumb\",\"itemListElement\":[{\"@type\":\"ListItem\",\"position\":1,\"name\":\"Accueil\",\"item\":\"https:\/\/websie.cefe.cnrs.fr\/cit-enr\/\"},{\"@type\":\"ListItem\",\"position\":2,\"name\":\"D\u00e9marche de recherche du projet CIT&rsquo;EnR#\"}]},{\"@type\":\"WebSite\",\"@id\":\"https:\/\/websie.cefe.cnrs.fr\/cit-enr\/#website\",\"url\":\"https:\/\/websie.cefe.cnrs.fr\/cit-enr\/\",\"name\":\"Cit&#039;ENR : Les projets d&#039;\u00e9nergies renouvelables en cod\u00e9veloppement \u2013 \u00e9mergence, coop\u00e9ration et impact\",\"description\":\"Energie Renouvelables et Co D\u00e9velopement\",\"publisher\":{\"@id\":\"https:\/\/websie.cefe.cnrs.fr\/cit-enr\/#organization\"},\"potentialAction\":[{\"@type\":\"SearchAction\",\"target\":{\"@type\":\"EntryPoint\",\"urlTemplate\":\"https:\/\/websie.cefe.cnrs.fr\/cit-enr\/?s={search_term_string}\"},\"query-input\":{\"@type\":\"PropertyValueSpecification\",\"valueRequired\":true,\"valueName\":\"search_term_string\"}}],\"inLanguage\":\"fr-FR\"},{\"@type\":\"Organization\",\"@id\":\"https:\/\/websie.cefe.cnrs.fr\/cit-enr\/#organization\",\"name\":\"Cit&#039;ENR : Les projets d&#039;\u00e9nergies renouvelables en cod\u00e9veloppement \u2013 \u00e9mergence, coop\u00e9ration et impact\",\"url\":\"https:\/\/websie.cefe.cnrs.fr\/cit-enr\/\",\"logo\":{\"@type\":\"ImageObject\",\"inLanguage\":\"fr-FR\",\"@id\":\"https:\/\/websie.cefe.cnrs.fr\/cit-enr\/#\/schema\/logo\/image\/\",\"url\":\"https:\/\/websie.cefe.cnrs.fr\/cit-enr\/wp-content\/uploads\/2020\/05\/cropped-Copie-de-Copie-de-Sans-titre-7-1.png\",\"contentUrl\":\"https:\/\/websie.cefe.cnrs.fr\/cit-enr\/wp-content\/uploads\/2020\/05\/cropped-Copie-de-Copie-de-Sans-titre-7-1.png\",\"width\":1933,\"height\":1842,\"caption\":\"Cit&#039;ENR : Les projets d&#039;\u00e9nergies renouvelables en cod\u00e9veloppement \u2013 \u00e9mergence, coop\u00e9ration et impact\"},\"image\":{\"@id\":\"https:\/\/websie.cefe.cnrs.fr\/cit-enr\/#\/schema\/logo\/image\/\"}}]}<\/script>\n<!-- \/ Yoast SEO plugin. -->","yoast_head_json":{"title":"D\u00e9marche de recherche du projet CIT'EnR# - Cit&#039;ENR : Les projets d&#039;\u00e9nergies renouvelables en cod\u00e9veloppement \u2013 \u00e9mergence, coop\u00e9ration et impact","robots":{"index":"index","follow":"follow","max-snippet":"max-snippet:-1","max-image-preview":"max-image-preview:large","max-video-preview":"max-video-preview:-1"},"canonical":"https:\/\/websie.cefe.cnrs.fr\/cit-enr\/demarche-de-recherche-du-projet-citenr\/","og_locale":"fr_FR","og_type":"article","og_title":"D\u00e9marche de recherche du projet CIT'EnR# - Cit&#039;ENR : Les projets d&#039;\u00e9nergies renouvelables en cod\u00e9veloppement \u2013 \u00e9mergence, coop\u00e9ration et impact","og_description":"La d\u00e9marche de recherche du projet citenr Pour analyser les projets d\u2019EnR en cod\u00e9v3, la d\u00e9marche de recherche du projet CIT&rsquo;EnR croise des dispositifs empiriques de nature quantitative (questionnaire et analyse de base de donn\u00e9es), qualitative (entretiens semi-directifs) et participative (ateliers de recherche-action participative). Ce travail s\u2019est enrichi de plusieurs m\u00e9thodologies d\u2019analyse des donn\u00e9es, comme [&hellip;]","og_url":"https:\/\/websie.cefe.cnrs.fr\/cit-enr\/demarche-de-recherche-du-projet-citenr\/","og_site_name":"Cit&#039;ENR : Les projets d&#039;\u00e9nergies renouvelables en cod\u00e9veloppement \u2013 \u00e9mergence, coop\u00e9ration et impact","article_modified_time":"2021-05-27T09:18:35+00:00","twitter_card":"summary_large_image","twitter_misc":{"Dur\u00e9e de lecture estim\u00e9e":"1 minute"},"schema":{"@context":"https:\/\/schema.org","@graph":[{"@type":"WebPage","@id":"https:\/\/websie.cefe.cnrs.fr\/cit-enr\/demarche-de-recherche-du-projet-citenr\/","url":"https:\/\/websie.cefe.cnrs.fr\/cit-enr\/demarche-de-recherche-du-projet-citenr\/","name":"D\u00e9marche de recherche du projet CIT'EnR# - Cit&#039;ENR : Les projets d&#039;\u00e9nergies renouvelables en cod\u00e9veloppement \u2013 \u00e9mergence, coop\u00e9ration et impact","isPartOf":{"@id":"https:\/\/websie.cefe.cnrs.fr\/cit-enr\/#website"},"datePublished":"2021-05-19T09:38:48+00:00","dateModified":"2021-05-27T09:18:35+00:00","breadcrumb":{"@id":"https:\/\/websie.cefe.cnrs.fr\/cit-enr\/demarche-de-recherche-du-projet-citenr\/#breadcrumb"},"inLanguage":"fr-FR","potentialAction":[{"@type":"ReadAction","target":["https:\/\/websie.cefe.cnrs.fr\/cit-enr\/demarche-de-recherche-du-projet-citenr\/"]}]},{"@type":"BreadcrumbList","@id":"https:\/\/websie.cefe.cnrs.fr\/cit-enr\/demarche-de-recherche-du-projet-citenr\/#breadcrumb","itemListElement":[{"@type":"ListItem","position":1,"name":"Accueil","item":"https:\/\/websie.cefe.cnrs.fr\/cit-enr\/"},{"@type":"ListItem","position":2,"name":"D\u00e9marche de recherche du projet CIT&rsquo;EnR#"}]},{"@type":"WebSite","@id":"https:\/\/websie.cefe.cnrs.fr\/cit-enr\/#website","url":"https:\/\/websie.cefe.cnrs.fr\/cit-enr\/","name":"Cit&#039;ENR : Les projets d&#039;\u00e9nergies renouvelables en cod\u00e9veloppement \u2013 \u00e9mergence, coop\u00e9ration et impact","description":"Energie Renouvelables et Co D\u00e9velopement","publisher":{"@id":"https:\/\/websie.cefe.cnrs.fr\/cit-enr\/#organization"},"potentialAction":[{"@type":"SearchAction","target":{"@type":"EntryPoint","urlTemplate":"https:\/\/websie.cefe.cnrs.fr\/cit-enr\/?s={search_term_string}"},"query-input":{"@type":"PropertyValueSpecification","valueRequired":true,"valueName":"search_term_string"}}],"inLanguage":"fr-FR"},{"@type":"Organization","@id":"https:\/\/websie.cefe.cnrs.fr\/cit-enr\/#organization","name":"Cit&#039;ENR : Les projets d&#039;\u00e9nergies renouvelables en cod\u00e9veloppement \u2013 \u00e9mergence, coop\u00e9ration et impact","url":"https:\/\/websie.cefe.cnrs.fr\/cit-enr\/","logo":{"@type":"ImageObject","inLanguage":"fr-FR","@id":"https:\/\/websie.cefe.cnrs.fr\/cit-enr\/#\/schema\/logo\/image\/","url":"https:\/\/websie.cefe.cnrs.fr\/cit-enr\/wp-content\/uploads\/2020\/05\/cropped-Copie-de-Copie-de-Sans-titre-7-1.png","contentUrl":"https:\/\/websie.cefe.cnrs.fr\/cit-enr\/wp-content\/uploads\/2020\/05\/cropped-Copie-de-Copie-de-Sans-titre-7-1.png","width":1933,"height":1842,"caption":"Cit&#039;ENR : Les projets d&#039;\u00e9nergies renouvelables en cod\u00e9veloppement \u2013 \u00e9mergence, coop\u00e9ration et impact"},"image":{"@id":"https:\/\/websie.cefe.cnrs.fr\/cit-enr\/#\/schema\/logo\/image\/"}}]}},"_links":{"self":[{"href":"https:\/\/websie.cefe.cnrs.fr\/cit-enr\/wp-json\/wp\/v2\/pages\/1394","targetHints":{"allow":["GET"]}}],"collection":[{"href":"https:\/\/websie.cefe.cnrs.fr\/cit-enr\/wp-json\/wp\/v2\/pages"}],"about":[{"href":"https:\/\/websie.cefe.cnrs.fr\/cit-enr\/wp-json\/wp\/v2\/types\/page"}],"author":[{"embeddable":true,"href":"https:\/\/websie.cefe.cnrs.fr\/cit-enr\/wp-json\/wp\/v2\/users\/1"}],"replies":[{"embeddable":true,"href":"https:\/\/websie.cefe.cnrs.fr\/cit-enr\/wp-json\/wp\/v2\/comments?post=1394"}],"version-history":[{"count":4,"href":"https:\/\/websie.cefe.cnrs.fr\/cit-enr\/wp-json\/wp\/v2\/pages\/1394\/revisions"}],"predecessor-version":[{"id":1399,"href":"https:\/\/websie.cefe.cnrs.fr\/cit-enr\/wp-json\/wp\/v2\/pages\/1394\/revisions\/1399"}],"wp:attachment":[{"href":"https:\/\/websie.cefe.cnrs.fr\/cit-enr\/wp-json\/wp\/v2\/media?parent=1394"}],"curies":[{"name":"wp","href":"https:\/\/api.w.org\/{rel}","templated":true}]}}