{"id":256,"date":"2020-07-13T17:34:23","date_gmt":"2020-07-13T15:34:23","guid":{"rendered":"https:\/\/websie.cefe.cnrs.fr\/boazu\/?page_id=256"},"modified":"2021-09-01T09:30:35","modified_gmt":"2021-09-01T07:30:35","slug":"swedish-sami-association","status":"publish","type":"page","link":"https:\/\/websie.cefe.cnrs.fr\/boazu\/swedish-sami-association\/","title":{"rendered":"Swedish s\u00e1mi association"},"content":{"rendered":"\t\t<div data-elementor-type=\"wp-page\" data-elementor-id=\"256\" class=\"elementor elementor-256\">\n\t\t\t\t\t\t<section class=\"elementor-section elementor-top-section elementor-element elementor-element-75fd6f4 elementor-section-boxed elementor-section-height-default elementor-section-height-default\" data-id=\"75fd6f4\" data-element_type=\"section\">\n\t\t\t\t\t\t<div class=\"elementor-container elementor-column-gap-default\">\n\t\t\t\t\t<div class=\"elementor-column elementor-col-100 elementor-top-column elementor-element elementor-element-861c2a0\" data-id=\"861c2a0\" data-element_type=\"column\">\n\t\t\t<div class=\"elementor-widget-wrap elementor-element-populated\">\n\t\t\t\t\t\t<div class=\"elementor-element elementor-element-d8a7ca5 elementor-widget elementor-widget-spacer\" data-id=\"d8a7ca5\" data-element_type=\"widget\" data-widget_type=\"spacer.default\">\n\t\t\t\t<div class=\"elementor-widget-container\">\n\t\t\t\t\t\t\t<div class=\"elementor-spacer\">\n\t\t\t<div class=\"elementor-spacer-inner\"><\/div>\n\t\t<\/div>\n\t\t\t\t\t\t<\/div>\n\t\t\t\t<\/div>\n\t\t\t\t\t<\/div>\n\t\t<\/div>\n\t\t\t\t\t<\/div>\n\t\t<\/section>\n\t\t\t\t<section class=\"elementor-section elementor-top-section elementor-element elementor-element-8d83605 elementor-section-boxed elementor-section-height-default elementor-section-height-default\" data-id=\"8d83605\" data-element_type=\"section\">\n\t\t\t\t\t\t<div class=\"elementor-container elementor-column-gap-default\">\n\t\t\t\t\t<div class=\"elementor-column elementor-col-100 elementor-top-column elementor-element elementor-element-8410420\" data-id=\"8410420\" data-element_type=\"column\">\n\t\t\t<div class=\"elementor-widget-wrap elementor-element-populated\">\n\t\t\t\t\t\t<div class=\"elementor-element elementor-element-7e2ef625 elementor-widget elementor-widget-heading\" data-id=\"7e2ef625\" data-element_type=\"widget\" data-widget_type=\"heading.default\">\n\t\t\t\t<div class=\"elementor-widget-container\">\n\t\t\t\t\t<h3 class=\"elementor-heading-title elementor-size-default\">Presentation of the BOAZU project at the annual meeting of the Association of\nSwedish S\u00e1mi (RSR) 3-5 June 2019 Stockholm<\/h3>\t\t\t\t<\/div>\n\t\t\t\t<\/div>\n\t\t\t\t\t<\/div>\n\t\t<\/div>\n\t\t\t\t\t<\/div>\n\t\t<\/section>\n\t\t\t\t<section class=\"elementor-section elementor-top-section elementor-element elementor-element-4aa7199c elementor-section-content-middle elementor-reverse-mobile elementor-section-boxed elementor-section-height-default elementor-section-height-default\" data-id=\"4aa7199c\" data-element_type=\"section\">\n\t\t\t\t\t\t<div class=\"elementor-container elementor-column-gap-default\">\n\t\t\t\t\t<div class=\"elementor-column elementor-col-50 elementor-top-column elementor-element elementor-element-27f51e63\" data-id=\"27f51e63\" data-element_type=\"column\">\n\t\t\t<div class=\"elementor-widget-wrap elementor-element-populated\">\n\t\t\t\t\t\t<div class=\"elementor-element elementor-element-497bf394 elementor-widget elementor-widget-heading\" data-id=\"497bf394\" data-element_type=\"widget\" data-widget_type=\"heading.default\">\n\t\t\t\t<div class=\"elementor-widget-container\">\n\t\t\t\t\t<h3 class=\"elementor-heading-title elementor-size-default\">The association of Swedish S\u00e1mi <\/h3>\t\t\t\t<\/div>\n\t\t\t\t<\/div>\n\t\t\t\t<div class=\"elementor-element elementor-element-7caf2f53 elementor-widget elementor-widget-text-editor\" data-id=\"7caf2f53\" data-element_type=\"widget\" data-widget_type=\"text-editor.default\">\n\t\t\t\t<div class=\"elementor-widget-container\">\n\t\t\t\t\t\t\t\t\t<p>The association of Swedish s\u00e1mi is established in 1950 and is one of the oldest s\u00e1mi organisations in Scandinavia. Elsa Laula initiated the first S\u00e1mi meeting on the 6 of February 1917, that day is now celebrated as the national day of S\u00e1pmi. The agenda on this meeting was settlement issues, the reindeer grazing law and the s\u00e1mi school issue. The meeting pressed for the need for a common s\u00e1mi organization, and it was the start for the association of Swedish S\u00e1mi. The association was officially formed in 1950 at Samernas Folkh\u00f6gskola in Jokkmokk. The lead man behind the association was the s\u00e1mi priest Gustaf Park, who was also elected as the national organization&rsquo;s first chairman.<br \/>The association is today a joint organization where 44 of Sweden&rsquo;s 51 Sami villages and 16 of Sweden&rsquo;s joint associations are members. The main agenda has not changed during the last 100 year, the focus is to protect the lands, strengthen the rights of reindeer herding and the right for s\u00e1mi child\u2019s to get s\u00e1mi language and culture education in the schools. The association promotes modern s\u00e1mi economic, social, legal, administrative and cultural interests, with particular regard to the reindeer herding and the continuation and healthy development of its binary estates.<br \/>The annual meetings is the highest decision-making body. In addition to about 90 representatives for S\u00e1mi villages and joint associations, the country meetings convene a large number of interested s\u00e1mi, representatives of the Swedish government, authorities and the media. Issues addressed during the country meetings are issues that reflect the current situation of the Sami and reindeer industry. In recent years, issues such as public health, the right to hunting and fishing, the climate and the Sami land use, customary rights and business development have been discussed. The country meetings are arranged in different places each year. In 2019, the annual meeting was situated in Stockholm, and was hosted by the sami peoples living in<br \/>Stockholm and their local s\u00e1mi association.<\/p>\t\t\t\t\t\t\t\t<\/div>\n\t\t\t\t<\/div>\n\t\t\t\t\t<\/div>\n\t\t<\/div>\n\t\t\t\t<div class=\"elementor-column elementor-col-50 elementor-top-column elementor-element elementor-element-69873ff\" data-id=\"69873ff\" data-element_type=\"column\">\n\t\t\t<div class=\"elementor-widget-wrap elementor-element-populated\">\n\t\t\t\t\t\t<div class=\"elementor-element elementor-element-31993be4 elementor-widget elementor-widget-image\" data-id=\"31993be4\" data-element_type=\"widget\" data-widget_type=\"image.default\">\n\t\t\t\t<div class=\"elementor-widget-container\">\n\t\t\t\t\t\t\t\t\t\t\t\t\t\t\t<img fetchpriority=\"high\" decoding=\"async\" width=\"640\" height=\"480\" src=\"https:\/\/websie.cefe.cnrs.fr\/boazu\/wp-content\/uploads\/2019\/07\/IMG_9004.jpg\" class=\"attachment-full size-full wp-image-12\" alt=\"\" srcset=\"https:\/\/websie.cefe.cnrs.fr\/boazu\/wp-content\/uploads\/2019\/07\/IMG_9004.jpg 640w, https:\/\/websie.cefe.cnrs.fr\/boazu\/wp-content\/uploads\/2019\/07\/IMG_9004-300x225.jpg 300w\" sizes=\"(max-width: 640px) 100vw, 640px\" \/>\t\t\t\t\t\t\t\t\t\t\t\t\t\t\t<\/div>\n\t\t\t\t<\/div>\n\t\t\t\t<div class=\"elementor-element elementor-element-7bc4e46 elementor-widget elementor-widget-image\" data-id=\"7bc4e46\" data-element_type=\"widget\" data-widget_type=\"image.default\">\n\t\t\t\t<div class=\"elementor-widget-container\">\n\t\t\t\t\t\t\t\t\t\t\t\t\t\t\t<img decoding=\"async\" width=\"746\" height=\"550\" src=\"https:\/\/websie.cefe.cnrs.fr\/boazu\/wp-content\/uploads\/2020\/07\/Design-uten-navn-5-e1549918936927-746x550-1.jpg\" class=\"attachment-full size-full wp-image-172\" alt=\"\" srcset=\"https:\/\/websie.cefe.cnrs.fr\/boazu\/wp-content\/uploads\/2020\/07\/Design-uten-navn-5-e1549918936927-746x550-1.jpg 746w, https:\/\/websie.cefe.cnrs.fr\/boazu\/wp-content\/uploads\/2020\/07\/Design-uten-navn-5-e1549918936927-746x550-1-300x221.jpg 300w\" sizes=\"(max-width: 746px) 100vw, 746px\" \/>\t\t\t\t\t\t\t\t\t\t\t\t\t\t\t<\/div>\n\t\t\t\t<\/div>\n\t\t\t\t\t<\/div>\n\t\t<\/div>\n\t\t\t\t\t<\/div>\n\t\t<\/section>\n\t\t\t\t<section class=\"elementor-section elementor-top-section elementor-element elementor-element-3f9eab9c elementor-section-content-middle elementor-section-boxed elementor-section-height-default elementor-section-height-default\" data-id=\"3f9eab9c\" data-element_type=\"section\">\n\t\t\t\t\t\t<div class=\"elementor-container elementor-column-gap-default\">\n\t\t\t\t\t<div class=\"elementor-column elementor-col-50 elementor-top-column elementor-element elementor-element-3a1f1d72\" data-id=\"3a1f1d72\" data-element_type=\"column\">\n\t\t\t<div class=\"elementor-widget-wrap elementor-element-populated\">\n\t\t\t\t\t\t<div class=\"elementor-element elementor-element-1c5b34ca elementor-widget elementor-widget-image\" data-id=\"1c5b34ca\" data-element_type=\"widget\" data-widget_type=\"image.default\">\n\t\t\t\t<div class=\"elementor-widget-container\">\n\t\t\t\t\t\t\t\t\t\t\t\t\t\t\t<img decoding=\"async\" width=\"3024\" height=\"4032\" src=\"https:\/\/websie.cefe.cnrs.fr\/boazu\/wp-content\/uploads\/2019\/07\/IMG_9014-e1594643752323.jpg\" class=\"attachment-full size-full wp-image-11\" alt=\"\" srcset=\"https:\/\/websie.cefe.cnrs.fr\/boazu\/wp-content\/uploads\/2019\/07\/IMG_9014-e1594643752323.jpg 3024w, https:\/\/websie.cefe.cnrs.fr\/boazu\/wp-content\/uploads\/2019\/07\/IMG_9014-e1594643752323-225x300.jpg 225w, https:\/\/websie.cefe.cnrs.fr\/boazu\/wp-content\/uploads\/2019\/07\/IMG_9014-e1594643752323-768x1024.jpg 768w, https:\/\/websie.cefe.cnrs.fr\/boazu\/wp-content\/uploads\/2019\/07\/IMG_9014-e1594643752323-1152x1536.jpg 1152w, https:\/\/websie.cefe.cnrs.fr\/boazu\/wp-content\/uploads\/2019\/07\/IMG_9014-e1594643752323-1536x2048.jpg 1536w\" sizes=\"(max-width: 3024px) 100vw, 3024px\" \/>\t\t\t\t\t\t\t\t\t\t\t\t\t\t\t<\/div>\n\t\t\t\t<\/div>\n\t\t\t\t\t<\/div>\n\t\t<\/div>\n\t\t\t\t<div class=\"elementor-column elementor-col-50 elementor-top-column elementor-element elementor-element-73c0c3e\" data-id=\"73c0c3e\" data-element_type=\"column\">\n\t\t\t<div class=\"elementor-widget-wrap elementor-element-populated\">\n\t\t\t\t\t\t<div class=\"elementor-element elementor-element-32ae713 elementor-widget elementor-widget-heading\" data-id=\"32ae713\" data-element_type=\"widget\" data-widget_type=\"heading.default\">\n\t\t\t\t<div class=\"elementor-widget-container\">\n\t\t\t\t\t<h3 class=\"elementor-heading-title elementor-size-default\">Presentation of the BOAZU project<\/h3>\t\t\t\t<\/div>\n\t\t\t\t<\/div>\n\t\t\t\t<div class=\"elementor-element elementor-element-1bfb17f elementor-widget elementor-widget-text-editor\" data-id=\"1bfb17f\" data-element_type=\"widget\" data-widget_type=\"text-editor.default\">\n\t\t\t\t<div class=\"elementor-widget-container\">\n\t\t\t\t\t\t\t\t\t<p>It was announced that there was 6. stands by the entrance to the venue, and each stand was shortly presented. The organizer presented our stand as follows. A Sami village-initiated research project that intends to analyse how the \u201c bit by bit\u201d effects of pasture losses and social change affect the reindeer husbandry, and thereby the future of young reindeer herders.<br>The reindeer is dependent on the access to seasonally-based pastures and the reindeer herders encounter many challenges through this. Climate change, predators, exploitation of pastures are just a few examples of factors that have a negative effect on the economic potential of reindeer herding, and thereby on the reindeer herders. The Sami villages have different geographical and social conditions, but the common is that the reindeer is the starting point for reindeer herding. Sami villages have been subjected to severe exploitation and natural pastures and migration routes are unusable. Other Sami villages may have a lesser degree of physical exploitation, but a higher predator pressure or more human disturbances through, for example, outdoor tourism or smallgame hunting. Through a collaboration between reindeer herders from different Sami villages and researchers from Sweden, Norway, Finland and France, a multidisciplinary participatory-action research program can be implemented. The research project is based on the needs of reindeer herding and intends to bring together local Sami reindeer herding knowledge and scientific knowledge from various specializations, social sciences, economics, biology, etc. to create new knowledge about the \u201cbit by bit\u201d effects. Through an increased understanding of the effects of \u201cbit by bit\u201d influence, it will be possible to propose measures to counteract them. It will also be possible to create local, regional and national scenarios for how the future reindeer husbandry may look, with or without relevant measures.<\/p>\t\t\t\t\t\t\t\t<\/div>\n\t\t\t\t<\/div>\n\t\t\t\t\t<\/div>\n\t\t<\/div>\n\t\t\t\t\t<\/div>\n\t\t<\/section>\n\t\t\t\t<section class=\"elementor-section elementor-top-section elementor-element elementor-element-19c42350 elementor-section-content-middle elementor-reverse-mobile elementor-section-boxed elementor-section-height-default elementor-section-height-default\" data-id=\"19c42350\" data-element_type=\"section\">\n\t\t\t\t\t\t<div class=\"elementor-container elementor-column-gap-default\">\n\t\t\t\t\t<div class=\"elementor-column elementor-col-50 elementor-top-column elementor-element elementor-element-1f39418\" data-id=\"1f39418\" data-element_type=\"column\">\n\t\t\t<div class=\"elementor-widget-wrap elementor-element-populated\">\n\t\t\t\t\t\t<div class=\"elementor-element elementor-element-1ed18e26 elementor-widget elementor-widget-heading\" data-id=\"1ed18e26\" data-element_type=\"widget\" data-widget_type=\"heading.default\">\n\t\t\t\t<div class=\"elementor-widget-container\">\n\t\t\t\t\t<h3 class=\"elementor-heading-title elementor-size-default\">What are the needs in the s\u00e1mi society\n<\/h3>\t\t\t\t<\/div>\n\t\t\t\t<\/div>\n\t\t\t\t<div class=\"elementor-element elementor-element-5e1187a9 elementor-widget elementor-widget-text-editor\" data-id=\"5e1187a9\" data-element_type=\"widget\" data-widget_type=\"text-editor.default\">\n\t\t\t\t<div class=\"elementor-widget-container\">\n\t\t\t\t\t\t\t\t\t<p>The s\u00e1mi parliament president and the chairman of Mal\u00e5 sameby discussed the need to focus on internal conflicts within the sami villages. Gudrun Kuhmonen board member of the association of Swedish s\u00e1mi\u00a0<span style=\"font-size: 15px;\">and the MP for the Green party of\u00a0<\/span><span style=\"font-size: 15px;\">the Swedish government are\u00a0<\/span><span style=\"font-size: 15px;\">introduced to the BOAZU project.<\/span><\/p><p>The MPs need to learn more about the reindeer herding and the sami society in general. The s\u00e1mi reindeer herding villages and the s\u00e1mi society with its businesses, school and local culture and sports associations needs to define and own their future. Research collaboration, where the s\u00e1mi people own the projects, is one way to go forward. This demands that relevant research issues are defined by the s\u00e1mi, not by the researchers.<\/p>\t\t\t\t\t\t\t\t<\/div>\n\t\t\t\t<\/div>\n\t\t\t\t\t<\/div>\n\t\t<\/div>\n\t\t\t\t<div class=\"elementor-column elementor-col-50 elementor-top-column elementor-element elementor-element-51b4bd9\" data-id=\"51b4bd9\" data-element_type=\"column\">\n\t\t\t<div class=\"elementor-widget-wrap elementor-element-populated\">\n\t\t\t\t\t\t<div class=\"elementor-element elementor-element-5437bb3b elementor-widget elementor-widget-image\" data-id=\"5437bb3b\" data-element_type=\"widget\" data-widget_type=\"image.default\">\n\t\t\t\t<div class=\"elementor-widget-container\">\n\t\t\t\t\t\t\t\t\t\t\t\t\t\t\t<img loading=\"lazy\" decoding=\"async\" width=\"269\" height=\"356\" src=\"https:\/\/websie.cefe.cnrs.fr\/boazu\/wp-content\/uploads\/2020\/07\/fd.png\" class=\"attachment-large size-large wp-image-532\" alt=\"\" srcset=\"https:\/\/websie.cefe.cnrs.fr\/boazu\/wp-content\/uploads\/2020\/07\/fd.png 269w, https:\/\/websie.cefe.cnrs.fr\/boazu\/wp-content\/uploads\/2020\/07\/fd-227x300.png 227w\" sizes=\"(max-width: 269px) 100vw, 269px\" \/>\t\t\t\t\t\t\t\t\t\t\t\t\t\t\t<\/div>\n\t\t\t\t<\/div>\n\t\t\t\t\t<\/div>\n\t\t<\/div>\n\t\t\t\t\t<\/div>\n\t\t<\/section>\n\t\t\t\t<section class=\"elementor-section elementor-top-section elementor-element elementor-element-6657671 elementor-section-boxed elementor-section-height-default elementor-section-height-default\" data-id=\"6657671\" data-element_type=\"section\">\n\t\t\t\t\t\t<div class=\"elementor-container elementor-column-gap-default\">\n\t\t\t\t\t<div class=\"elementor-column elementor-col-50 elementor-top-column elementor-element elementor-element-f94d960\" data-id=\"f94d960\" data-element_type=\"column\">\n\t\t\t<div class=\"elementor-widget-wrap elementor-element-populated\">\n\t\t\t\t\t\t<div class=\"elementor-element elementor-element-6fb8276 elementor-widget elementor-widget-image\" data-id=\"6fb8276\" data-element_type=\"widget\" data-widget_type=\"image.default\">\n\t\t\t\t<div class=\"elementor-widget-container\">\n\t\t\t\t\t\t\t\t\t\t\t\t\t\t\t<img loading=\"lazy\" decoding=\"async\" width=\"359\" height=\"264\" src=\"https:\/\/websie.cefe.cnrs.fr\/boazu\/wp-content\/uploads\/2020\/07\/df.png\" class=\"attachment-large size-large wp-image-533\" alt=\"\" srcset=\"https:\/\/websie.cefe.cnrs.fr\/boazu\/wp-content\/uploads\/2020\/07\/df.png 359w, https:\/\/websie.cefe.cnrs.fr\/boazu\/wp-content\/uploads\/2020\/07\/df-300x221.png 300w\" sizes=\"(max-width: 359px) 100vw, 359px\" \/>\t\t\t\t\t\t\t\t\t\t\t\t\t\t\t<\/div>\n\t\t\t\t<\/div>\n\t\t\t\t\t<\/div>\n\t\t<\/div>\n\t\t\t\t<div class=\"elementor-column elementor-col-50 elementor-top-column elementor-element elementor-element-b419445\" data-id=\"b419445\" data-element_type=\"column\">\n\t\t\t<div class=\"elementor-widget-wrap elementor-element-populated\">\n\t\t\t\t\t\t<div class=\"elementor-element elementor-element-87bb4a5 elementor-widget elementor-widget-heading\" data-id=\"87bb4a5\" data-element_type=\"widget\" data-widget_type=\"heading.default\">\n\t\t\t\t<div class=\"elementor-widget-container\">\n\t\t\t\t\t<h3 class=\"elementor-heading-title elementor-size-default\">What are the needs in the s\u00e1mi society\n<\/h3>\t\t\t\t<\/div>\n\t\t\t\t<\/div>\n\t\t\t\t<div class=\"elementor-element elementor-element-4b4acae elementor-widget elementor-widget-text-editor\" data-id=\"4b4acae\" data-element_type=\"widget\" data-widget_type=\"text-editor.default\">\n\t\t\t\t<div class=\"elementor-widget-container\">\n\t\t\t\t\t\t\t\t\t<p>What will the future bring S\u00e1mi languages are must be strengthened, and the Norwegian S\u00e1mi parliament has models that could be implemented in Sweden. There is a need to learn from each other locally, regionally and in the national level. The s\u00e1mi people are divided in 4 countries, and in the future, the borders for s\u00e1mi language and culture will be eliminated.<br \/>Strengthened cultural identity and a new urban s\u00e1mi generation are creating new music and modern s\u00e1mi art.<br \/>The planed workshop in Jokkmokk mid-October 2019 will be a platform where the s\u00e1mi reindeer herders, culture and music associations, education institutions and interested politicians can meet. Thru the guidance of experienced facilitators using participatory action research methods the workshop will develop<br \/>a social research plan where the actors, s\u00e1mi reindeer herders and the s\u00e1mi society defines and owns the research project.<\/p>\t\t\t\t\t\t\t\t<\/div>\n\t\t\t\t<\/div>\n\t\t\t\t\t<\/div>\n\t\t<\/div>\n\t\t\t\t\t<\/div>\n\t\t<\/section>\n\t\t\t\t<section class=\"elementor-section elementor-top-section elementor-element elementor-element-64cad7a elementor-section-boxed elementor-section-height-default elementor-section-height-default\" data-id=\"64cad7a\" data-element_type=\"section\">\n\t\t\t\t\t\t<div class=\"elementor-container elementor-column-gap-default\">\n\t\t\t\t\t<div class=\"elementor-column elementor-col-100 elementor-top-column elementor-element elementor-element-18d54e6\" data-id=\"18d54e6\" data-element_type=\"column\">\n\t\t\t<div class=\"elementor-widget-wrap elementor-element-populated\">\n\t\t\t\t\t\t<div class=\"elementor-element elementor-element-efa7252 elementor-widget elementor-widget-heading\" data-id=\"efa7252\" data-element_type=\"widget\" data-widget_type=\"heading.default\">\n\t\t\t\t<div class=\"elementor-widget-container\">\n\t\t\t\t\t<h2 class=\"elementor-heading-title elementor-size-default\">Troms\u00f8 7\/6 -2019\nNiklas Labba (s.)\nNiklas Labba <\/h2>\t\t\t\t<\/div>\n\t\t\t\t<\/div>\n\t\t\t\t\t<\/div>\n\t\t<\/div>\n\t\t\t\t\t<\/div>\n\t\t<\/section>\n\t\t\t\t<\/div>\n\t\t","protected":false},"excerpt":{"rendered":"<p>Presentation of the BOAZU project at the annual meeting of the Association of Swedish S\u00e1mi (RSR) 3-5 June 2019 Stockholm The association of Swedish S\u00e1mi The association of Swedish s\u00e1mi is established in 1950 and is one of the oldest s\u00e1mi organisations in Scandinavia. Elsa Laula initiated the first S\u00e1mi meeting on the 6 of [&hellip;]<\/p>\n","protected":false},"author":1,"featured_media":0,"parent":0,"menu_order":0,"comment_status":"closed","ping_status":"closed","template":"","meta":{"site-sidebar-layout":"no-sidebar","site-content-layout":"page-builder","ast-site-content-layout":"default","site-content-style":"default","site-sidebar-style":"default","ast-global-header-display":"","ast-banner-title-visibility":"","ast-main-header-display":"","ast-hfb-above-header-display":"","ast-hfb-below-header-display":"","ast-hfb-mobile-header-display":"","site-post-title":"disabled","ast-breadcrumbs-content":"","ast-featured-img":"disabled","footer-sml-layout":"","ast-disable-related-posts":"","theme-transparent-header-meta":"default","adv-header-id-meta":"","stick-header-meta":"","header-above-stick-meta":"","header-main-stick-meta":"","header-below-stick-meta":"","astra-migrate-meta-layouts":"default","ast-page-background-enabled":"default","ast-page-background-meta":{"desktop":{"background-color":"","background-image":"","background-repeat":"repeat","background-position":"center center","background-size":"auto","background-attachment":"scroll","background-type":"","background-media":"","overlay-type":"","overlay-color":"","overlay-opacity":"","overlay-gradient":""},"tablet":{"background-color":"","background-image":"","background-repeat":"repeat","background-position":"center center","background-size":"auto","background-attachment":"scroll","background-type":"","background-media":"","overlay-type":"","overlay-color":"","overlay-opacity":"","overlay-gradient":""},"mobile":{"background-color":"","background-image":"","background-repeat":"repeat","background-position":"center center","background-size":"auto","background-attachment":"scroll","background-type":"","background-media":"","overlay-type":"","overlay-color":"","overlay-opacity":"","overlay-gradient":""}},"ast-content-background-meta":{"desktop":{"background-color":"var(--ast-global-color-5)","background-image":"","background-repeat":"repeat","background-position":"center center","background-size":"auto","background-attachment":"scroll","background-type":"","background-media":"","overlay-type":"","overlay-color":"","overlay-opacity":"","overlay-gradient":""},"tablet":{"background-color":"var(--ast-global-color-5)","background-image":"","background-repeat":"repeat","background-position":"center center","background-size":"auto","background-attachment":"scroll","background-type":"","background-media":"","overlay-type":"","overlay-color":"","overlay-opacity":"","overlay-gradient":""},"mobile":{"background-color":"var(--ast-global-color-5)","background-image":"","background-repeat":"repeat","background-position":"center center","background-size":"auto","background-attachment":"scroll","background-type":"","background-media":"","overlay-type":"","overlay-color":"","overlay-opacity":"","overlay-gradient":""}},"footnotes":""},"class_list":["post-256","page","type-page","status-publish","hentry"],"_links":{"self":[{"href":"https:\/\/websie.cefe.cnrs.fr\/boazu\/wp-json\/wp\/v2\/pages\/256","targetHints":{"allow":["GET"]}}],"collection":[{"href":"https:\/\/websie.cefe.cnrs.fr\/boazu\/wp-json\/wp\/v2\/pages"}],"about":[{"href":"https:\/\/websie.cefe.cnrs.fr\/boazu\/wp-json\/wp\/v2\/types\/page"}],"author":[{"embeddable":true,"href":"https:\/\/websie.cefe.cnrs.fr\/boazu\/wp-json\/wp\/v2\/users\/1"}],"replies":[{"embeddable":true,"href":"https:\/\/websie.cefe.cnrs.fr\/boazu\/wp-json\/wp\/v2\/comments?post=256"}],"version-history":[{"count":9,"href":"https:\/\/websie.cefe.cnrs.fr\/boazu\/wp-json\/wp\/v2\/pages\/256\/revisions"}],"predecessor-version":[{"id":1291,"href":"https:\/\/websie.cefe.cnrs.fr\/boazu\/wp-json\/wp\/v2\/pages\/256\/revisions\/1291"}],"wp:attachment":[{"href":"https:\/\/websie.cefe.cnrs.fr\/boazu\/wp-json\/wp\/v2\/media?parent=256"}],"curies":[{"name":"wp","href":"https:\/\/api.w.org\/{rel}","templated":true}]}}