{"id":131,"date":"2020-02-06T16:21:24","date_gmt":"2020-02-06T15:21:24","guid":{"rendered":"http:\/\/websie.cefe.cnrs.fr\/acte-citin\/?page_id=131"},"modified":"2021-06-22T14:33:22","modified_gmt":"2021-06-22T12:33:22","slug":"nantes","status":"publish","type":"page","link":"https:\/\/websie.cefe.cnrs.fr\/acte-citin\/nantes\/","title":{"rendered":"Nantes"},"content":{"rendered":"\t\t<div data-elementor-type=\"wp-page\" data-elementor-id=\"131\" class=\"elementor elementor-131\">\n\t\t\t\t\t\t<section class=\"elementor-section elementor-top-section elementor-element elementor-element-6097b65f elementor-section-content-middle elementor-section-boxed elementor-section-height-default elementor-section-height-default elementor-invisible\" data-id=\"6097b65f\" data-element_type=\"section\" data-settings=\"{&quot;animation&quot;:&quot;fadeInRight&quot;}\">\n\t\t\t\t\t\t<div class=\"elementor-container elementor-column-gap-no\">\n\t\t\t\t\t<div class=\"elementor-column elementor-col-50 elementor-top-column elementor-element elementor-element-73045d48\" data-id=\"73045d48\" data-element_type=\"column\">\n\t\t\t<div class=\"elementor-widget-wrap elementor-element-populated\">\n\t\t\t\t\t\t<section class=\"elementor-section elementor-inner-section elementor-element elementor-element-55621747 elementor-section-content-middle elementor-section-boxed elementor-section-height-default elementor-section-height-default\" data-id=\"55621747\" data-element_type=\"section\">\n\t\t\t\t\t\t<div class=\"elementor-container elementor-column-gap-no\">\n\t\t\t\t\t<div class=\"elementor-column elementor-col-50 elementor-inner-column elementor-element elementor-element-641f9c30\" data-id=\"641f9c30\" data-element_type=\"column\">\n\t\t\t<div class=\"elementor-widget-wrap elementor-element-populated\">\n\t\t\t\t\t\t<div class=\"elementor-element elementor-element-2b5cc82d elementor-widget elementor-widget-image\" data-id=\"2b5cc82d\" data-element_type=\"widget\" data-widget_type=\"image.default\">\n\t\t\t\t<div class=\"elementor-widget-container\">\n\t\t\t\t\t\t\t\t\t\t\t\t\t\t\t<img decoding=\"async\" width=\"150\" height=\"150\" src=\"https:\/\/websie.cefe.cnrs.fr\/acte-citin\/wp-content\/uploads\/2021\/06\/NOEL-150x150.jpg\" class=\"attachment-thumbnail size-thumbnail wp-image-1082\" alt=\"\" \/>\t\t\t\t\t\t\t\t\t\t\t\t\t\t\t<\/div>\n\t\t\t\t<\/div>\n\t\t\t\t\t<\/div>\n\t\t<\/div>\n\t\t\t\t<div class=\"elementor-column elementor-col-50 elementor-inner-column elementor-element elementor-element-645a02cc\" data-id=\"645a02cc\" data-element_type=\"column\">\n\t\t\t<div class=\"elementor-widget-wrap\">\n\t\t\t\t\t\t\t<\/div>\n\t\t<\/div>\n\t\t\t\t\t<\/div>\n\t\t<\/section>\n\t\t\t\t\t<\/div>\n\t\t<\/div>\n\t\t\t\t<div class=\"elementor-column elementor-col-50 elementor-top-column elementor-element elementor-element-6ab3592b\" data-id=\"6ab3592b\" data-element_type=\"column\">\n\t\t\t<div class=\"elementor-widget-wrap elementor-element-populated\">\n\t\t\t\t\t\t<div class=\"elementor-element elementor-element-567e8eaa elementor-widget elementor-widget-heading\" data-id=\"567e8eaa\" data-element_type=\"widget\" data-widget_type=\"heading.default\">\n\t\t\t\t<div class=\"elementor-widget-container\">\n\t\t\t\t\t<h2 class=\"elementor-heading-title elementor-size-small\">Xavier No\u00ebl<br><br>Saliha Hadna<\/h2>\t\t\t\t<\/div>\n\t\t\t\t<\/div>\n\t\t\t\t\t<\/div>\n\t\t<\/div>\n\t\t\t\t\t<\/div>\n\t\t<\/section>\n\t\t\t\t<section class=\"elementor-section elementor-top-section elementor-element elementor-element-3a942fa elementor-section-boxed elementor-section-height-default elementor-section-height-default\" data-id=\"3a942fa\" data-element_type=\"section\">\n\t\t\t\t\t\t<div class=\"elementor-container elementor-column-gap-default\">\n\t\t\t\t\t<div class=\"elementor-column elementor-col-100 elementor-top-column elementor-element elementor-element-48beb6d\" data-id=\"48beb6d\" data-element_type=\"column\">\n\t\t\t<div class=\"elementor-widget-wrap elementor-element-populated\">\n\t\t\t\t\t\t<div class=\"elementor-element elementor-element-16cf66c elementor-widget elementor-widget-spacer\" data-id=\"16cf66c\" data-element_type=\"widget\" data-widget_type=\"spacer.default\">\n\t\t\t\t<div class=\"elementor-widget-container\">\n\t\t\t\t\t\t\t<div class=\"elementor-spacer\">\n\t\t\t<div class=\"elementor-spacer-inner\"><\/div>\n\t\t<\/div>\n\t\t\t\t\t\t<\/div>\n\t\t\t\t<\/div>\n\t\t\t\t\t<\/div>\n\t\t<\/div>\n\t\t\t\t\t<\/div>\n\t\t<\/section>\n\t\t\t\t<section class=\"elementor-section elementor-top-section elementor-element elementor-element-4f7767ed elementor-section-boxed elementor-section-height-default elementor-section-height-default elementor-invisible\" data-id=\"4f7767ed\" data-element_type=\"section\" data-settings=\"{&quot;animation&quot;:&quot;fadeInLeft&quot;}\">\n\t\t\t\t\t\t<div class=\"elementor-container elementor-column-gap-default\">\n\t\t\t\t\t<div class=\"elementor-column elementor-col-100 elementor-top-column elementor-element elementor-element-4eec75d3\" data-id=\"4eec75d3\" data-element_type=\"column\">\n\t\t\t<div class=\"elementor-widget-wrap elementor-element-populated\">\n\t\t\t\t\t\t<div class=\"elementor-element elementor-element-1b8a95dd elementor-widget elementor-widget-text-editor\" data-id=\"1b8a95dd\" data-element_type=\"widget\" data-widget_type=\"text-editor.default\">\n\t\t\t\t<div class=\"elementor-widget-container\">\n\t\t\t\t\t\t\t\t\t<h1>Xavier No\u00ebl<\/h1><p><strong>Qui suis-je ?<\/strong><\/p><ul class=\"pv-entity__position-group mt2\"><li class=\"pv-entity__position-group-role-item\"><div id=\"ember127\" class=\"ember-view\"><div class=\"pv-entity__role-details\"><div class=\"display-flex justify-space-between full-width\"><div class=\"pv-entity__role-container\"><div class=\"pv-entity__role-details-container pv-entity__role-details-container--timeline pv-entity__role-details-container--bottom-margin\"><div class=\"pv-entity__summary-info-v2 pv-entity__summary-info--background-section pv-entity__summary-info-margin-top mb2\"><h3 class=\"t-14 t-black t-bold\">Responsable de d\u00e9veloppement &#8211; Charg\u00e9 de la diffusion de la culture scientifique et technique<\/h3><\/div><div id=\"ember128\" class=\"pv-entity__extra-details t-14 t-black--light ember-view\"><div class=\" inline-show-more-text inline-show-more-text--is-collapsed pv-entity__description t-14 t-black t-normal \">Le P\u00f4le culture scientifique et technique du Cnam des Pays de la Loire propose une programmation de conf\u00e9rences-d\u00e9bats, s\u00e9minaires, rencontres, expositions, pour un acc\u00e8s \u00e0 la connaissance et la compr\u00e9hension des enjeux de soci\u00e9t\u00e9. Parmi les actions r\u00e9alis\u00e9e par l&rsquo;\u00e9quipe du P\u00f4le CST et ses partenaires : #2038 pour imaginer son m\u00e9tier au futur, la coordination r\u00e9gionale et en Loire-Atlantique de la F\u00eate de la science, la formation de professionnels de la culture scientifique et technique (licence professionnelle, Forum 2 Days Up!), l&rsquo;exploration du domaine artistique&#8230;<\/div><\/div><\/div><\/div><\/div><\/div><\/div><\/li><li class=\"pv-entity__position-group-role-item\"><div id=\"ember129\" class=\"ember-view\"><div class=\"pv-entity__role-details\"><div class=\"display-flex justify-space-between full-width\"><div class=\"pv-entity__role-container\"><div class=\"pv-entity__role-details-container pv-entity__role-details-container--timeline pv-entity__role-details-container--bottom-margin\"><div class=\"pv-entity__summary-info-v2 pv-entity__summary-info--background-section pv-entity__summary-info-margin-top mb2\"><h3 class=\"t-14 t-black t-bold\">Responsable de D\u00e9veloppement \/ Direction des Formations et de l&rsquo;Innovation<\/h3><\/div><div id=\"ember130\" class=\"pv-entity__extra-details t-14 t-black--light ember-view\"><div class=\" inline-show-more-text inline-show-more-text--is-collapsed pv-entity__description t-14 t-black t-normal \">Conception et coordination de projets innovants dans le secteur de l\u2019emploi et la formation, inscription dans les dynamiques de territoire, ing\u00e9nierie et mise en \u0153uvre de dispositifs de s\u00e9curisation de parcours en lien avec les diff\u00e9rentes missions du Cnam.<\/div><\/div><\/div><\/div><\/div><\/div><\/div><\/li><\/ul><p style=\"margin-bottom: 10px; color: #404040; font-family: Raleway, 'Helvetica Neue', helvetica, arial, sans-serif; background-color: rgba(0, 0, 0, 0.01);\">\u00a0<\/p>\t\t\t\t\t\t\t\t<\/div>\n\t\t\t\t<\/div>\n\t\t\t\t\t<\/div>\n\t\t<\/div>\n\t\t\t\t\t<\/div>\n\t\t<\/section>\n\t\t\t\t<section class=\"elementor-section elementor-top-section elementor-element elementor-element-1569380 elementor-section-boxed elementor-section-height-default elementor-section-height-default\" data-id=\"1569380\" data-element_type=\"section\">\n\t\t\t\t\t\t<div class=\"elementor-container elementor-column-gap-default\">\n\t\t\t\t\t<div class=\"elementor-column elementor-col-100 elementor-top-column elementor-element elementor-element-2c883f0\" data-id=\"2c883f0\" data-element_type=\"column\">\n\t\t\t<div class=\"elementor-widget-wrap elementor-element-populated\">\n\t\t\t\t\t\t<div class=\"elementor-element elementor-element-0db6326 elementor-widget elementor-widget-spacer\" data-id=\"0db6326\" data-element_type=\"widget\" data-widget_type=\"spacer.default\">\n\t\t\t\t<div class=\"elementor-widget-container\">\n\t\t\t\t\t\t\t<div class=\"elementor-spacer\">\n\t\t\t<div class=\"elementor-spacer-inner\"><\/div>\n\t\t<\/div>\n\t\t\t\t\t\t<\/div>\n\t\t\t\t<\/div>\n\t\t\t\t\t<\/div>\n\t\t<\/div>\n\t\t\t\t\t<\/div>\n\t\t<\/section>\n\t\t\t\t<section class=\"elementor-section elementor-top-section elementor-element elementor-element-06613aa elementor-section-boxed elementor-section-height-default elementor-section-height-default elementor-invisible\" data-id=\"06613aa\" data-element_type=\"section\" data-settings=\"{&quot;animation&quot;:&quot;fadeInRight&quot;}\">\n\t\t\t\t\t\t<div class=\"elementor-container elementor-column-gap-default\">\n\t\t\t\t\t<div class=\"elementor-column elementor-col-100 elementor-top-column elementor-element elementor-element-d868991\" data-id=\"d868991\" data-element_type=\"column\">\n\t\t\t<div class=\"elementor-widget-wrap elementor-element-populated\">\n\t\t\t\t\t\t<div class=\"elementor-element elementor-element-209759f elementor-widget elementor-widget-text-editor\" data-id=\"209759f\" data-element_type=\"widget\" data-widget_type=\"text-editor.default\">\n\t\t\t\t<div class=\"elementor-widget-container\">\n\t\t\t\t\t\t\t\t\t<h1><strong style=\"letter-spacing: 0px;\"><span style=\"color: #10242b;\">Saliha Hadna<\/span><\/strong><\/h1><h1><strong style=\"font-family: Catamaran, sans-serif; font-size: 15px; letter-spacing: 0px;\">Qui suis-je ?<\/strong><\/h1><p>Elle est docteure en sociologie et histoire des techniques, et chercheure associ\u00e9e au laboratoire\u00a0<a href=\"https:\/\/technique-societe.cnam.fr\/\">Histoire des Technosciences en Soci\u00e9t\u00e9 (HT2S)<\/a>\u00a0du Conservatoire national des arts et m\u00e9tiers (Cnam). Elle a soutenu une th\u00e8se intitul\u00e9e \u00ab\u00a0Suivi environnemental des anciennes mines d\u2019uranium : l\u2019usage de la concertation en situation de controverse. Deux \u00e9tudes de cas : La Commanderie (Vend\u00e9e\/Deux-S\u00e8vres) et Pen Ar Ran (Loire-Atlantique) \u00bb. Elle poursuit ses recherches sur l\u2019\u00e9volution de l\u2019expertise dans les controverses en sant\u00e9 et environnement, et pilote le Groupe de Recherche sur l\u2019Expertise en Environnement (GREE, Cnam).<\/p>\t\t\t\t\t\t\t\t<\/div>\n\t\t\t\t<\/div>\n\t\t\t\t\t<\/div>\n\t\t<\/div>\n\t\t\t\t\t<\/div>\n\t\t<\/section>\n\t\t\t\t<\/div>\n\t\t","protected":false},"excerpt":{"rendered":"<p>Xavier No\u00ebl Saliha Hadna Xavier No\u00ebl Qui suis-je ? Responsable de d\u00e9veloppement &#8211; Charg\u00e9 de la diffusion de la culture scientifique et technique Le P\u00f4le culture scientifique et technique du Cnam des Pays de la Loire propose une programmation de conf\u00e9rences-d\u00e9bats, s\u00e9minaires, rencontres, expositions, pour un acc\u00e8s \u00e0 la connaissance et la compr\u00e9hension des enjeux [&hellip;]<\/p>\n","protected":false},"author":1,"featured_media":0,"parent":0,"menu_order":0,"comment_status":"closed","ping_status":"closed","template":"","meta":{"footnotes":""},"class_list":["post-131","page","type-page","status-publish","hentry"],"_links":{"self":[{"href":"https:\/\/websie.cefe.cnrs.fr\/acte-citin\/wp-json\/wp\/v2\/pages\/131","targetHints":{"allow":["GET"]}}],"collection":[{"href":"https:\/\/websie.cefe.cnrs.fr\/acte-citin\/wp-json\/wp\/v2\/pages"}],"about":[{"href":"https:\/\/websie.cefe.cnrs.fr\/acte-citin\/wp-json\/wp\/v2\/types\/page"}],"author":[{"embeddable":true,"href":"https:\/\/websie.cefe.cnrs.fr\/acte-citin\/wp-json\/wp\/v2\/users\/1"}],"replies":[{"embeddable":true,"href":"https:\/\/websie.cefe.cnrs.fr\/acte-citin\/wp-json\/wp\/v2\/comments?post=131"}],"version-history":[{"count":8,"href":"https:\/\/websie.cefe.cnrs.fr\/acte-citin\/wp-json\/wp\/v2\/pages\/131\/revisions"}],"predecessor-version":[{"id":1200,"href":"https:\/\/websie.cefe.cnrs.fr\/acte-citin\/wp-json\/wp\/v2\/pages\/131\/revisions\/1200"}],"wp:attachment":[{"href":"https:\/\/websie.cefe.cnrs.fr\/acte-citin\/wp-json\/wp\/v2\/media?parent=131"}],"curies":[{"name":"wp","href":"https:\/\/api.w.org\/{rel}","templated":true}]}}